-- Softaculous SQL Dump
-- http://www.softaculous.com
--




--
-- Database: `boredbra_joom630`
--

-- --------------------------------------------------------

--
-- Table structure for table`jos_banner`
--

CREATE TABLE `jos_banner` (
  `bid` int(11) NOT NULL AUTO_INCREMENT,
  `cid` int(11) NOT NULL DEFAULT '0',
  `type` varchar(30) NOT NULL DEFAULT 'banner',
  `name` varchar(255) NOT NULL DEFAULT '',
  `alias` varchar(255) NOT NULL DEFAULT '',
  `imptotal` int(11) NOT NULL DEFAULT '0',
  `impmade` int(11) NOT NULL DEFAULT '0',
  `clicks` int(11) NOT NULL DEFAULT '0',
  `imageurl` varchar(100) NOT NULL DEFAULT '',
  `clickurl` varchar(200) NOT NULL DEFAULT '',
  `date` datetime DEFAULT NULL,
  `showBanner` tinyint(1) NOT NULL DEFAULT '0',
  `checked_out` tinyint(1) NOT NULL DEFAULT '0',
  `checked_out_time` datetime NOT NULL DEFAULT '0000-00-00 00:00:00',
  `editor` varchar(50) DEFAULT NULL,
  `custombannercode` text,
  `catid` int(10) unsigned NOT NULL DEFAULT '0',
  `description` text NOT NULL,
  `sticky` tinyint(1) unsigned NOT NULL DEFAULT '0',
  `ordering` int(11) NOT NULL DEFAULT '0',
  `publish_up` datetime NOT NULL DEFAULT '0000-00-00 00:00:00',
  `publish_down` datetime NOT NULL DEFAULT '0000-00-00 00:00:00',
  `tags` text NOT NULL,
  `params` text NOT NULL,
  PRIMARY KEY (`bid`),
  KEY `viewbanner` (`showBanner`),
  KEY `idx_banner_catid` (`catid`)
) ENGINE=MyISAM  DEFAULT CHARSET=utf8 AUTO_INCREMENT=3 ;

--
-- Dumping data for table 'jos_banner'
--

INSERT INTO `jos_banner` VALUES
(1, 1, '', 'Zoho Invoice', 'zoho-invoice', 0, 1378, 0, '', '', '2010-12-24 19:14:04', 1, 0, '0000-00-00 00:00:00', '', '<iframe src="https://affiliate.zoho.com/al?affcode=ZA6344&s=601&ad=eY0V4KMFqDQeuLa3&at=e&tc=1B6BBD&bg=FFFFFF&p=true&bc=FFFFFF" width="150" height="125" scrolling="no" marginwidth="0" frameborder="0"></iframe>\r\n<iframe src="https://affiliate.zoho.com/al?affcode=ZA6344&s=1&ad=zCQ7Zeqf3LTz6Csm&at=b&w=125&h=125" width="129" height="129" scrolling="no" border="0" marginwidth="0" frameborder="0"></iframe>', 11, '', 0, 1, '0000-00-00 00:00:00', '0000-00-00 00:00:00', '', 'width=0\nheight=0');

-- --------------------------------------------------------

--
-- Table structure for table`jos_bannerclient`
--

CREATE TABLE `jos_bannerclient` (
  `cid` int(11) NOT NULL AUTO_INCREMENT,
  `name` varchar(255) NOT NULL DEFAULT '',
  `contact` varchar(255) NOT NULL DEFAULT '',
  `email` varchar(255) NOT NULL DEFAULT '',
  `extrainfo` text NOT NULL,
  `checked_out` tinyint(1) NOT NULL DEFAULT '0',
  `checked_out_time` time DEFAULT NULL,
  `editor` varchar(50) DEFAULT NULL,
  PRIMARY KEY (`cid`)
) ENGINE=MyISAM  DEFAULT CHARSET=utf8 AUTO_INCREMENT=2 ;

--
-- Dumping data for table 'jos_bannerclient'
--

INSERT INTO `jos_bannerclient` VALUES
(1, 'Zoho Invoice', 'John', 'jreagan@boredbrains.net', '', 0, '00:00:00', '');

-- --------------------------------------------------------

--
-- Table structure for table`jos_bannertrack`
--

CREATE TABLE `jos_bannertrack` (
  `track_date` date NOT NULL,
  `track_type` int(10) unsigned NOT NULL,
  `banner_id` int(10) unsigned NOT NULL
) ENGINE=MyISAM DEFAULT CHARSET=utf8;

-- --------------------------------------------------------

--
-- Table structure for table`jos_categories`
--

CREATE TABLE `jos_categories` (
  `id` int(11) NOT NULL AUTO_INCREMENT,
  `parent_id` int(11) NOT NULL DEFAULT '0',
  `title` varchar(255) NOT NULL DEFAULT '',
  `name` varchar(255) NOT NULL DEFAULT '',
  `alias` varchar(255) NOT NULL DEFAULT '',
  `image` varchar(255) NOT NULL DEFAULT '',
  `section` varchar(50) NOT NULL DEFAULT '',
  `image_position` varchar(30) NOT NULL DEFAULT '',
  `description` text NOT NULL,
  `published` tinyint(1) NOT NULL DEFAULT '0',
  `checked_out` int(11) unsigned NOT NULL DEFAULT '0',
  `checked_out_time` datetime NOT NULL DEFAULT '0000-00-00 00:00:00',
  `editor` varchar(50) DEFAULT NULL,
  `ordering` int(11) NOT NULL DEFAULT '0',
  `access` tinyint(3) unsigned NOT NULL DEFAULT '0',
  `count` int(11) NOT NULL DEFAULT '0',
  `params` text NOT NULL,
  PRIMARY KEY (`id`),
  KEY `cat_idx` (`section`,`published`,`access`),
  KEY `idx_access` (`access`),
  KEY `idx_checkout` (`checked_out`)
) ENGINE=MyISAM  DEFAULT CHARSET=utf8 AUTO_INCREMENT=13 ;

--
-- Dumping data for table 'jos_categories'
--

INSERT INTO `jos_categories` VALUES
(1, 0, 'Recruiting Consulting', '', 'recruitconsulting', '', '2', 'left', 'This category outlines our Recruiting Consulting Service.  It also contains a request form.', 1, 0, '0000-00-00 00:00:00', NULL, 1, 0, 0, ''),
(2, 0, 'Zoho System Consulting', '', 'zohosysconsult', '', '1', 'left', 'This section provides a description of our business consulting services.  It provides links to client account services and request form.', 1, 0, '0000-00-00 00:00:00', NULL, 1, 0, 0, ''),
(4, 0, 'Technical Staffing Clients', '', 'techstaffingclients', '', '2', 'left', '', 1, 0, '0000-00-00 00:00:00', NULL, 2, 0, 0, ''),
(5, 0, 'About Us ', '', 'aboutus', '', '3', 'left', 'About us descriptions go here.', 1, 0, '0000-00-00 00:00:00', NULL, 1, 0, 0, ''),
(6, 0, 'Contact Us', '', 'contactus', '', '3', 'left', 'Contact information.', 1, 0, '0000-00-00 00:00:00', NULL, 2, 0, 0, ''),
(7, 0, 'Technical Staffing Candidates', '', 'techstaffcand', '', '2', 'left', 'Area for Candidates', 1, 0, '0000-00-00 00:00:00', NULL, 3, 0, 0, ''),
(8, 0, 'Current Zoho Solutions', '', 'comzohosol', '', '1', 'left', '', 1, 0, '0000-00-00 00:00:00', NULL, 2, 0, 0, ''),
(9, 0, 'Zoho Explained', '', 'zohoexplained', '', '1', 'left', '', 1, 0, '0000-00-00 00:00:00', NULL, 1, 0, 0, ''),
(10, 0, 'Project Information', '', 'projinfo', '', '5', 'left', '', 1, 0, '0000-00-00 00:00:00', NULL, 1, 1, 0, ''),
(11, 0, 'Zoho Ads', '', 'zoho-ads', '', 'com_banner', 'left', '', 1, 0, '0000-00-00 00:00:00', NULL, 1, 0, 0, ''),
(12, 0, 'BoredBrains Blog', '', 'boredbrains-observations', '', '6', 'left', 'This is where we blog about staffing, recruiting and things of interest.', 1, 0, '0000-00-00 00:00:00', NULL, 1, 0, 0, '');

-- --------------------------------------------------------

--
-- Table structure for table`jos_components`
--

CREATE TABLE `jos_components` (
  `id` int(11) NOT NULL AUTO_INCREMENT,
  `name` varchar(50) NOT NULL DEFAULT '',
  `link` varchar(255) NOT NULL DEFAULT '',
  `menuid` int(11) unsigned NOT NULL DEFAULT '0',
  `parent` int(11) unsigned NOT NULL DEFAULT '0',
  `admin_menu_link` varchar(255) NOT NULL DEFAULT '',
  `admin_menu_alt` varchar(255) NOT NULL DEFAULT '',
  `option` varchar(50) NOT NULL DEFAULT '',
  `ordering` int(11) NOT NULL DEFAULT '0',
  `admin_menu_img` varchar(255) NOT NULL DEFAULT '',
  `iscore` tinyint(4) NOT NULL DEFAULT '0',
  `params` text NOT NULL,
  `enabled` tinyint(4) NOT NULL DEFAULT '1',
  PRIMARY KEY (`id`),
  KEY `parent_option` (`parent`,`option`(32))
) ENGINE=MyISAM  DEFAULT CHARSET=utf8 AUTO_INCREMENT=50 ;

--
-- Dumping data for table 'jos_components'
--

INSERT INTO `jos_components` VALUES
(1, 'Banners', '', 0, 0, '', 'Banner Management', 'com_banners', 0, 'js/ThemeOffice/component.png', 0, 'track_impressions=0\ntrack_clicks=0\ntag_prefix=\n\n', 1),
(2, 'Banners', '', 0, 1, 'option=com_banners', 'Active Banners', 'com_banners', 1, 'js/ThemeOffice/edit.png', 0, '', 1),
(3, 'Clients', '', 0, 1, 'option=com_banners&c=client', 'Manage Clients', 'com_banners', 2, 'js/ThemeOffice/categories.png', 0, '', 1),
(4, 'Web Links', 'option=com_weblinks', 0, 0, '', 'Manage Weblinks', 'com_weblinks', 0, 'js/ThemeOffice/component.png', 0, 'show_comp_description=1\ncomp_description=\nshow_link_hits=1\nshow_link_description=1\nshow_other_cats=1\nshow_headings=1\nshow_page_title=1\nlink_target=0\nlink_icons=\n\n', 1),
(5, 'Links', '', 0, 4, 'option=com_weblinks', 'View existing weblinks', 'com_weblinks', 1, 'js/ThemeOffice/edit.png', 0, '', 1),
(6, 'Categories', '', 0, 4, 'option=com_categories&section=com_weblinks', 'Manage weblink categories', '', 2, 'js/ThemeOffice/categories.png', 0, '', 1),
(7, 'Contacts', 'option=com_contact', 0, 0, '', 'Edit contact details', 'com_contact', 0, 'js/ThemeOffice/component.png', 1, 'contact_icons=0\nicon_address=\nicon_email=\nicon_telephone=\nicon_fax=\nicon_misc=\nshow_headings=1\nshow_position=1\nshow_email=0\nshow_telephone=1\nshow_mobile=1\nshow_fax=1\nbannedEmail=\nbannedSubject=\nbannedText=\nsession=1\ncustomReply=0\n\n', 1),
(8, 'Contacts', '', 0, 7, 'option=com_contact', 'Edit contact details', 'com_contact', 0, 'js/ThemeOffice/edit.png', 1, '', 1),
(9, 'Categories', '', 0, 7, 'option=com_categories&section=com_contact_details', 'Manage contact categories', '', 2, 'js/ThemeOffice/categories.png', 1, 'contact_icons=0\nicon_address=\nicon_email=\nicon_telephone=\nicon_fax=\nicon_misc=\nshow_headings=1\nshow_position=1\nshow_email=0\nshow_telephone=1\nshow_mobile=1\nshow_fax=1\nbannedEmail=\nbannedSubject=\nbannedText=\nsession=1\ncustomReply=0\n\n', 1),
(10, 'Polls', 'option=com_poll', 0, 0, 'option=com_poll', 'Manage Polls', 'com_poll', 0, 'js/ThemeOffice/component.png', 0, '', 1),
(11, 'News Feeds', 'option=com_newsfeeds', 0, 0, '', 'News Feeds Management', 'com_newsfeeds', 0, 'js/ThemeOffice/component.png', 0, '', 1),
(12, 'Feeds', '', 0, 11, 'option=com_newsfeeds', 'Manage News Feeds', 'com_newsfeeds', 1, 'js/ThemeOffice/edit.png', 0, 'show_headings=1\nshow_name=1\nshow_articles=1\nshow_link=1\nshow_cat_description=1\nshow_cat_items=1\nshow_feed_image=1\nshow_feed_description=1\nshow_item_description=1\nfeed_word_count=0\n\n', 1),
(13, 'Categories', '', 0, 11, 'option=com_categories&section=com_newsfeeds', 'Manage Categories', '', 2, 'js/ThemeOffice/categories.png', 0, '', 1),
(14, 'User', 'option=com_user', 0, 0, '', '', 'com_user', 0, '', 1, '', 1),
(15, 'Search', 'option=com_search', 0, 0, 'option=com_search', 'Search Statistics', 'com_search', 0, 'js/ThemeOffice/component.png', 1, 'enabled=0\n\n', 1),
(16, 'Categories', '', 0, 1, 'option=com_categories&section=com_banner', 'Categories', '', 3, '', 1, '', 1),
(17, 'Wrapper', 'option=com_wrapper', 0, 0, '', 'Wrapper', 'com_wrapper', 0, '', 1, '', 1),
(18, 'Mail To', '', 0, 0, '', '', 'com_mailto', 0, '', 1, '', 1),
(19, 'Media Manager', '', 0, 0, 'option=com_media', 'Media Manager', 'com_media', 0, '', 1, 'upload_extensions=bmp,csv,doc,epg,gif,ico,jpg,odg,odp,ods,odt,pdf,png,ppt,swf,txt,xcf,xls,BMP,CSV,DOC,EPG,GIF,ICO,JPG,ODG,ODP,ODS,ODT,PDF,PNG,PPT,SWF,TXT,XCF,XLS\nupload_maxsize=10000000\nfile_path=images\nimage_path=images/stories\nrestrict_uploads=1\nallowed_media_usergroup=3\ncheck_mime=1\nimage_extensions=bmp,gif,jpg,png\nignore_extensions=\nupload_mime=image/jpeg,image/gif,image/png,image/bmp,application/x-shockwave-flash,application/msword,application/excel,application/pdf,application/powerpoint,text/plain,application/x-zip\nupload_mime_illegal=text/html\nenable_flash=0\n\n', 1),
(20, 'Articles', 'option=com_content', 0, 0, '', '', 'com_content', 0, '', 1, 'show_noauth=0\nshow_title=1\nlink_titles=0\nshow_intro=0\nshow_section=0\nlink_section=0\nshow_category=0\nlink_category=0\nshow_author=0\nshow_create_date=0\nshow_modify_date=0\nshow_item_navigation=0\nshow_readmore=0\nshow_vote=0\nshow_icons=0\nshow_pdf_icon=0\nshow_print_icon=0\nshow_email_icon=0\nshow_hits=0\nfeed_summary=0\nfilter_groups=29|18|19|20|21|30|23|24\nfilter_tags=\nfilter_attritbutes=\n\n', 1),
(21, 'Configuration Manager', '', 0, 0, '', 'Configuration', 'com_config', 0, '', 1, '', 1),
(22, 'Installation Manager', '', 0, 0, '', 'Installer', 'com_installer', 0, '', 1, '', 1),
(23, 'Language Manager', '', 0, 0, '', 'Languages', 'com_languages', 0, '', 1, '', 1),
(24, 'Mass mail', '', 0, 0, '', 'Mass Mail', 'com_massmail', 0, '', 1, 'mailSubjectPrefix=\nmailBodySuffix=\n\n', 1),
(25, 'Menu Editor', '', 0, 0, '', 'Menu Editor', 'com_menus', 0, '', 1, '', 1),
(27, 'Messaging', '', 0, 0, '', 'Messages', 'com_messages', 0, '', 1, '', 1),
(28, 'Modules Manager', '', 0, 0, '', 'Modules', 'com_modules', 0, '', 1, '', 1),
(29, 'Plugin Manager', '', 0, 0, '', 'Plugins', 'com_plugins', 0, '', 1, '', 1),
(30, 'Template Manager', '', 0, 0, '', 'Templates', 'com_templates', 0, '', 1, '', 1),
(31, 'User Manager', '', 0, 0, '', 'Users', 'com_users', 0, '', 1, 'allowUserRegistration=1\nnew_usertype=Registered\nuseractivation=1\nfrontend_userparams=1\n\n', 1),
(32, 'Cache Manager', '', 0, 0, '', 'Cache', 'com_cache', 0, '', 1, '', 1),
(33, 'Control Panel', '', 0, 0, '', 'Control Panel', 'com_cpanel', 0, '', 1, '', 1),
(34, 'noixACL', 'option=com_noixacl', 0, 0, 'option=com_noixacl', 'noixACL', 'com_noixacl', 0, 'js/ThemeOffice/component.png', 0, '', 1),
(35, 'Manage Groups', '', 0, 34, 'option=com_noixacl&controller=groups', 'Manage Groups', 'com_noixacl', 0, 'js/ThemeOffice/component.png', 0, '', 1),
(36, 'Manage Levels', '', 0, 34, 'option=com_noixacl&controller=accesslevels', 'Manage Levels', 'com_noixacl', 1, 'js/ThemeOffice/component.png', 0, '', 1),
(37, 'Manage Users', '', 0, 34, 'option=com_noixacl&controller=aclusers', 'Manage Users', 'com_noixacl', 2, 'js/ThemeOffice/component.png', 0, '', 1),
(38, 'Adapters', '', 0, 34, 'option=com_noixacl&controller=adapters', 'Adapters', 'com_noixacl', 3, 'js/ThemeOffice/component.png', 0, '', 1),
(39, 'About', '', 0, 34, 'option=com_noixacl&controller=noixacl', 'About', 'com_noixacl', 4, 'js/ThemeOffice/component.png', 0, '', 1),
(41, 'virtuemart_version', '', 0, 9999, '', '', '', 0, '', 0, 'RELEASE=1.1.6\nDEV_STATUS=stable', 1),
(42, 'JComments', 'option=com_jcomments', 0, 0, 'option=com_jcomments', 'JComments', 'com_jcomments', 0, 'components/com_jcomments/assets/jcomments16x16.png', 0, 'object_group=com_jcomments\nobject_id=1\n', 1),
(43, 'Manage comments', '', 0, 42, 'option=com_jcomments&task=comments', 'Manage comments', 'com_jcomments', 0, 'components/com_jcomments/assets/comments16x16.png', 0, '', 1),
(44, 'Settings', '', 0, 42, 'option=com_jcomments&task=settings', 'Settings', 'com_jcomments', 1, 'components/com_jcomments/assets/settings16x16.png', 0, '', 1),
(45, 'Smiles', '', 0, 42, 'option=com_jcomments&task=smiles', 'Smiles', 'com_jcomments', 2, 'components/com_jcomments/assets/smiles16x16.png', 0, '', 1),
(46, 'Subscriptions', '', 0, 42, 'option=com_jcomments&task=subscriptions', 'Subscriptions', 'com_jcomments', 3, 'components/com_jcomments/assets/subscriptions16x16.png', 0, '', 1),
(47, 'Custom BBCode', '', 0, 42, 'option=com_jcomments&task=custombbcodes', 'Custom BBCode', 'com_jcomments', 4, 'components/com_jcomments/assets/custombbcodes16x16.png', 0, '', 1),
(48, 'Import', '', 0, 42, 'option=com_jcomments&task=import', 'Import', 'com_jcomments', 5, 'components/com_jcomments/assets/import16x16.png', 0, '', 1),
(49, 'About', '', 0, 42, 'option=com_jcomments&task=about', 'About', 'com_jcomments', 6, 'components/com_jcomments/assets/jcomments16x16.png', 0, '', 1);

-- --------------------------------------------------------

--
-- Table structure for table`jos_contact_details`
--

CREATE TABLE `jos_contact_details` (
  `id` int(11) NOT NULL AUTO_INCREMENT,
  `name` varchar(255) NOT NULL DEFAULT '',
  `alias` varchar(255) NOT NULL DEFAULT '',
  `con_position` varchar(255) DEFAULT NULL,
  `address` text,
  `suburb` varchar(100) DEFAULT NULL,
  `state` varchar(100) DEFAULT NULL,
  `country` varchar(100) DEFAULT NULL,
  `postcode` varchar(100) DEFAULT NULL,
  `telephone` varchar(255) DEFAULT NULL,
  `fax` varchar(255) DEFAULT NULL,
  `misc` mediumtext,
  `image` varchar(255) DEFAULT NULL,
  `imagepos` varchar(20) DEFAULT NULL,
  `email_to` varchar(255) DEFAULT NULL,
  `default_con` tinyint(1) unsigned NOT NULL DEFAULT '0',
  `published` tinyint(1) unsigned NOT NULL DEFAULT '0',
  `checked_out` int(11) unsigned NOT NULL DEFAULT '0',
  `checked_out_time` datetime NOT NULL DEFAULT '0000-00-00 00:00:00',
  `ordering` int(11) NOT NULL DEFAULT '0',
  `params` text NOT NULL,
  `user_id` int(11) NOT NULL DEFAULT '0',
  `catid` int(11) NOT NULL DEFAULT '0',
  `access` tinyint(3) unsigned NOT NULL DEFAULT '0',
  `mobile` varchar(255) NOT NULL DEFAULT '',
  `webpage` varchar(255) NOT NULL DEFAULT '',
  PRIMARY KEY (`id`),
  KEY `catid` (`catid`)
) ENGINE=MyISAM DEFAULT CHARSET=utf8 AUTO_INCREMENT=1 ;

-- --------------------------------------------------------

--
-- Table structure for table`jos_content`
--

CREATE TABLE `jos_content` (
  `id` int(11) unsigned NOT NULL AUTO_INCREMENT,
  `title` varchar(255) NOT NULL DEFAULT '',
  `alias` varchar(255) NOT NULL DEFAULT '',
  `title_alias` varchar(255) NOT NULL DEFAULT '',
  `introtext` mediumtext NOT NULL,
  `fulltext` mediumtext NOT NULL,
  `state` tinyint(3) NOT NULL DEFAULT '0',
  `sectionid` int(11) unsigned NOT NULL DEFAULT '0',
  `mask` int(11) unsigned NOT NULL DEFAULT '0',
  `catid` int(11) unsigned NOT NULL DEFAULT '0',
  `created` datetime NOT NULL DEFAULT '0000-00-00 00:00:00',
  `created_by` int(11) unsigned NOT NULL DEFAULT '0',
  `created_by_alias` varchar(255) NOT NULL DEFAULT '',
  `modified` datetime NOT NULL DEFAULT '0000-00-00 00:00:00',
  `modified_by` int(11) unsigned NOT NULL DEFAULT '0',
  `checked_out` int(11) unsigned NOT NULL DEFAULT '0',
  `checked_out_time` datetime NOT NULL DEFAULT '0000-00-00 00:00:00',
  `publish_up` datetime NOT NULL DEFAULT '0000-00-00 00:00:00',
  `publish_down` datetime NOT NULL DEFAULT '0000-00-00 00:00:00',
  `images` text NOT NULL,
  `urls` text NOT NULL,
  `attribs` text NOT NULL,
  `version` int(11) unsigned NOT NULL DEFAULT '1',
  `parentid` int(11) unsigned NOT NULL DEFAULT '0',
  `ordering` int(11) NOT NULL DEFAULT '0',
  `metakey` text NOT NULL,
  `metadesc` text NOT NULL,
  `access` int(11) unsigned NOT NULL DEFAULT '0',
  `hits` int(11) unsigned NOT NULL DEFAULT '0',
  `metadata` text NOT NULL,
  PRIMARY KEY (`id`),
  KEY `idx_section` (`sectionid`),
  KEY `idx_access` (`access`),
  KEY `idx_checkout` (`checked_out`),
  KEY `idx_state` (`state`),
  KEY `idx_catid` (`catid`),
  KEY `idx_createdby` (`created_by`)
) ENGINE=MyISAM  DEFAULT CHARSET=utf8 AUTO_INCREMENT=45 ;

--
-- Dumping data for table 'jos_content'
--

INSERT INTO `jos_content` VALUES
(1, 'Welcome To BoredBrains.net', 'welcome', '', '<p><span style="color: #; font-family: ''trebuchet MS'', sans-serif; font-size: 16px;">Well, you have caught us at a very interesting time.  We are currently in the process of establishing a contingent staffing and technical consulting company.  As we bring our systems online you will be able to do most of your interactions via our website.  As we do believe in the consultative model please feel free to reach out to us directly via phone as well.  Keep checking back as we will be updating regularly.</span></p>\r\n<p> </p>\r\n<p><span style="color: #; font-family: ''trebuchet MS'', sans-serif; font-size: 16px;"><span style="font-family: ''trebuchet MS'', sans-serif; font-size: medium;"><span style="font-size: 16px;">&lt;div style="height:400px;"&gt;&lt;iframe style=''overflow:hidden;width:100%;height:100%;'' frameborder=''0'' border=''0'' src="http://chat.zoho.com/mychat.sas?u=6b89478fff527deaea2027e92aaa068b&amp;chaturl=BoredBrains&amp;V=000000-6495ED-eff4f9-70a9e1-How%20can%20we%20help%20you?"&gt;&lt;/iframe&gt;&lt;/div&gt;</span></span></span></p>', '', -2, 0, 0, 0, '2010-11-22 05:01:14', 62, '', '2010-11-22 05:01:14', 62, 0, '0000-00-00 00:00:00', '2010-11-22 00:00:00', '0000-00-00 00:00:00', '', '', 'show_title=\nlink_titles=\nshow_intro=\nshow_section=\nlink_section=\nshow_category=\nlink_category=\nshow_vote=\nshow_author=\nshow_create_date=\nshow_modify_date=\nshow_pdf_icon=\nshow_print_icon=\nshow_email_icon=\nlanguage=\nkeyref=\nreadmore=', 4, 0, 0, '', '', 0, 0, 'robots=\nauthor='),
(2, 'Chat', 'chat', '', '<div style="height:400px;"><iframe style=''overflow:hidden;width:100%;height:100%;'' frameborder=''0'' border=''0'' src="http://chat.zoho.com/mychat.sas?u=6b89478fff527deaea2027e92aaa068b&chaturl=BoredBrains&V=000000-6495ED-eff4f9-70a9e1-How%20can%20we%20help%20you?"></iframe></div>', '', -2, 0, 0, 0, '2010-11-22 05:06:32', 62, '', '2010-11-22 05:08:33', 62, 0, '0000-00-00 00:00:00', '2010-11-22 05:06:32', '0000-00-00 00:00:00', '', '', 'show_title=\nlink_titles=\nshow_intro=\nshow_section=\nlink_section=\nshow_category=\nlink_category=\nshow_vote=\nshow_author=\nshow_create_date=\nshow_modify_date=\nshow_pdf_icon=\nshow_print_icon=\nshow_email_icon=\nlanguage=\nkeyref=\nreadmore=', 2, 0, 0, '', '', 0, 0, 'robots=\nauthor='),
(3, 'Account Information for The CPC', 'cpcclient', '', '<html>\r\n<br />\r\n<iframe height=''500px'' width=''100%'' name=''zoho-All_Tasks_View'' frameborder=''0'' scrolling=''auto'' allowTransparency =''true'' src=''https://creator.zoho.com/reaganeering/project-manager-plus/view-embed/All_Tasks_View/td0VbNyjvRy94ET7WuDD9afm15pJAS7HRwCXMEv8Q3npxm6aevFNTBZR47xBBkCCyzyQOSr4adx7QnvgqBwu2D9UpDXPvPC9MPjv/paging=false&search=false''></iframe>\r\n</br>\r\n\r\n<br />\r\n<iframe height=''500px'' width=''100%'' name=''zoho-Client_Information1'' frameborder=''0'' scrolling=''auto'' allowTransparency =''true'' src=''https://creator.zoho.com/reaganeering/mmddb/view-embed/Client_Information1/jvXjjR7xmRYdnCHR8DJTTtGRqTkbSxO4pq7uJVF8XHOn4HbRmC5OtOZDSUMgTNnTJRMJmYEvCwTkmB2OegAEMFDspQAKFKCGUHav/&search=false&recSumry=false''></iframe>\r\n</br>\r\n</html>', '', -2, 1, 0, 2, '2010-11-22 07:04:30', 62, '', '2010-11-22 15:18:56', 62, 0, '0000-00-00 00:00:00', '2010-11-22 07:04:30', '0000-00-00 00:00:00', '', '', 'show_title=\nlink_titles=\nshow_intro=\nshow_section=\nlink_section=\nshow_category=\nlink_category=\nshow_vote=\nshow_author=\nshow_create_date=\nshow_modify_date=\nshow_pdf_icon=\nshow_print_icon=\nshow_email_icon=\nlanguage=\nkeyref=\nreadmore=', 5, 0, 0, '', '', 0, 0, 'robots=\nauthor='),
(4, 'Welcome to BoredBrains.net', 'welcome-to-boredbrainsnet', '', '<html>\r\n\r\n<body>\r\n\r\n<h2><font color="black" style="font-family: ''Tahoma''; font-size: 24px"><em>What is a BoredBrain?</em></font>\r\n</h2>\r\n\r\n<img src="images/boredbrains/brain.power-big.jpg" align="right" height="225" width="200">\r\n<br />\r\n<font style="font-size: 16px"; color="black"; face="tahoma">&nbsp;&nbsp; &nbsp;&nbsp;&nbsp;&nbsp; &nbsp;&nbsp;&nbsp;&nbsp;Do you feel the need to find more challenges in your career?&nbsp;&nbsp;Does your thirst for knowledge go beyond just the issues at hand?&nbsp;&nbsp;These could be indicators that you are a BoredBrain.&nbsp;&nbsp;If you think you might be a BoredBrain, please review our open positions.&nbsp;&nbsp;You can also contact us directly for further confirmation. </font><br />  <br/>\r\n<font style="font-size: 16px"; color="black"; face="tahoma"><i>\r\n&nbsp;&nbsp; &nbsp;&nbsp;&nbsp;&nbsp; &nbsp;&nbsp;&nbsp;&nbsp;A BoredBrain is one that is always looking for knowledge, seeking out the answers to problems large and small across many disciplines.</i>\r\n<br />\r\n<h3><font color="black" style="font-famliy: ''Tahoma''; font-size: 18px">Are you looking for a BoredBrain?</font></h3>\r\n&nbsp;&nbsp; &nbsp;&nbsp;&nbsp;&nbsp; &nbsp;&nbsp;&nbsp;&nbsp;Many companies do not realize that the best hires in their companies are BoredBrain hires.&nbsp;&nbsp; BoredBrains are looking for new challenges.&nbsp;&nbsp;They are looking to apply their current knowledge and experience to your business issues, and contribute beyond what their job duties are because BoredBrains are not status quo types.&nbsp;&nbsp; Over a decade of technology and professional staffing experience has shown us that when a company hires a BoredBrain for their professional positions, they not only gain a contributor, but a true industry leader.  <br /><br/>\r\n<h3><font color="black" style="font-famliy: ''Tahoma''; font-size: 18px">Why BoredBrains.net?</font></h3>\r\n&nbsp;&nbsp; &nbsp;&nbsp;&nbsp;&nbsp; &nbsp;&nbsp;&nbsp;&nbsp;BoredBrains.net is a creation of industry professionals with decades of experience in the Technology and Human Resource disciplines - we are the experts because we are all previous programmers, recruiters and sales professionals who are here to apply our collective experience to your individual staffing and recruiting success!<br /> <br />\r\n\r\n&nbsp;&nbsp;&nbsp;&nbsp;&nbsp;&nbsp;&nbsp;&nbsp;&nbsp;&nbsp;As we have been candidates ourselves, we fully understand how overwhelming a job search can be from the candidate''s perspective, and also how costly a candidate search can be for your business.&nbsp;&nbsp;At boredbrains you will find industry experts who have worked with every size business from Fortune 500 down to the hottest fresh-minted start-up.&nbsp;&nbsp;We understand the dilemma most recruiting agencies bring by charging premium rates and delivering candidates to clients who are inadequately matched to their business needs, under-qualified, or just do not fit the company''s culture.<br /><br />\r\n<font style="font-size: 16px"; color="black"; face="tahoma"><b>\r\n&nbsp;&nbsp; &nbsp;&nbsp;&nbsp;&nbsp;&nbsp;&nbsp;&nbsp;&nbsp;<p style="text-align: center;">Put BoredBrains.net to work finding the expert talent you need for your business.</b></p></font><br />\r\n\r\n<br />\r\n</font>\r\n\r\n\r\n</body>\r\n</html>', '', 1, 2, 0, 1, '2010-12-06 01:15:24', 62, '', '2011-03-28 04:33:58', 62, 0, '0000-00-00 00:00:00', '2010-12-06 01:15:24', '0000-00-00 00:00:00', '', '', 'show_title=0\nlink_titles=\nshow_intro=\nshow_section=\nlink_section=\nshow_category=\nlink_category=\nshow_vote=\nshow_author=\nshow_create_date=\nshow_modify_date=\nshow_pdf_icon=\nshow_print_icon=\nshow_email_icon=\nlanguage=\nkeyref=\nreadmore=', 104, 0, 1, '', '', 0, 105, 'robots=\nauthor='),
(18, 'About Us ', 'about-us-', '', '<html>\r\n<body>\r\nBeing built, please be patient.  Thank you.\r\n</body>\r\n</html>', '', 1, 3, 0, 5, '2011-02-10 17:31:15', 62, '', '0000-00-00 00:00:00', 0, 0, '0000-00-00 00:00:00', '2011-02-10 17:31:15', '0000-00-00 00:00:00', '', '', 'show_title=\nlink_titles=\nshow_intro=\nshow_section=\nlink_section=\nshow_category=\nlink_category=\nshow_vote=\nshow_author=\nshow_create_date=\nshow_modify_date=\nshow_pdf_icon=\nshow_print_icon=\nshow_email_icon=\nlanguage=\nkeyref=\nreadmore=', 1, 0, 1, '', '', 0, 183, 'robots=\nauthor='),
(5, 'Staffing Introduction', 'staffing-introduction', '', '<html>\r\n<body>\r\n<h2 align="center"><font color="black" style="font-family: ''Tahoma''; font-size: 24px"><em>We strive to integrate honesty, integrity and genuine concern in to all of our interactions.</em></font></h2>\r\n\r\n<div> \r\n\r\n<img src="images/boredbrains/integrity.jpg" align="right" height="350" width="300"><div>\r\n<div align="left"> \r\n &nbsp;&nbsp; <br /> \r\n<font style="font-size: 16px"; color="black"; face="tahoma">&nbsp;&nbsp;  &nbsp;&nbsp;  &nbsp;&nbsp;  &nbsp;&nbsp;  &nbsp;&nbsp; We are focusing our efforts on technical staffing requirements for our clients. &nbsp;Our 15 years of combined experience in technology and technology staffing helps us to formulate appropriate strategies for your needs. &nbsp;We are also providing an alternative value by using less tapped resources in our sourcing efforts. &nbsp;This combined with our extensive professional network allows us to find the best possible fits for your culture and specific needs. &nbsp;<br />\r\n&nbsp;&nbsp;  &nbsp;&nbsp;  &nbsp;&nbsp;  &nbsp;&nbsp;  &nbsp;&nbsp; We work on a contingency basis on your direct hire opportunities. &nbsp;This means your company has no risk in signing with BoredBrains.net to help in your staffing efforts. &nbsp;We operate at the highest level of ethics and integrity, this means your company will always be represented in the best possible manner. &nbsp;The combination of no risk and high standards makes us the logical choice.\r\n<br />\r\n<br />\r\n<div align="center"><a href="http://www.boredbrains.net/dir/index.php?option=com_content&view=article&id=6&Itemid=9">For Staffing Clients</a> &nbsp;&nbsp;&nbsp;&nbsp;<a href="http://www.boredbrains.net/dir/index.php?option=com_content&view=article&id=17&Itemid=29">Contact Form</a></font></div>\r\n</body>\r\n</html>', '', 1, 2, 0, 4, '2010-12-06 01:33:16', 62, '', '2011-03-16 19:08:29', 62, 0, '0000-00-00 00:00:00', '2010-12-06 01:33:16', '0000-00-00 00:00:00', '', '', 'show_title=0\nlink_titles=\nshow_intro=\nshow_section=\nlink_section=\nshow_category=\nlink_category=\nshow_vote=\nshow_author=\nshow_create_date=\nshow_modify_date=\nshow_pdf_icon=\nshow_print_icon=\nshow_email_icon=\nlanguage=\nkeyref=\nreadmore=', 23, 0, 1, '', '', 0, 480, 'robots=\nauthor='),
(6, 'Tech Staffing Services', 'tech-staffing-services', '', '<h2 align="center"><font color="black" style="font-family: ''Tahoma''; font-size: 24px"><em>We dedicate our time and resources to your recruiting needs.  </em></font></h2>\r\n<td> \r\n<div></div></td></tr> \r\n<tr valign="top"> \r\n<td> \r\n<img src="images/boredbrains/handshake.jpg" align="right" height="425" width="175">\r\n<div align="left"> \r\n &nbsp;&nbsp; <br /> \r\n<font style="font-size: 16px"; color="black"; face="tahoma">&nbsp;&nbsp;&nbsp;&nbsp;&nbsp;&nbsp;&nbsp;&nbsp;&nbsp;&nbsp; At BoredBrains.net we embrace the vision that among your company''s most important assets are your customer base, and also the pool of business talent that you accumulate through your HR choices, both current and future.&nbsp;&nbsp;Our strategy is unique because we have learned from years of experience that the true secret of business success is found in focusing on balancing the needs of both of these two major contributing groups.<br /><br />\r\n \r\n&nbsp;&nbsp;&nbsp;&nbsp;&nbsp;&nbsp;&nbsp;&nbsp;&nbsp;&nbsp; Once these best practices are understood to be foundational to the success of your business, it becomes imperative to develop and establish policies in alignment with these concepts.&nbsp;&nbsp;As a result of the Boredbrains.net vision, and our years of industry expertise, we have structured a truly customer-centric service model which will show you exactly how you can bring these two often disparate groups into a model of convergence, efficiency, and maximum return-on-investment for your Human Resource department.<br /><br />\r\n&nbsp;&nbsp;&nbsp;&nbsp;&nbsp;&nbsp;&nbsp;&nbsp;&nbsp;&nbsp;Matching the needs and requirements of your customer base to your employee culture and business identity is critical to your success, and we are here to ensure you enjoy every advantage over your competitors!<br /><br />\r\n\r\n&nbsp;&nbsp;&nbsp;&nbsp;&nbsp;&nbsp;&nbsp;&nbsp;&nbsp;&nbsp;At Boredbrains.net, we utilize a single-point of contact model;  this means your executive recruiter will take the time and effort to get to know your company intimately, in order to accurately assess your human resource needs and act as a partner.&nbsp;&nbsp;Our recruiters always work in a one-on-one relationship with our clients, and our goal is to alleviate the pressure of hiring from HR Managers, HRBPs, Hiring Managers and the company as a whole.  \r\n<br />  \r\n<br />\r\n&nbsp;&nbsp;  &nbsp;&nbsp;  &nbsp;&nbsp;  &nbsp;&nbsp;&nbsp;&nbsp;We are looking for select clients who will benefit from our dedicated time and attention.&nbsp;&nbsp;If you have need to hire 4 or more technical professionals per month, let us take that pressure off you.&nbsp;&nbsp;Please take a moment to complete our registration form for a free quote from an expert Boredbrains account manager today!<br /><br />\r\n<hr color="grey"/><br /><br />\r\n<iframe height=''750px'' width=''100%'' name=''zoho-Web_Contact'' frameborder=''0'' allowTransparency=''true'' scrolling=''auto'' src=''https://creator.zoho.com/reaganeering/bbwebcontact/form-embed/Web_Contact/mqgzAJ0Qn4J9Bvy1PrHU6UAH0C5fUYuKkM5yR5m1GyRRvWmpVDwhwUkkOd6w3q2sy4SbtDOYJFpCg7d3wXd9tJpHjHC6JFzqFvfS/zc_Header=false&zc_SuccMsg=Thank you for your request.  We will be in contact as soon as possible to discuss your needs.''></iframe>\r\n\r\n</font><br />', '', 1, 2, 0, 4, '2010-12-06 01:44:13', 62, '', '2011-03-27 22:09:16', 62, 0, '0000-00-00 00:00:00', '2010-12-06 01:44:13', '0000-00-00 00:00:00', '', '', 'show_title=0\nlink_titles=\nshow_intro=\nshow_section=\nlink_section=\nshow_category=\nlink_category=\nshow_vote=\nshow_author=\nshow_create_date=\nshow_modify_date=\nshow_pdf_icon=\nshow_print_icon=\nshow_email_icon=\nlanguage=\nkeyref=\nreadmore=', 27, 0, 2, '', '', 0, 1367, 'robots=\nauthor='),
(7, 'Open Positions', 'open-positions', '', '<h2 align="center"><font color="black" style="font-family: ''Tahoma''; font-size: 24px"><em>Available Opportunities.</em></font></h2>\r\n\r\n<iframe style=''overflow:auto;width:100%;height:1000px; font: font-family: Tahoma'' frameborder=''0'' border=''0'' src=''https://recruit.zoho.com/ats/EmbedResult.hr?jodigest=eZbJNWFTvOGoa.GQvkUh*Fhc44E0E0mtHLzUnhElAkQ-&atslocale=en_US''></iframe>', '', 1, 2, 0, 7, '2010-12-06 02:07:26', 62, '', '2011-02-05 17:57:53', 62, 0, '0000-00-00 00:00:00', '2010-12-06 02:07:26', '0000-00-00 00:00:00', '', '', 'show_title=0\nlink_titles=\nshow_intro=\nshow_section=\nlink_section=\nshow_category=\nlink_category=\nshow_vote=\nshow_author=\nshow_create_date=\nshow_modify_date=\nshow_pdf_icon=\nshow_print_icon=\nshow_email_icon=\nlanguage=\nkeyref=\nreadmore=', 7, 0, 2, '', '', 0, 1430, 'robots=\nauthor='),
(8, 'For Candidates', 'for-candidates', '', '<h2 align="center"><font color="black" style="font-family: ''Tahoma''; font-size: 24px"><em>We want to learn about you.</em></font></h2>\r\n<img src="images/boredbrains/electricbrain.jpg" align="right" height="250" width="200">\r\n<br />\r\n<font style="font-size: 16px"; color="black"; face="tahoma">&nbsp;&nbsp;&nbsp;&nbsp;&nbsp;&nbsp;&nbsp;&nbsp;Since we believe that there is a person behind the job search not just a resume, we work to understand our candidates.</font><br /> \r\n<br />\r\n<ul>\r\n<li>What are they looking for in a new project?</li><br />  \r\n\r\n<li>What things motivate them?</li><br />  \r\n\r\n<li>What positions and companies best fit their interest and experience?</li>\r\n</ul> <br />\r\n<br />\r\n<font style="font-size: 16px"; color="black"; face="tahoma">&nbsp;&nbsp;&nbsp;&nbsp;&nbsp;&nbsp;&nbsp;&nbsp;&nbsp;&nbsp;Starting from your initial resume submittal, we will strive to keep you informed of exactly where you are in the hiring process.&nbsp;&nbsp;You will first receive an automated response email upon successfully submitting your information.<br /><br />\r\n&nbsp;&nbsp;&nbsp;&nbsp;&nbsp;&nbsp;&nbsp;&nbsp;&nbsp;&nbsp;Within 48 hours your resume will be reviewed by a live consultant, not just floating around in a black hole.&nbsp;&nbsp;The consultant will personally review your resume for a potential match with the position for which you applied, as well as any other positions which might be of interest to you.&nbsp;&nbsp;The consultant will personally respond to your resume submittal and coordinate any next steps or actions that might be required.<br /><br />\r\n&nbsp;&nbsp;&nbsp;&nbsp;&nbsp;&nbsp;&nbsp;&nbsp;&nbsp;&nbsp;For candidates who have made it through our interview process and have been forwarded to clients for review, we will maintain contact.&nbsp;&nbsp;We will not leave you hanging in space wondering, "What ever happened with that position?".&nbsp;&nbsp;If we have an update we will contact you immediately.&nbsp;&nbsp;If we are waiting for a response we will let you know.&nbsp;&nbsp;Either way, you will know we are still here.<br /><br />\r\n\r\n&nbsp;&nbsp;&nbsp;&nbsp;&nbsp;&nbsp;&nbsp;&nbsp;&nbsp;&nbsp;Our candidates will not be sent blanket emails displaying opportunities that have little to no relevance to them and their interests.  Every contact with a BoredBrains.net consultant will be relevant to your experience and needs.<br /><br />  \r\n\r\n&nbsp;&nbsp;&nbsp;&nbsp;&nbsp;&nbsp;&nbsp;&nbsp;&nbsp;&nbsp;We like to think of this as our Applicant Service Level Agreement!<br /><br />\r\n \r\n&nbsp;&nbsp;&nbsp;&nbsp;&nbsp;&nbsp;&nbsp;&nbsp;&nbsp;&nbsp;If you are a potential candidate-for-review for one of our select positions, our consultant will always keep you fully informed each step of the way, and will insure you are expertly-matched for each potential employer as well as informed of their culture, requirements, benefits and optional work locations, as disclosure permits.</font>\r\n<br />\r\n<br />\r\n<hr color="grey"/>\r\n<iframe style=''overflow:auto;width:890px;height:100%;font-family: Tahoma;'' frameborder=''0'' border=''0'' src=''https://recruit.zoho.com/ats/NewData.hr?digest=CIhcSFdMSfXAGTKHbSFu2t2loAQEoCrce7b.gWYAY4U-&atslocale=en_US''></iframe>\r\n\r\n\r\n</font>\r\n</body>\r\n</html>', '', 1, 2, 0, 7, '2010-12-06 02:11:24', 62, '', '2011-03-28 05:12:43', 62, 0, '0000-00-00 00:00:00', '2010-12-06 02:11:24', '0000-00-00 00:00:00', '', '', 'show_title=0\nlink_titles=\nshow_intro=\nshow_section=\nlink_section=\nshow_category=\nlink_category=\nshow_vote=\nshow_author=\nshow_create_date=\nshow_modify_date=\nshow_pdf_icon=\nshow_print_icon=\nshow_email_icon=\nlanguage=\nkeyref=\nreadmore=', 43, 0, 1, '', '', 0, 1334, 'robots=\nauthor='),
(9, 'Business Systems Consulting', 'business-consulting', '', '<html>\r\n<body>\r\n<h2 align="center"><font color="black" style="font-family: ''Tahoma''; font-size: 24px"><em>Building custom systems for small businesses to have big business efficiency.</em></font></h2>\r\n<td> \r\n<div></div></td></tr> \r\n<tr valign="top"> \r\n<td> \r\n<div align="left"> \r\n &nbsp;&nbsp; <br /> \r\n<font color="#black" size="4"><span style="line-height: 20px; font-size: 16px"; font-family: ''Tahoma''>&nbsp;&nbsp;  &nbsp;&nbsp;  &nbsp;&nbsp;  &nbsp;&nbsp;  &nbsp;&nbsp; We provide our development services to small and mid-sized businesses. &nbsp;We work to understand your business, your customers, your needs and terminology.  We combine these insights to allow us to not only develop a system, but think about the development in a way that relates to your business.  It is the closest thing to developing it yourself, just without all the reading of reference materials and thousands of lines of code to write.  &nbsp;<br /><br />\r\n&nbsp;&nbsp;  &nbsp;&nbsp;  &nbsp;&nbsp;  &nbsp;&nbsp;  &nbsp;&nbsp; Please take some time to review the other links provided under the Business Consulting menu. &nbsp;We have provided an overview of our services, applications we have developed and some points to consider when using Zoho Services. </font></span><br />\r\n</body>\r\n</html>', '', -2, 1, 0, 2, '2010-12-22 05:41:14', 62, '', '2010-12-22 06:56:09', 62, 0, '0000-00-00 00:00:00', '2010-12-22 05:41:14', '0000-00-00 00:00:00', '', '', 'show_title=0\nlink_titles=\nshow_intro=\nshow_section=0\nlink_section=\nshow_category=0\nlink_category=\nshow_vote=\nshow_author=\nshow_create_date=\nshow_modify_date=\nshow_pdf_icon=\nshow_print_icon=\nshow_email_icon=\nlanguage=\nkeyref=\nreadmore=', 12, 0, 0, '', '', 0, 0, 'robots=\nauthor='),
(10, 'Contact Information', 'contact-information', '', '<html>\r\n<body>\r\n<h2 align="center"><font color="black" style="font-family: ''Tahoma''; font-size: 24px"><em>Please feel free to contact us with your requests.</em></font></h2>\r\n<td> \r\n<div></div></td></tr> \r\n<tr valign="top"> \r\n<td> \r\n<div align="left"> \r\n &nbsp;&nbsp; <br /> \r\n<font color="#black" size="4"><span style="line-height: 20px; font-size: 16px"; font-family: ''Tahoma''>Address: 5527 Megan Faye St.<br />\r\n&nbsp;&nbsp; &nbsp;&nbsp; &nbsp;&nbsp; &nbsp;&nbsp; &nbsp;&nbsp; &nbsp; North Las Vegas, NV 89031<br /><br />\r\nPhone: &nbsp;&nbsp; 702-430-1915<br />\r\nEmail: &nbsp;&nbsp; &nbsp; jreagan@boredbrains.net</font></span><br />\r\n</body>\r\n</html>', '', 0, 3, 0, 6, '2010-12-22 06:03:40', 62, '', '2012-05-07 13:06:42', 62, 0, '0000-00-00 00:00:00', '2010-12-22 06:03:40', '0000-00-00 00:00:00', '', '', 'show_title=0\nlink_titles=\nshow_intro=\nshow_section=\nlink_section=\nshow_category=\nlink_category=\nshow_vote=\nshow_author=\nshow_create_date=\nshow_modify_date=\nshow_pdf_icon=\nshow_print_icon=\nshow_email_icon=\nlanguage=\nkeyref=\nreadmore=', 7, 0, 2, '', '', 0, 159, 'robots=\nauthor='),
(11, 'Business Systems Consulting', 'business-systems-consulting', '', '<html>\r\n<body>\r\n<h2 align="center"><font color="black" style="font-family: ''Tahoma''; font-size: 24px"><em>Building custom systems for small businesses to have big business efficiency.</em></font></h2>\r\n<td> \r\n<div></div></td></tr> \r\n<tr valign="top"> \r\n<td> \r\n<div align="left"> \r\n &nbsp;&nbsp; <br /> \r\n<font color="#black" size="4"><span style="line-height: 20px; font-size: 16px"; font-family: ''Tahoma''>&nbsp;&nbsp;  &nbsp;&nbsp;  &nbsp;&nbsp;  &nbsp;&nbsp;  &nbsp;&nbsp; We provide our development services to small and mid-sized businesses. &nbsp;We work to understand your business, your customers, your needs and terminology.  We combine these insights to allow us to not only develop a system, but think about the development in a way that relates to your business.  It is the closest thing to developing it yourself, just without all the reading of reference materials and thousands of lines of code to write.  &nbsp;<br /><br />\r\n&nbsp;&nbsp;  &nbsp;&nbsp;  &nbsp;&nbsp;  &nbsp;&nbsp;  &nbsp;&nbsp; Our platform of preference is Zoho.com.  It is a series of online services for business and personal use.  We have created a Zoho Explained area to provide more information on their services.  Please take some time to review the other links provided under the Business Consulting menu. &nbsp;We have provided an overview of our services, applications we have developed and some points to consider when using Zoho Services. </font></span><br />\r\n</body>\r\n</html>', '', -1, 1, 0, 2, '2010-12-22 06:58:01', 62, '', '2010-12-22 07:17:16', 62, 0, '0000-00-00 00:00:00', '2010-12-22 06:58:01', '0000-00-00 00:00:00', '', '', 'show_title=0\nlink_titles=\nshow_intro=\nshow_section=0\nlink_section=\nshow_category=0\nlink_category=\nshow_vote=\nshow_author=\nshow_create_date=\nshow_modify_date=\nshow_pdf_icon=\nshow_print_icon=\nshow_email_icon=\nlanguage=\nkeyref=\nreadmore=', 6, 0, 2, '', '', 0, 97, 'robots=\nauthor='),
(12, 'Current Zoho Solutions', 'current-zoho-solutions', '', '<html>\r\n<body>\r\n<P>This is where we will showcase our Zoho solutions.  Currently we have created solutions for various clients from medical dispensaries to energy companies.  We will be providing solutions for purchase and customization to suit your specific needs.</P>', '', -1, 1, 0, 8, '2010-12-22 08:12:44', 62, '', '2011-01-26 00:25:28', 62, 0, '0000-00-00 00:00:00', '2010-12-22 08:12:44', '0000-00-00 00:00:00', '', '', 'show_title=\nlink_titles=\nshow_intro=\nshow_section=\nlink_section=\nshow_category=\nlink_category=\nshow_vote=\nshow_author=\nshow_create_date=\nshow_modify_date=\nshow_pdf_icon=\nshow_print_icon=\nshow_email_icon=\nlanguage=\nkeyref=\nreadmore=', 4, 0, 2, '', '', 0, 64, 'robots=\nauthor='),
(13, 'Your Project', 'your-project', '', '<iframe height=''500px'' width=''100%'' name=''zoho-All_Tasks_View'' frameborder=''0'' scrolling=''auto'' allowTransparency =''true'' src=''https://creator.zoho.com/reaganeering/project-manager-plus/view-embed/All_Tasks_View/td0VbNyjvRy94ET7WuDD9afm15pJAS7HRwCXMEv8Q3npxm6aevFNTBZR47xBBkCCyzyQOSr4adx7QnvgqBwu2D9UpDXPvPC9MPjv/paging=false&search=false&recSumry=false''></iframe>', '', 1, 5, 0, 10, '2010-12-22 19:26:25', 62, '', '2010-12-22 19:38:51', 62, 0, '0000-00-00 00:00:00', '2010-12-22 19:26:25', '0000-00-00 00:00:00', '', '', 'show_title=0\nlink_titles=\nshow_intro=\nshow_section=0\nlink_section=\nshow_category=0\nlink_category=\nshow_vote=\nshow_author=\nshow_create_date=\nshow_modify_date=\nshow_pdf_icon=\nshow_print_icon=\nshow_email_icon=\nlanguage=\nkeyref=\nreadmore=', 4, 0, 1, '', '', 0, 7, 'robots=\nauthor='),
(14, 'Zoho Consulting', 'zoho-consulting', '', '<html>\r\n<body>\r\n<h2 align="center"><font color="black" style="font-family: ''Tahoma''; font-size: 24px"><em>We base our solutions on Zoho Creator and open source web technologies for inexpensive, efficient solutions.</em></font></h2>\r\n<td> \r\n<div></div></td></tr> \r\n<tr valign="top"> \r\n<td> \r\n<div align="left"> \r\n &nbsp;&nbsp; <br /> \r\n<font color="#black" size="4"><span style="line-height: 20px; font-size: 16px"; font-family: ''Tahoma''>&nbsp;&nbsp;  &nbsp;&nbsp;  &nbsp;&nbsp;  &nbsp;&nbsp;  &nbsp;&nbsp; As we pointed out earlier, we develop customizable systems for small and mid-sized business.&nbsp;&nbsp;We base these systems on a cloud based set of applications called Zoho.&nbsp;&nbsp;These can be reviewed&nbsp;<a href=http://www.zoho.com>here.</a><br /><br />\r\n&nbsp;&nbsp;  &nbsp;&nbsp;  &nbsp;&nbsp;  &nbsp;&nbsp;  &nbsp;&nbsp; We have created a section called Zoho Explained.&nbsp;&nbsp;This section explains some of the applications available in Zoho.&nbsp;&nbsp;It also goes deeper into the core Zoho application we use for custom system development,&nbsp;<b>Zoho Creator</b>.&nbsp;&nbsp;Zoho Creator is a cloud based form oriented database system.&nbsp;&nbsp;It allows for creation of custom forms, views and HTML forms and views.&nbsp;&nbsp;We can customize these to capture, manipulate and represent your data as you require.&nbsp;&nbsp;Also, Zoho Creator allows for easy integration of forms and views into your existing website.&nbsp;&nbsp;This allows us to create company extranets for your employees and customers.</font></span><br />\r\n</body>\r\n</html>', '', -1, 1, 0, 2, '2010-12-22 20:12:12', 62, '', '2010-12-24 19:38:17', 62, 0, '0000-00-00 00:00:00', '2010-12-22 20:12:12', '0000-00-00 00:00:00', '', '', 'show_title=0\nlink_titles=\nshow_intro=\nshow_section=0\nlink_section=\nshow_category=0\nlink_category=\nshow_vote=\nshow_author=\nshow_create_date=\nshow_modify_date=\nshow_pdf_icon=\nshow_print_icon=\nshow_email_icon=\nlanguage=\nkeyref=\nreadmore=', 3, 0, 1, '', '', 0, 55, 'robots=\nauthor='),
(15, 'Zoho Explained', 'zoho-explained', '', '<html>\r\n<body>\r\n<h2 align="center"><font color="black" style="font-family: ''Tahoma''; font-size: 24px"><em>Zoho is an excellent set of online tools for business and collaboration.&nbsp;&nbsp;All of which are provided free of charge for basic use.</em></font></h2>\r\n<td> \r\n<div></div></td></tr> \r\n<tr valign="top"> \r\n<td> \r\n<div align="left"> \r\n &nbsp;&nbsp; <br /> \r\n<font color="#black" size="4"><span style="line-height: 20px; font-size: 16px"; font-family: ''Tahoma''>&nbsp;&nbsp;  &nbsp;&nbsp;  &nbsp;&nbsp;  &nbsp;&nbsp;  &nbsp;&nbsp; Probably the best comparison I have read about Zoho is, "Google Docs is a kindergartener and Zoho is Ph.D student."&nbsp;<br /><br />\r\n&nbsp;&nbsp;  &nbsp;&nbsp;  &nbsp;&nbsp;  &nbsp;&nbsp;  &nbsp;&nbsp; </font></span><br />\r\n</body>\r\n</html>', '', -1, 1, 0, 9, '2010-12-22 20:32:31', 62, '', '0000-00-00 00:00:00', 0, 0, '0000-00-00 00:00:00', '2010-12-22 20:32:31', '0000-00-00 00:00:00', '', '', 'show_title=\nlink_titles=\nshow_intro=\nshow_section=\nlink_section=\nshow_category=\nlink_category=\nshow_vote=\nshow_author=\nshow_create_date=\nshow_modify_date=\nshow_pdf_icon=\nshow_print_icon=\nshow_email_icon=\nlanguage=\nkeyref=\nreadmore=', 1, 0, 1, '', '', 0, 55, 'robots=\nauthor='),
(16, 'Medical Dispensary DB', 'medical-dispensary-db', '', '<html>\r\n<body>\r\n</body>\r\n</html>', '', -1, 1, 0, 8, '2010-12-24 19:58:24', 62, '', '2011-01-26 00:22:45', 62, 0, '0000-00-00 00:00:00', '2010-12-24 19:58:24', '0000-00-00 00:00:00', '', '', 'show_title=\nlink_titles=\nshow_intro=\nshow_section=\nlink_section=\nshow_category=\nlink_category=\nshow_vote=\nshow_author=\nshow_create_date=\nshow_modify_date=\nshow_pdf_icon=\nshow_print_icon=\nshow_email_icon=\nlanguage=\nkeyref=\nreadmore=', 2, 0, 1, '', '', 0, 38, 'robots=\nauthor='),
(17, 'Contact Info/Form', 'contact-form', '', '<html>\r\n<body>\r\n\r\n<div align="left">\r\n &nbsp;&nbsp; <br /> \r\n<font style="font-size: 16px"; color="black"; face="tahoma">\r\nPhone: &nbsp;&nbsp; 1-702-430-1915<br />\r\n\r\nEmail: &nbsp;&nbsp; &nbsp; contact@boredbrains.net</font></span><br /></div>\r\n<div align="right">\r\n<br />\r\n<br />\r\n\r\n</div>\r\n</body>\r\n</html>', '', 1, 3, 0, 6, '2010-12-24 20:36:09', 62, '', '2012-05-22 15:11:32', 62, 0, '0000-00-00 00:00:00', '2010-12-24 20:36:09', '0000-00-00 00:00:00', '', '', 'show_title=0\nlink_titles=\nshow_intro=\nshow_section=\nlink_section=\nshow_category=\nlink_category=\nshow_vote=\nshow_author=\nshow_create_date=\nshow_modify_date=\nshow_pdf_icon=\nshow_print_icon=\nshow_email_icon=\nlanguage=\nkeyref=\nreadmore=', 39, 0, 1, '', '', 0, 1151, 'robots=\nauthor='),
(35, 'Social Recruiting, Efficient or Just Harassment?', 'social-recruiting-efficient-or-just-harrassement', '', '<h4>Social Recruiting, Efficient or Just Harassment?</h4>\r\n<br /><br />\r\n&nbsp;&nbsp;&nbsp;&nbsp;&nbsp;&nbsp;&nbsp;&nbsp;&nbsp;&nbsp;Through out my workday I use many methods to find people.  When I look at these methods I wonder to what extent are they effiecient for me, but perhaps annoying to those I contact.  My goal is never to be annoying or harassing.  I use a 3 calls and that''s all process.  I will reach out to candidates three times then mark them as "uninterested at this time."  If they contact back we can always explore the available positions.  It all seems very direct and respectful.  That is depending on where I get my information.<br />\r\n<br />\r\n&nbsp;&nbsp;&nbsp;&nbsp;&nbsp;&nbsp;&nbsp;&nbsp;&nbsp;&nbsp;With the huge push to reduce costs, social recruiting has boomed to the point of being an abstract competitor to more traditional resume bank and job board channels.&nbsp;&nbsp;Why shouldn''t it, it''s basically FREE!  Free, the favorite word of management when it comes to cutting overhead.  It really isn''t, free.  It takes time, which cost money.  It takes effort to drive users to your social presence, which takes time, which takes money.  If you buy into a board it will cost you money directly.  If you use social networks it will cost you time and some money.  Is there really any difference?  Yes, a very large one.<br />\r\n<br />\r\n&nbsp;&nbsp;&nbsp;&nbsp;&nbsp;&nbsp;&nbsp;&nbsp;&nbsp;&nbsp;When you use a social network to find a potential candidate you normally only have a couple options of contact.  Inmail, PM or perhaps they have provided their direct email address.  Though this is not the value in the social networks.  Pairing that information with other information services, i.e. Name and known location searched on a reverse cellphone or public records database.  This is where I begin to have some issue with social recruiting.  When does trying to reach someone to discuss an opportunity become invasion of implied privacy?<br />\r\n<br /> \r\n&nbsp;&nbsp;&nbsp;&nbsp;&nbsp;&nbsp;&nbsp;&nbsp;&nbsp;&nbsp;Have you ever had a recruiter call you at work?  "How''d you get this number?" you ask.<br />\r\n<br />\r\n&nbsp;&nbsp;&nbsp;&nbsp;&nbsp;&nbsp;&nbsp;&nbsp;&nbsp;&nbsp;"We have many tools to find information on the internet." is the relpy.<br />\r\n<br />\r\n&nbsp;&nbsp;&nbsp;&nbsp;&nbsp;&nbsp;&nbsp;&nbsp;&nbsp;&nbsp;Being informative and relevant or harassing?  With so much information available on the internet and via various database services, you really can not hide your contact information.  Scary, but they will find you.<br />\r\n<br />  \r\n&nbsp;&nbsp;&nbsp;&nbsp;&nbsp;&nbsp;&nbsp;&nbsp;&nbsp;&nbsp;Contrast this with the classic job board.  It is somewhere you go when you are looking for a new role.  You provide contact information and your prefered contact method.  You put out there information relevant to your career and accomplishments.  Once updated, if you work in technology, you expect to have your voice mail full each day.  Here you are specifically asking to be contacted for recruiters to share and compare roles for you.  You invite the communication.  It is expected, not intrusive.<br />\r\n<br />\r\n&nbsp;&nbsp;&nbsp;&nbsp;&nbsp;&nbsp;&nbsp;&nbsp;&nbsp;&nbsp;Something I have seen on many social profiles as of late, that truly brings this question to mind are statements such as, "If I don''t know who you are, if we have not worked together, DO NOT CONTACT ME!  No, I don''t want your job.  When I do, I will let you know."<br />\r\n<br /> \r\n&nbsp;&nbsp;&nbsp;&nbsp;&nbsp;&nbsp;&nbsp;&nbsp;&nbsp;&nbsp;Or more subtly, "I am happy with my current employment.  I will update when looking."<br />\r\n<br />\r\n&nbsp;&nbsp;&nbsp;&nbsp;&nbsp;&nbsp;&nbsp;&nbsp;&nbsp;&nbsp;The nice thing about the social networks, any social network, is they make it difficult for recruiters to mass market email.  You normally have to view the profile and will notice if someone puts a caption such as those above at the top of their profile.  A recruiter contacting you with that information in front of them is not someone with which you want to do business.  This is probably your best defense against the overly agressive technical talent market.<br />\r\n<br />\r\n&nbsp;&nbsp;&nbsp;&nbsp;&nbsp;&nbsp;&nbsp;&nbsp;&nbsp;&nbsp;Providing some instruction on your social network profile can help keep many of the recruiters you don''t want to hear from at bay.  The other suggestion would be to setup a specific email account for all your career contact.  I suggest this as it is a simple way to keep your personal inbox clutter free.  When you''re ready to start looking, or just want to see what''s out there, check the account.  Connect any social network you get too much recruiter noise from to this account.  Again, it will give you an easy and central point of managing the overwhelming response to your technical passion.<br />\r\n<br />\r\n&nbsp;&nbsp;&nbsp;&nbsp;&nbsp;&nbsp;&nbsp;&nbsp;&nbsp;&nbsp;Use the job-boards as well as social networks when looking for a role.  I would not discount the value that a classic job-board or resume bank can provide.  If your resume is on one and recently updated employers will find you much quicker than working through the social network process.  If you apply for roles through a job board and don''t hear back, use the social networks to back up your contact.<br />\r\n<br />\r\n&nbsp;&nbsp;&nbsp;&nbsp;&nbsp;&nbsp;&nbsp;&nbsp;&nbsp;&nbsp;In conclusion, if the need for personal privacy outweighs the benefit a new position could bring to you, it is very important to notify recruiters that you''re not interested in being contacted by them on your social profiles and job-board posts; or you can''t really blame them for doing their job!  We are always required to try and reach out in any way it takes to ultimately get an answer from you regarding the available positions we are trying to fill. We are usually well-trained to do this, and have the advantage of an unprecedented surge in digital tools for data-mining and fact-finding at our disposal in the current market s; and it is constantly being preached by management to make every effort to reach out to the passive candidates … and social networks are stock-full of them.<br />\r\n<br /> \r\n\r\n&nbsp;&nbsp;&nbsp;&nbsp;&nbsp;&nbsp;&nbsp;&nbsp;&nbsp;&nbsp;So, the question remains - when does the often blurred line get crossed from diligently performing your duties of locating and contacting potential recruits, to veering dangerously close to a modern quasi-version of stalking or even online harassment? For the foreseeable future, it appears that will remain a judgment call that separates a good recruiter from a poor one.', '', 1, 6, 0, 12, '2012-07-12 16:54:37', 62, '', '2012-07-13 01:11:36', 62, 0, '0000-00-00 00:00:00', '2012-07-12 16:54:37', '0000-00-00 00:00:00', '', '', 'show_title=\nlink_titles=\nshow_intro=\nshow_section=\nlink_section=\nshow_category=\nlink_category=\nshow_vote=\nshow_author=\nshow_create_date=\nshow_modify_date=\nshow_pdf_icon=\nshow_print_icon=\nshow_email_icon=\nlanguage=\nkeyref=\nreadmore=', 5, 0, 10, '', '', 0, 96, 'robots=\nauthor='),
(19, '$200 Oil Vs. Telecommuting', '200-oil-vs-telecommuting', '', '<h4>With crude oil projected to break $200 a barrel, will Telecommuting become the new Golden Benefit?</h4>\r\n\r\n&nbsp;&nbsp;&nbsp;&nbsp;&nbsp;&nbsp;&nbsp;&nbsp;&nbsp;&nbsp;It has been a while since we have seen crude oil prices rise to these levels.&nbsp;&nbsp;The last time, we were in an economic boom.&nbsp;&nbsp;Though the prices were high we could more easily afford it.&nbsp;&nbsp;With the economy we have today, this alone can create some considerable issues for recruiters trying to bring in the top talent.<br />\r\n&nbsp;&nbsp;&nbsp;&nbsp;&nbsp;&nbsp;&nbsp;&nbsp;&nbsp;&nbsp;As Staffing Agents, Recruiters, Head Hunters, whatever you title yourself or your company titles you, we are always looking for those things that can help us close candidates on our positions.&nbsp;&nbsp; With the very high possibility it will now cost over $200 to fill up the family Suburban, companies, now more than ever need to look at telecommuting as a solid benefit, not an additional perk. <br />\r\n&nbsp;&nbsp;&nbsp;&nbsp;&nbsp;&nbsp;&nbsp;&nbsp;&nbsp;&nbsp;Currently, at a little over $100 a barrel we are facing $3.30+ a gallon depending on your geographic location.&nbsp;&nbsp; Double it. &nbsp;&nbsp;So what ever distance you drive, time you spend in traffic, the raw cost will double. &nbsp;&nbsp;Paying close to $150 now to fill-up, it''ll be $300 soon enough. &nbsp;&nbsp;I''m not trying to bring the gloom with this post, but just hopefully open some minds. &nbsp;&nbsp;Just think about what you are spending currently, can you actually afford that to double?<br />\r\n&nbsp;&nbsp;&nbsp;&nbsp;&nbsp;&nbsp;&nbsp;&nbsp;&nbsp;&nbsp;Companies need to be aware of the pressures this will put on their employees. &nbsp;&nbsp;How this will effect their respective employment decisions.&nbsp;&nbsp; Perhaps your employee who drives 30 miles each way, will look for companies closer to home. &nbsp;&nbsp;Causing you to loose valuable talent. &nbsp;&nbsp;Perhaps another company offers telecommuting and the savings on fuel and time out weighs any variance in pay you can offer.<br />\r\n&nbsp;&nbsp;&nbsp;&nbsp;&nbsp;&nbsp;&nbsp;&nbsp;&nbsp;&nbsp;I''m not saying telecommuting is easy to implement.&nbsp;&nbsp; I''m not saying it is a lighting bolt to strike down the increasing cost of just getting to work. &nbsp;&nbsp;I''m saying companies need to be willing to adjust their employment and work environment strategies to the global environment. &nbsp;&nbsp;Be almost overly considerate to your employees and the issues they face daily. &nbsp;&nbsp;Be ready to make changes to keep them working for you and not your competitor.<br />\r\n&nbsp;&nbsp;&nbsp;&nbsp;&nbsp;&nbsp;&nbsp;&nbsp;&nbsp;&nbsp;It would amaze you how just showing a little understanding to someone else''s situation and needs can yield such loyalty.<br />\r\n\r\nJohn Reagan<br />\r\njreagan@boredbrains.net<br />\r\nwww.boredbrains.net<br />\r\n<br />\r\n<a href="http://money.msn.com/business-news/article.aspx?feed=OBR&date=20110224&id=13024885&goback=.gmp_3553506.gde_3553506_member_44860606">Oil Keeps going up</a>', '', 1, 6, 0, 12, '2011-02-25 14:56:35', 62, '', '2011-02-25 15:06:42', 62, 0, '0000-00-00 00:00:00', '2011-02-25 14:56:35', '0000-00-00 00:00:00', '', '', 'show_title=\nlink_titles=\nshow_intro=\nshow_section=\nlink_section=\nshow_category=\nlink_category=\nshow_vote=\nshow_author=\nshow_create_date=\nshow_modify_date=\nshow_pdf_icon=\nshow_print_icon=\nshow_email_icon=\nlanguage=\nkeyref=\nreadmore=', 2, 0, 25, '', '', 0, 212, 'robots=\nauthor='),
(20, 'Body Language Learn to Read it', 'body-language-learn-to-read-it', '', '<h4>Don''t just use body language, Learn to Read it</h4>\r\n<img src="images/boredbrains/forblogs/bodylanguage.gif" align="right" height="500px" width="225px">\r\n&nbsp;&nbsp;&nbsp;&nbsp;&nbsp;&nbsp;&nbsp;&nbsp;&nbsp;&nbsp;Recently I was reading an article addressing the importance of interviewees to always be conscious of their body language during interviews;&nbsp;&nbsp;I immediately thought to myself, "Excellent advice all around!"&nbsp;&nbsp;Body language is a primary form of communication, and makes up some 60% of those non-verbal ques and ''tells'' we generate whenever we engage in any contact with others of the same species.&nbsp;&nbsp;I have noticed when dealing with some clientele, especially those who are accustomed to working for long periods in the digital world, that we tend to take things more at the surface value, and often miss some of the more, ahem, ''subtle'' interactions which occur in social and professional settings.&nbsp;&nbsp;This may be partly from the removal of the referenced body language in daily interactions, or it may simply be that some have ''adapted'' to communicate more with acronyms, protocol statements and snippets of code ... the problem is this may well be leaving a gaping hole in your interviewing skills.<br /><br />\r\n \r\n&nbsp;&nbsp;&nbsp;&nbsp;&nbsp;&nbsp;&nbsp;&nbsp;&nbsp;&nbsp;"When we speak (or listen), our attention is focused on words rather than body language.&nbsp;&nbsp;But our judgment includes both.&nbsp;&nbsp;An audience is simultaneously processing both verbal and nonverbal cues.&nbsp;&nbsp;Body movements are not usually positive or negative in and of themselves; rather, the situation and the message will determine the appraisal." (Givens, 2000, p. 4) <a href="http://en.wikipedia.org/wiki/Nonverbal_communication">http://en.wikipedia.org/wiki/Nonverbal_communication</a><br /><br />\r\n\r\n&nbsp;&nbsp;&nbsp;&nbsp;&nbsp;&nbsp;&nbsp;&nbsp;&nbsp;&nbsp;For a potentially more positive interview experience, realize that not only is your body language important during the interview, but also that of your interviewer.&nbsp;&nbsp;Learn to look for the signs of disinterest.&nbsp;&nbsp;Notice any change in position of the individual.<br /><br />\r\n&nbsp;&nbsp;&nbsp;&nbsp;&nbsp;&nbsp;&nbsp;&nbsp;&nbsp;&nbsp;I can not tell you how many times diligently paying attention to those non-verbal cues, ticks and micro-expressions has allowed me to create a win-win in what had looked like a losing situation.&nbsp;&nbsp;Conversely, there have been times my lack of acknowledgement of these cues has created the need to exert much more effort than if I had just paid attention to my own innate knowledge.<br /><br />\r\n \r\nSome good rules of thumb I have learned to love are:<br />\r\n<br />\r\n&nbsp;&nbsp;&nbsp;&nbsp;&nbsp;&nbsp;&nbsp;&nbsp;&nbsp;&nbsp;First, pay attention to how the interviewer is positioned when you first meet them.&nbsp;&nbsp;Did they get up and shake your hand?&nbsp;&nbsp;Did they just point you to a chair?&nbsp;&nbsp;These can indicate the approach of the interviewer through the rest of the process.<br /><br />\r\n\r\n&nbsp;&nbsp;&nbsp;&nbsp;&nbsp;&nbsp;&nbsp;&nbsp;&nbsp;&nbsp;Second, if the interviewer shows actions of disinterest, note it and change the tone.&nbsp;&nbsp;Do not take offense to an interviewer looking at their screen, or typing something out to a colleague.&nbsp;&nbsp;Note that they do not seem interested in the line of conversation.&nbsp;&nbsp;Perhaps what you are saying they have already heard 10 times before by other candidates.&nbsp;&nbsp;Notice this cue, look to change the dialog to something of greater interest in your experience.&nbsp;&nbsp;Think of something you have done that would make you stand out from the other potential candidates.<br /><br />\r\n\r\n&nbsp;&nbsp;&nbsp;&nbsp;&nbsp;&nbsp;&nbsp;&nbsp;&nbsp;&nbsp;Finally, keep in mind that in larger companies each interviewer will be questioning you on different areas of soft and hard skills.&nbsp;&nbsp;This may also impact the type of body language seen from the interviewer.&nbsp;&nbsp;Their own comfort level and experience with the subject may bleed some uneasiness into the interview.&nbsp;&nbsp;Pay attention, look for the opportunity to help them lead the conversation in a positive direction and calm their possible apprehension.<br /><br />\r\n\r\n&nbsp;&nbsp;&nbsp;&nbsp;&nbsp;&nbsp;&nbsp;&nbsp;&nbsp;&nbsp;Take the time to practice reading the body language of others - your spouse is always a prime example to pick on for this!&nbsp;&nbsp;If not, there is always those weird people in the park ... at the game ... or you could always just practice that great American past-time and play some poker with your friends!&nbsp;&nbsp;Just don''t blame me when you lose all your money!<br /><br />\r\n \r\nFor some further study, take a look at this great video tutorial from eHow.com!<br />\r\n \r\n<a href="http://www.ehow.com/non-verbal-communication/">http://www.ehow.com/non-verbal-communication/</a>\r\n <br />\r\n<br />\r\nJohn Reagan<br />\r\njreagan@boredbrains.net<br />\r\nwww.boredbrains.net<br />', '', 1, 6, 0, 12, '2011-02-25 20:56:25', 62, '', '2011-03-22 19:13:22', 62, 0, '0000-00-00 00:00:00', '2011-02-25 20:56:25', '0000-00-00 00:00:00', '', '', 'show_title=1\nlink_titles=\nshow_intro=\nshow_section=\nlink_section=\nshow_category=1\nlink_category=1\nshow_vote=\nshow_author=1\nshow_create_date=1\nshow_modify_date=\nshow_pdf_icon=\nshow_print_icon=\nshow_email_icon=\nlanguage=\nkeyref=\nreadmore=', 4, 0, 24, '', '', 0, 4997, 'robots=\nauthor=');
INSERT INTO `jos_content` VALUES
(21, 'North Las Vegas New Business Campaign', 'north-las-vegas-new-business-campaign', '', '<h4>North Las Vegas is now, "Open for Business"</h4>\r\n<a href="http://www.cityofnorthlasvegas.com/Departments/CityManager/PublicServiceAnnouncements.shtm"> <img src="images/boredbrains/forblogs/sotc11_200.jpg" align="center"></a><br />\r\n<br />\r\n\r\n&nbsp;&nbsp;&nbsp;&nbsp;&nbsp;&nbsp;&nbsp;&nbsp;&nbsp;&nbsp;The City of North Las Vegas is launching a new campaign to attract business to the area.&nbsp;&nbsp;With a growth rate of 80+% over the last 10 years there is a definite consumer base.&nbsp;&nbsp;You can check the city''s site via the image above.&nbsp;&nbsp;They make some compelling points.&nbsp;&nbsp;Land available for development, inexpensive office and retail space and the support of the local municipality. <br /> \r\n\r\n&nbsp;&nbsp;&nbsp;&nbsp;&nbsp;&nbsp;&nbsp;&nbsp;&nbsp;&nbsp;Why would we want to move our offices or even open a new one there?&nbsp;&nbsp;Well, the points above are notable.&nbsp;&nbsp;Even more so, if you look at the cost of living, it is considerably less than other areas of comparable size and culture influence.&nbsp;&nbsp;What better place to woo a client than Las Vegas?&nbsp;&nbsp;There are world class restaurants, shows and an environment to help open the dialog. <br />\r\n\r\n&nbsp;&nbsp;&nbsp;&nbsp;&nbsp;&nbsp;&nbsp;&nbsp;&nbsp;&nbsp;When you look at it in the sense of quality of living for your employees you will also find gains.&nbsp;&nbsp;There are an average of 210 days of sun per year.&nbsp;&nbsp;The cost of housing has declined significantly.&nbsp;&nbsp;Houses that were once in the million dollar range are averaging $200K - $300K.&nbsp;&nbsp;If you are looking for a McMansion in the sun they are easily affordable here.&nbsp;&nbsp;For recreation, the area offers many parks, mountains to hike and Disneyland 4 hours away.&nbsp;&nbsp;These are some of the gains for your staff by having offices in this area. This can lead to happier, healthier and more productive employees.<br />\r\n\r\n&nbsp;&nbsp;&nbsp;&nbsp;&nbsp;&nbsp;&nbsp;&nbsp;&nbsp;&nbsp;I have heard people say the college is a big problem.  Companies want to have access to a pool of recently qualified candidates.  From my experience recruiting for some large companies, you do not end up with a significant enough addition to warrant locating your operations in higher cost locations.  A strong College Recruiting department should yield you the best and brightest coming out of universities nation-wide.<br />\r\n\r\n&nbsp;&nbsp;&nbsp;&nbsp;&nbsp;&nbsp;&nbsp;&nbsp;&nbsp;&nbsp;When you get down to it, a geographic area is made up of the people that occupy it.  The things that are important to them show in the development of the community.  If intelligent and driven people move into an area and live there, work there, breath there, then the area will grow and prosper in very positive ways.<br />\r\n<br />\r\nJohn Reagan<br />\r\njreagan@boredbrains.net<br />\r\nwww.boredbrains.net<br />', '', 1, 6, 0, 12, '2011-02-26 03:48:33', 62, '', '2011-02-26 06:21:11', 62, 0, '0000-00-00 00:00:00', '2011-02-26 03:48:33', '0000-00-00 00:00:00', '', '', 'show_title=\nlink_titles=\nshow_intro=\nshow_section=\nlink_section=\nshow_category=\nlink_category=\nshow_vote=\nshow_author=\nshow_create_date=\nshow_modify_date=\nshow_pdf_icon=\nshow_print_icon=\nshow_email_icon=\nlanguage=\nkeyref=\nreadmore=', 4, 0, 23, '', '', 0, 233, 'robots=\nauthor='),
(22, 'Wis. Union Fight, The end of an Era?', 'wis-union-fight-the-end-of-an-era', '', '<h4>Wisconsin Teachers Union Issue, A 21st Century Issue with 19th Century Roots</h4>\r\n<br />\r\n<img src="images/boredbrains/forblogs/unions.jpg" align="right">\r\n&nbsp;&nbsp;&nbsp;&nbsp;&nbsp;&nbsp;&nbsp;&nbsp;&nbsp;&nbsp;I have been working hard to not comment on the situation in Wisconsin.&nbsp;&nbsp;It is difficult as it''s on every channel and every news broadcast.&nbsp;&nbsp;It makes me look at the "Why Unions" question.&nbsp;&nbsp;Do they still hold a valid place in the employment makeup?<br />\r\n<br />\r\n&nbsp;&nbsp;&nbsp;&nbsp;&nbsp;&nbsp;&nbsp;&nbsp;To answer this question we must first review why labor unions came into existence in the first place.&nbsp;&nbsp;The obvious answer is to protect their members.&nbsp;&nbsp;Protect them from what?&nbsp;&nbsp;Protect them from the potential over bearing power the organization they work for can have in compensation and employment condition negotiations.&nbsp;&nbsp;It is not hard to see why unions were put in place and why they have continued to exist.&nbsp;&nbsp;All one has to do is look at the recent economic downturn to see how many more workers outside of unions were put out of work for longer periods, for the betterment and continued existence of the organization.&nbsp;&nbsp;Look at the wages paid to a union worker vs non-union.&nbsp;&nbsp;Compare the benefits and associated individual costs of a union worker to non-union.&nbsp;&nbsp;Who wouldn''t want to be part of a union?<br />\r\n<br />\r\n&nbsp;&nbsp;&nbsp;&nbsp;&nbsp;&nbsp;&nbsp;&nbsp;&nbsp;&nbsp;In some ways we should consider Organization as Organism.&nbsp;&nbsp;It does what is required for its own continued existence over the individual components, people, who directly contribute to its continued life.&nbsp;&nbsp;This is just the way it works.&nbsp;&nbsp;An organization is an abstract entity with its own instinct for survival.&nbsp;&nbsp;Not sure if you have studied it, but survival is a strong instinct.&nbsp;&nbsp;It can cause decisions to be made that are irrational and poorly formed.<br />\r\n<br />\r\n&nbsp;&nbsp;&nbsp;&nbsp;&nbsp;&nbsp;&nbsp;&nbsp;&nbsp;&nbsp;"That''s all great, John, but what''s your actual point?&nbsp;&nbsp;Where is the importance of this to me?"<br />\r\n<br />\r\nWell, let us take a look at your possible role int he situation:<br />\r\n<br />\r\n&nbsp;&nbsp;&nbsp;&nbsp;&nbsp;&nbsp;&nbsp;&nbsp;&nbsp;&nbsp;<b>As a Worker:</b> <br />\r\n&nbsp;&nbsp;&nbsp;&nbsp;&nbsp;&nbsp;&nbsp;&nbsp;&nbsp;&nbsp;Unions exist because of the "opposing perception" between the Organization and your own individual needs.&nbsp;&nbsp;We all want better for the work we do, the actions we perform that help to bring up our organization to which we have committed our time and energy.&nbsp;&nbsp;If we all felt the Organization was compensating us as fairly as possible we would have little need for the collective bargaining power that unions provide.&nbsp;&nbsp;If you are already getting the best, how could you possibly ask for more?&nbsp;&nbsp;Also, if you understand the situation the organization faces when cutting back its compensation offerings, I''m sure most would agree, keeping your job available and being able to make it to more prosperous times with potentially better compensation offerings doesn''t look so bad.<br />\r\n<br />\r\n&nbsp;&nbsp;&nbsp;&nbsp;&nbsp;&nbsp;&nbsp;&nbsp;&nbsp;&nbsp;<b>As HR, Staffing, Recruiting:</b> <br />\r\n&nbsp;&nbsp;&nbsp;&nbsp;&nbsp;&nbsp;&nbsp;&nbsp;&nbsp;&nbsp;Sadly, here I have to say, weak and spineless teams in these positions in the organization lead to employee acceptance of unions.&nbsp;&nbsp;HR professionals are trained to be concerned with labor laws.&nbsp;&nbsp;What we are not taught is to be concerned with the people whom those laws protect.&nbsp;&nbsp;Generally we are put in play only when the need to protect the organization from its own actions or employee issues arises.&nbsp;&nbsp;We also need to stand up at the table when appropriate, when the decisions of the organization are not humane and compassionate within reasons of self protection and the protection of what makes a organization exist, its collective human resource.&nbsp;&nbsp;HR professionals in any organization need to strive to break the "Us vs. Them" perception between the organization and employees.<br />\r\n<br />\r\n&nbsp;&nbsp;&nbsp;&nbsp;&nbsp;&nbsp;&nbsp;&nbsp;&nbsp;&nbsp;<b>As Management(Executive or Otherwise):</b><br />\r\n&nbsp;&nbsp;&nbsp;&nbsp;&nbsp;&nbsp;&nbsp;&nbsp;&nbsp;&nbsp;You are charged with making decisions and taking action in the name of the organization.&nbsp;&nbsp;Making sure things will happen that allow the organization to grow and thrive.&nbsp;&nbsp;More often than not, this includes making highly difficult decisions regarding your workforce.&nbsp;&nbsp;Ask yourself this before you make that next difficult decision, have you had your HR team review the first hand impact of your decision?&nbsp;&nbsp;Have you included your HR to not only give you the numbers effected but also how your decision may impact employees directly?&nbsp;&nbsp;You really need to look to your HR Partners to provide you the Human insight to be considered prior to making employee impacting decisions.<br />\r\n&nbsp;&nbsp;&nbsp;&nbsp;&nbsp;&nbsp;&nbsp;&nbsp;&nbsp;&nbsp;Too often management looks at HR as the safety net against employee legal issues or who to talk to about hiring.&nbsp;&nbsp;Not as well trained, well seasoned, business professionals charged with giving the organization a heart.&nbsp;&nbsp;A beating pulse taken at all levels provided to you to make sure the human factors are always considered.&nbsp;&nbsp;If the decisions chosen are ones that always first and foremost consider the human resources providing life to the Organism which is the Organization there is no need for collective bargaining.&nbsp;&nbsp;This removes the power currently provided to the union.<br />\r\n<br />\r\n&nbsp;&nbsp;&nbsp;&nbsp;&nbsp;&nbsp;&nbsp;&nbsp;&nbsp;&nbsp;I''m not here saying Unions are right, I''m not saying they are wrong.&nbsp;&nbsp;They do drive up cost, provide a better standard of living for members and remind an organization that people make it whole.&nbsp;&nbsp;Do they still have a place?&nbsp;&nbsp;Until people can feel they can trust the organization to consider them first and foremost, I believe they will continue to exist.&nbsp;&nbsp;Perhaps, someday organizations will heed their HR professionals when taking these employee impacting action providing them with the authority and consideration required to provide the organization the heart it seems to need.<br />\r\n<br />\r\nJohn Reagan<br />\r\njreagan@boredbrains.net<br />\r\nwww.boredbrains.net<br />', '', 1, 6, 0, 12, '2011-02-26 16:31:44', 62, '', '2011-02-26 18:35:49', 62, 0, '0000-00-00 00:00:00', '2011-02-26 16:31:44', '0000-00-00 00:00:00', '', '', 'show_title=1\nlink_titles=\nshow_intro=\nshow_section=\nlink_section=\nshow_category=1\nlink_category=1\nshow_vote=\nshow_author=1\nshow_create_date=1\nshow_modify_date=\nshow_pdf_icon=\nshow_print_icon=\nshow_email_icon=\nlanguage=\nkeyref=\nreadmore=', 5, 0, 22, '', '', 0, 335, 'robots=\nauthor='),
(23, 'Generic Recruiting Methods Devalue the Service', 'generic-recruiting-methods-devalue-the-service', '', '<h4>Do You Know Who You''re Reaching Out To?</h4>\r\n<img src="images/boredbrains/forblogs/resume.jpg" align="right">\r\n&nbsp;&nbsp;&nbsp;&nbsp;&nbsp;&nbsp;&nbsp;&nbsp;&nbsp;&nbsp;As with anyone who has their resume posted online, I get the constant stream of possible opportunities from various agencies.&nbsp;&nbsp;This is just a fact of making your information available.&nbsp;&nbsp;I don''t have a problem with this communication.&nbsp;&nbsp;As long as it is relevant.&nbsp;&nbsp;There is nothing worse than looking at an unsolicited opportunity that is no where near your skills and experience.<br />\r\n&nbsp;&nbsp;&nbsp;&nbsp;&nbsp;&nbsp;&nbsp;&nbsp;&nbsp;&nbsp;This is especially annoying to a recruiter such as myself.&nbsp;&nbsp;I do deep research before getting on the phone with an individual.&nbsp;&nbsp;Many times, even before sending an email.&nbsp;&nbsp;So seeing that I came up in a highly generic search by another recruiter to which they applied no review, is frustrating to say the least.&nbsp;&nbsp;Agencies that employ these methods feel they are saving their valuable time.&nbsp;&nbsp;I think they are focusing on saving time in the wrong processes.<br />\r\n&nbsp;&nbsp;&nbsp;&nbsp;&nbsp;&nbsp;&nbsp;&nbsp;&nbsp;&nbsp;Recruiting is a social and relevancy based art.&nbsp;&nbsp;Your value to your clients, managers and candidates is based on the relevancy and accuracy of your results.&nbsp;&nbsp;Where is this applied in the afore mentioned practice?&nbsp;&nbsp;If anything you have just alienated yourself and your company from potential contact from high end candidates.&nbsp;&nbsp;You may have sent your SPAM to a hiring manager at a potential client, reducing the possibility of signing them.<br />\r\n&nbsp;&nbsp;&nbsp;&nbsp;&nbsp;&nbsp;&nbsp;&nbsp;&nbsp;&nbsp;I think many of these recruiters would be amazed what actually fostering a relationship on the candidate side of things as well as the client side can bring.&nbsp;&nbsp;Though Human Resources many equate down to numbers on a page, the Human piece still prefers to be treated as an individual person.<br />\r\n&nbsp;&nbsp;&nbsp;&nbsp;&nbsp;&nbsp;&nbsp;&nbsp;&nbsp;&nbsp;I could list out the various companies.&nbsp;&nbsp;Sight the roles they sent to me and what the possible simple searching they did that turned me up in the results.&nbsp;&nbsp;Those things are not my concern, as I usually just send them an email with my resume, asking them to tell me what makes me a possible fit for the role.&nbsp;&nbsp;Oddly, no one responds to the email.&nbsp;&nbsp;Not even to just say they are sorry for bothering me.&nbsp;&nbsp;I give it a week, then I mark them as SPAM.&nbsp;&nbsp;Perhaps sometime you should all try the same.&nbsp;&nbsp;When these methods of hack recruiting stop yielding any results, they will stop being used.<br />\r\n&nbsp;&nbsp;&nbsp;&nbsp;&nbsp;&nbsp;&nbsp;&nbsp;&nbsp;&nbsp;Probably the most concerning thing to me in all this is the listing of industry certifications.&nbsp;&nbsp;To think that a standards body would approve such practice, especially in the HR industry is appalling.<br />\r\n&nbsp;&nbsp;&nbsp;&nbsp;&nbsp;&nbsp;&nbsp;&nbsp;&nbsp;&nbsp;Perhaps there should be an industry certification stating you know how to read and research before taking action.&nbsp;&nbsp;"RTFM" applies to more than manuals.&nbsp;&nbsp;To recruiters it should be "RTF-Resume".<br />\r\n<br />\r\nJohn Reagan<br />\r\njreagan@boredbrains.net<br />\r\nwww.boredbrains.net<br />', '', 1, 6, 0, 12, '2011-02-28 17:00:56', 62, '', '2011-02-28 17:11:15', 62, 0, '0000-00-00 00:00:00', '2011-02-28 17:00:56', '0000-00-00 00:00:00', '', '', 'show_title=\nlink_titles=\nshow_intro=\nshow_section=\nlink_section=\nshow_category=1\nlink_category=1\nshow_vote=\nshow_author=1\nshow_create_date=1\nshow_modify_date=\nshow_pdf_icon=\nshow_print_icon=\nshow_email_icon=\nlanguage=\nkeyref=\nreadmore=', 2, 0, 21, '', '', 0, 358, 'robots=\nauthor='),
(24, 'Zune Pass on Android, Hack?', 'zune-pass-on-android-hack', '', '<h4>Have a Zune Pass and an HD2 running Android?  Use your Zune pass music on Android.</h4>\r\n\r\n&nbsp;&nbsp;&nbsp;&nbsp;&nbsp;&nbsp;&nbsp;&nbsp;&nbsp;&nbsp;For some time now I have had a Zune Music Pass.&nbsp;&nbsp;I also have an HD2 which I love for its flexibility and power.&nbsp;&nbsp;For the value of the two I really can''t complain.&nbsp;&nbsp;I''m not big on having multiple gadgets on me if I can help it.&nbsp;&nbsp;So I was ecstatic when I figured out how to sync my Zune Pass DRM''d music with my HD2 running Windows Mobile 6.5.&nbsp;&nbsp;With WinPh7, there is an app for that.  Getting it working on your WinMob6.5 is really just as easy.&nbsp;&nbsp;I''ll start with that and move on to the Android part.<br />\r\n<br />\r\n\r\n&nbsp;&nbsp;&nbsp;&nbsp;&nbsp;&nbsp;&nbsp;&nbsp;If you have a HD2, surprise, you can sync your Zune Pass music with it.&nbsp;&nbsp;First, connect the device to your computer.&nbsp;&nbsp;I prefer the USB cable.&nbsp;&nbsp;Make sure the Mobile Device Center loads up and connects to the HD2.<br />\r\n<br />\r\n&nbsp;&nbsp;&nbsp;&nbsp;&nbsp;&nbsp;&nbsp;&nbsp;&nbsp;&nbsp;Open up Windows Media Player.&nbsp;&nbsp;On the right hand side, click on the Sync Tab.&nbsp;&nbsp;Here you should see your device listed.&nbsp;&nbsp;You can now drag and drop your songs from your library to sync with your device.&nbsp;&nbsp;As long as your DRM rights are up to date, the music will continue to sync and play on your HD2 in Windows Media Player Mobile.<br />\r\n<br />\r\n&nbsp;&nbsp;&nbsp;&nbsp;&nbsp;&nbsp;&nbsp;&nbsp;&nbsp;&nbsp;Yes, it is really that easy.&nbsp;&nbsp;Now the really cool part I discovered by accident.&nbsp;&nbsp;I run an Android based ROM on my HD2.&nbsp;&nbsp;If you want to do this as well, please just run a search and you will find multiple articles on the subject.&nbsp;&nbsp;Just by chance, I was listening to music on my HD2 via the Android Music player.&nbsp;&nbsp;As it played, I realized these were songs under my Zune subscription.&nbsp;&nbsp;So, I found that, as long as the DRM is valid, even the Android Music Player will play your Zune Pass music.&nbsp;&nbsp;Kind of a round about way to do it, but it has worked for me.&nbsp;&nbsp;Hope that helps someone out there.<br />\r\n<br />\r\n\r\nJohn Reagan<br />\r\njreagan@boredbrains.net<br />\r\nwww.boredbrains.net<br />', '', 1, 6, 0, 12, '2011-03-03 18:08:51', 62, '', '0000-00-00 00:00:00', 0, 0, '0000-00-00 00:00:00', '2011-03-03 18:08:51', '0000-00-00 00:00:00', '', '', 'show_title=\nlink_titles=\nshow_intro=\nshow_section=\nlink_section=\nshow_category=1\nlink_category=1\nshow_vote=\nshow_author=1\nshow_create_date=1\nshow_modify_date=\nshow_pdf_icon=\nshow_print_icon=\nshow_email_icon=\nlanguage=\nkeyref=\nreadmore=', 1, 0, 20, '', '', 0, 7449, 'robots=\nauthor='),
(25, 'Boolean Search and Recruiting', 'boolean-search-and-recruiting', '', '<h4>Boolean Search, Great Sourcing Tool or Waste of Time?</h4>\r\n\r\n&nbsp;&nbsp;&nbsp;&nbsp;&nbsp;&nbsp;&nbsp;&nbsp;&nbsp;&nbsp;There are two questions that other recruiters seem to ask me the most frequently, and those are - "How do you find such great candidates?" and "How should I properly use boolean search strings?".&nbsp;&nbsp;To answer the former, I would say, "Hard work, diligent prospecting,  and a thorough understanding of my requirements!".&nbsp;&nbsp;For the latter, I would answer, "Well, that depends on what I am doing in my search."<br /><br />\r\n\r\n&nbsp;&nbsp;&nbsp;&nbsp;&nbsp;&nbsp;&nbsp;&nbsp;&nbsp;&nbsp;I think boolean search strings can be a great tool for sourcing candidates, but only if and when they are used appropriately.&nbsp;&nbsp;It is all too-often leaned upon by professional recruiters as the end-all be-all  of all sourcing efforts, and substituted instead of good old-fashioned elbow grease.&nbsp;&nbsp;When I tend to think it works well is when using it for setting up automated search strings where the results come to you once a day, and on a specific position;&nbsp;&nbsp;in this scenario, it is ideal.&nbsp;&nbsp;The results are sorted through by machine, providing a quick run-down and a neat data-set for review.&nbsp;&nbsp;The problem arises when a recruiter makes the critical mistake of believeing their sourcing labor ends with those results.&nbsp;&nbsp;If a recruiter is relying too heavily on the yield of developed search strings, they are not doing their client or their business any favors.<br /><br />\r\n&nbsp;&nbsp;&nbsp;&nbsp;&nbsp;&nbsp;&nbsp;&nbsp;&nbsp;&nbsp;In addition to running these developed search strings, I prefer to run a series of manual some-what generic search strings against my requirements throughout the day.&nbsp;&nbsp;The reasoning behind this is because we know boolean does produce specific results, and we also know that by that same nature, they can be very limiting.&nbsp;&nbsp;I almost always find that running the generic search strings in addition will yield more resumes to review for every client.&nbsp;&nbsp;They may not all be specific to the position, but there are many times they are applicable to other requirements I have available, and the extra effort I make in prospecting and research will pay dividends down the road.<br /><br /><br />\r\n\r\n&nbsp;&nbsp;&nbsp;&nbsp;&nbsp;&nbsp;&nbsp;&nbsp;&nbsp;&nbsp;"But there are so many resumes that come up when I run a general search, how can I possibly get through them all?"<br /><br /><br />\r\n\r\n&nbsp;&nbsp;&nbsp;&nbsp;&nbsp;&nbsp;&nbsp;&nbsp;&nbsp;&nbsp;The point here is not to get through them all, to reach a point of completion, but to hone your reading and assessment skills.&nbsp;&nbsp;The more intricately you know your open positions and what they require, the more you understand what the hiring company''s values are, the better your ability to match them with candidates.&nbsp;&nbsp;Spend time understanding the needs of your managers, teams and clients ... make yourself an expert on the company culture, expectations and preferences.&nbsp;&nbsp;Learn to read through a resume the way your hiring manager would read it.&nbsp;&nbsp;Look for the things they look for when reviewing.&nbsp;&nbsp;"Would this person make a good team fit?"&nbsp;&nbsp;"Would they excel in the position, given the environment?".&nbsp;&nbsp;As you become more effective at this task, your ability to assess a resume for a potential match will quickly increase in both speed and accuracy.<br /><br />\r\n\r\n&nbsp;&nbsp;&nbsp;&nbsp;&nbsp;&nbsp;&nbsp;&nbsp;&nbsp;&nbsp;Take time to make the boolean search strings.&nbsp;&nbsp;Leverage them as you need to do so.&nbsp;&nbsp;But don''t forget you are the front line of HR, your ability and experience is leaned on heavily to provide relevant and accurate results in a limited amount of time.&nbsp;&nbsp;Boolean search strings can help to find the best possible candidates, but finding all the possible candidates still is a feat accomplished through strategy, diligence and a lot of reading.\r\n<br />\r\n<br />\r\nJohn Reagan<br />\r\njreagan@boredbrains.net<br />\r\nwww.boredbrains.net<br />', '', 1, 6, 0, 12, '2011-03-08 03:50:04', 62, '', '2011-03-22 18:54:55', 62, 0, '0000-00-00 00:00:00', '2011-03-08 03:50:04', '0000-00-00 00:00:00', '', '', 'show_title=\nlink_titles=\nshow_intro=\nshow_section=\nlink_section=\nshow_category=\nlink_category=\nshow_vote=\nshow_author=\nshow_create_date=\nshow_modify_date=\nshow_pdf_icon=\nshow_print_icon=\nshow_email_icon=\nlanguage=\nkeyref=\nreadmore=', 3, 0, 19, '', '', 0, 688, 'robots=\nauthor='),
(26, 'Android Versus iOS', 'android-versus-ios', '', '<h4>Android versus iOS</h4>\r\n<img src="images/boredbrains/forblogs/google_android1.jpg" align="right" height="225px" width="225">\r\n&nbsp;&nbsp;&nbsp;&nbsp;&nbsp;&nbsp;&nbsp;&nbsp;&nbsp;&nbsp;I have always been a technology and gadget geek.  Having grown up coding on DOS-based systems since the Neolithic days of dial-up BBS servers and command-line interfaces, I have seen many pieces of software come and go.&nbsp;&nbsp;Some good, some not so good, some simply genius.&nbsp;&nbsp;Over the last 10 years I have been enamored, just like many other uber-geeks, by the massive proliferation of mini- and mobile-type devices found everywhere on the market today;&nbsp;&nbsp;my first real mini was the venerable Fujitsu P1110 ... think laptop with a tablet complex!&nbsp;&nbsp;Beyond that, I have always had some type of smart phone.&nbsp;&nbsp;It started with the Hitachi G1000, my first true convergence device - ugly as any Frankenstein, and just as big - but while most people merely dreamed of iPhone-type functionality, I already had it in my pocket!.<br /><br />\r\n\r\n&nbsp;&nbsp;&nbsp;&nbsp;&nbsp;&nbsp;&nbsp;&nbsp;&nbsp;&nbsp;Over these last years, I have had many units, and usually just as soon as they came out on the market (yes, ! am that guy).&nbsp;&nbsp;I''ve had a Palm Treo ... no, actually 2.&nbsp;&nbsp;Got the G1 when it first came out ... ah the long list of my miniaturized digital glory days runs on and on;&nbsp;&nbsp;I have even played with the iPhone, but was just not as impressed as the rest of the world.&nbsp;&nbsp;When I compare it to other mobile OSs I have used it tends to always remind me of the PalmOS from the Treo.&nbsp;&nbsp;Obviously with Apple building it, it gets the hugely glossy big-money corporate layover but it still strikes me as operationally too similar.&nbsp;&nbsp;Since I had already used this style of interface it just did not stick out to me.&nbsp;&nbsp;I also could not bring myself to digest the draconian contractual obligations of the strategy employed by both Apple and AT&T, as they each battle to neatly lock the end-users into their respective ecosystems.<br /><br />\r\n\r\n&nbsp;&nbsp;&nbsp;&nbsp;&nbsp;&nbsp;&nbsp;&nbsp;&nbsp;&nbsp;Then, like a note from heaven, like a beam of light from the cloudy autumn sky, came the Android.&nbsp;&nbsp;I got a G1 within the first couple of months of it''s initial release.&nbsp;&nbsp;It made such a profound impact on me that, even as a power user,  I remember saying to myself, "This is one device that is definitely going to give Microsoft and Apple an honest-to-goodness run for their big money."&nbsp;&nbsp;Even then you could still see the familiar interface of the desktop, application menu areas, and  most of the normal conventions we have in a desktop OS environment.&nbsp;&nbsp;At the same time, they leveraged the environment they created far beyond the normal expectations.&nbsp;&nbsp;And for my benefit, Android had the Alerts Tray, a huge step up versus any other OS on the market!<br /><br />\r\n\r\n&nbsp;&nbsp;&nbsp;&nbsp;&nbsp;&nbsp;&nbsp;&nbsp;&nbsp;&nbsp;These advances in UI/UX design from Android really put them out in the forefront of the mobile OS market, in my view.&nbsp;&nbsp;Delving into the ecosystem they created to support the devices, you begin to see other, even greater advantages;  for example, the Android OS runs on many devices, designs, and hardware specifications - and this can make for unlimited possibilities in the future.&nbsp;&nbsp;Compare this to the architecture-tethering stringency of iOS specifications and licensing, and you''re quickly stuck using the iPhone only, or at best, resort to constantly "jailbreaking" your iPhone.&nbsp;&nbsp;On top of that, you get stuck with being limited to apps from the iTunes App Store instead of having all the convenience and economy of the open-source strategy Google employs in leaving the Android market open and free.<br /><br />\r\n\r\n&nbsp;&nbsp;&nbsp;&nbsp;&nbsp;&nbsp;&nbsp;&nbsp;&nbsp;&nbsp;Everything around Android and it''s services is designed to provide the end-user with greater control of their digital environment and more available options, by sourcing its platform from external competition, innovation, and the power of the open marketplace.&nbsp;&nbsp;When I look at the iPhone I can only conclude they have the attitude, <br /><br /><em><b>\r\n"@ll y0ur m0n3y i5 0ur5."</b></em><br />\r\n<br />\r\nJohn Reagan<br />\r\njreagan@boredbrains.net<br />\r\nwww.boredbrains.net<br />', '', 1, 6, 0, 12, '2011-03-08 14:36:05', 62, '', '2011-03-22 18:28:59', 62, 0, '0000-00-00 00:00:00', '2011-03-08 14:36:05', '0000-00-00 00:00:00', '', '', 'show_title=\nlink_titles=\nshow_intro=\nshow_section=\nlink_section=\nshow_category=\nlink_category=\nshow_vote=\nshow_author=\nshow_create_date=\nshow_modify_date=\nshow_pdf_icon=\nshow_print_icon=\nshow_email_icon=\nlanguage=\nkeyref=\nreadmore=', 4, 0, 18, '', '', 0, 719, 'robots=\nauthor='),
(27, 'Paying for Privacy, the Facebook Possibility', 'paying-for-privacy-the-facebook-possibility', '', '<h4>Would you pay a monthly fee to completely control your privacy?</h4>\r\n<img src="images/boredbrains/forblogs/facebook-icon.png" align="right" height="225px" width="225">\r\n&nbsp;&nbsp;&nbsp;&nbsp;&nbsp;&nbsp;&nbsp;&nbsp;&nbsp;&nbsp;Facebook, Facebook, everywhere but no privacy to be found.&nbsp;&nbsp;Much like the, "Water, water everywhere but not a drop to drink." quote punned here, I think the questions that arise using Facebook are poetically fundamental.<br /><br />\r\n&nbsp;&nbsp;&nbsp;&nbsp;&nbsp;&nbsp;&nbsp;&nbsp;&nbsp;&nbsp;When Facebook started it was a members only situation.&nbsp;&nbsp;As it grew and the base of users spanned more than just collegiate alumni they continued to maintain the same working business model.&nbsp;&nbsp;As any company grows it must adapt.&nbsp;&nbsp;Change, transform completely at times to meet the needs of the market and the users.&nbsp;&nbsp;The privacy issues arising have not stifled the Facebook growth.&nbsp;&nbsp;As Facebook expands into more service avenues the privacy problem could become a real issue.<br /><br />\r\n&nbsp;&nbsp;&nbsp;&nbsp;&nbsp;&nbsp;&nbsp;&nbsp;&nbsp;&nbsp;Facebook recently announced acquisition of Pursuit.com.&nbsp;&nbsp;This is a job-search site similar in respect to LinkedIn.&nbsp;&nbsp;Going to the site currently only shows a nice place holder page outlining some features.&nbsp;&nbsp;Looks like some development is coming down the pipe.&nbsp;&nbsp;Recruiters have long used Facebook to find candidates and keep in touch with their respective networks.&nbsp;&nbsp; This combination will most likely provide a more official, and hopefully functional, platform for mining candidates on Facebook, perhaps across all social networks.<br /> <br />\r\n&nbsp;&nbsp;&nbsp;&nbsp;&nbsp;&nbsp;&nbsp;&nbsp;&nbsp;&nbsp;For recruiters and HR professionals this can sound like an ultimate tool.&nbsp;&nbsp;For candidates it is a pinnacle of giving up your privacy for some digital trinkets and bobbles.&nbsp;&nbsp;If you don''t like the idea of giving up your online anonymity, what would you pay to keep it, or control it?&nbsp;&nbsp;Let''s face it, you could go without a Facebook account and you could also put up a 20 foot wall around your house.&nbsp;&nbsp;It has become a part of the modern culture and has shaped many aspects of our current communication practices.<br /><br />\r\n\r\n&nbsp;&nbsp;&nbsp;&nbsp;&nbsp;&nbsp;&nbsp;&nbsp;&nbsp;&nbsp;So, what would it be worth to you, the end user, the consumer and the one whose information is being provided to advertisers and soon employers to control what is seen and by whom?&nbsp;&nbsp;The current privacy settings allow for this to some extent.&nbsp;&nbsp;Further granularity of control over what is actually shared with whom may be the next great service from Facebook.&nbsp;&nbsp;I could see easily spending $5 a month or more, depending on specific use, to maintain deep information access levels as Facebook begins to provide higher end services such as job-search and candidate representation.&nbsp;&nbsp;Perhaps the depth and breadth of the information access control could be so great as to warrant a specialist in the matter.&nbsp;&nbsp;It''s hard enough just managing group access and levels currently available.&nbsp;&nbsp;Now imagine on a corporate scale, with hundreds of broadcast communications both public and private.<br /><br />\r\n\r\n&nbsp;&nbsp;&nbsp;&nbsp;&nbsp;&nbsp;&nbsp;&nbsp;&nbsp;&nbsp;I think eventually, this is the only direction that will make sense for Facebook.&nbsp;&nbsp;They will need to find a way to curtail the largest Privacy issue in history causing user backlash.&nbsp;&nbsp;Allowing the user full control and decision to pay or waive privacy rights is the only fair market option I see available.&nbsp;&nbsp;They will have to formulate a price and structure that will allow them to cover the lost ad revenue while not appearing over-priced.<br /><br />\r\n\r\n&nbsp;&nbsp;&nbsp;&nbsp;&nbsp;&nbsp;&nbsp;&nbsp;&nbsp;&nbsp;So now that we have ruptured the personal information pipeline, that is Facebook, into the social ocean of the world, how much would you pay per month to put a personal valve on it?<br /> <br />\r\nJohn Reagan<br />\r\njreagan@boredbrains.net<br />\r\nwww.boredbrains.net<br />', '', 1, 6, 0, 12, '2011-03-08 17:48:14', 62, '', '2011-03-08 21:17:18', 62, 0, '0000-00-00 00:00:00', '2011-03-08 17:48:14', '0000-00-00 00:00:00', '', '', 'show_title=\nlink_titles=\nshow_intro=\nshow_section=\nlink_section=\nshow_category=\nlink_category=\nshow_vote=\nshow_author=\nshow_create_date=\nshow_modify_date=\nshow_pdf_icon=\nshow_print_icon=\nshow_email_icon=\nlanguage=\nkeyref=\nreadmore=', 2, 0, 17, '', '', 0, 272, 'robots=\nauthor='),
(28, 'Could $10 a Gallon Gas be a Good Thing?', 'could-10-a-gallon-gas-be-a-good-thing', '', '<h4>Gas, $10 a Gallon, Good, Yes...No?  Maybe?</h4>\r\n<img src="images/stories/gas_prices.gif" alt="Gas Prices" align="right" width="350" height="450"/>\r\n          I can already here everyone shouting at me on this, "Are you crazy!?!?!  Ten dollar a gallon gas a good thing, how can you even think that?".  Believe me I can understand how one might find me naive for just stating such a thing.  All I ask is that you hear me out, at the end, if you still think I''m "crazy" I''m sorry to have taken up your time.<br /><br />\r\n          To see an outline of possible effects of $10 a gallon gas, check out this article by Shirley Skeel on MSN from May of 2008:<br /><br />\r\n\r\n<a href="http://articles.moneycentral.msn.com/SavingandDebt/SaveonaCar/WhatIfGasCost10DollarsAGallon.aspx?page=1">What if gas cost $10 a gallon?</a><br /><br />\r\n\r\n          If you stopped to read the article, you may have noticed, the author sites gas hitting $10 a gallon with a crude price of $350 a barrel.  If we look at the ratios today, we can see where a gallon of gas could possibly hit that mark at just over $250 a barrel.  Have the ratios changed, absolutely.  Will you continue to pay more per gallon in the near and distant future, of course, we all will.<br /><br />\r\n          Keep in mind that article is from 2008.  We were just starting to crash hard economically at that point.  So part of what has kept those prices down has been lower demand, due to fewer commutes and more frugally minded consumers.  As the economy begins to gain steam, we will see the demand increase as well as the prices.  The civil based issues in supplier countries are also compounding the problems.  Is this really any different from 2008?  Come to think of it, is this any different from 1970?<br /><br />\r\n          We knew then that we had a dependency issue with oil.  Let''s be honest here, the issue is not just foreign oil, but oil as a whole.  Unlike other replenish-able commodities we can not put a oil seed in the ground, tend it and come back to harvest.  The sad reality in this is that we have known for decades we need to find alternative solutions.  I don''t mean alternative in the sense of supplemental either, I mean complete replacements.  Even new societal life strategies for living a possibly "oil addiction free" life.<br /> <br />\r\n          You''re probably thinking, I''ve pretty much killed my point?  That all I''m showing is how horrible the world would be should $10 a gallon gas become the norm.  Actually, no.  As a society we take no action that is not directly required of us.  So until the system in place strains to the point of breaking or actually becomes broken, we take little to no action.  It is just really hard to get that many people living individually to come together in unison.  To accomplish mass mutual reaction, we must impact people at the daily core of their lives.  In American history we find that these are the only times in which we as a people come together collectively to solve problems and grow as a society.<br /><br />\r\n          I am not saying that these gas prices are some sort of conspiracy to get us to take action, to refocus on areas of scientific, technological and social development to come to collective conclusions.  Far from it, these are inevitabilities when living on non-replenish-able resources.  We just have a good solid producing industry in oil addiction so why break a good thing early.  It works, don''t look to fix it.  With the possibility becoming more and more real, maybe it is the driver needed to get people to focus on true energy generation replacements.  The driver that produces a whole new way of harnessing energy for use.  Perhaps it will even challenge the conventional concepts of physics and quantum mechanics propelling us to a new and beautiful future.<br /><br />  \r\n          This $10 a gallon gas situation could lead to a call for nation-wide mass transit.  With the majority of society feeling the pinch, getting on the buses and rails and coming to the conclusion, it is very time consuming to use these services, maybe the focus will shift to better funding of these services.  Providing much needed resources to expand and develop the overall offerings to be efficient and effective.  Maybe we will finally see the development of high-speed or Maglev super trains to get workers to the urban cores that need them from more job impoverished locations.  Combined with busing, internal to the urban and suburban centers, or other foot traffic to road methods of transport.<br /><br />\r\n          These are just a couple of new possibilities that can come about from $10 a gallon gas.  I think what scares us the most is we are not ready for it.  If these possibilities were already in play, or close to completion, the gas issue would not be an issue.  Perhaps they are happening right now.  Maybe your neighbor has a new technology or method they are working on in their garage and just waiting to release it.  Maybe a new routing algorithm is being developed at IBM to more effectively route mass transit traffic.  It is hard to say.<br /><br />\r\n          Hey, we can all hope.  But what has to happen for us to act?<br /><br />\r\nJohn Reagan<br />\r\njreagan@boredbrains.net<br />\r\nwww.boredbrains.net<br />', '', -2, 6, 0, 12, '2011-03-09 15:23:17', 62, '', '2011-03-09 15:34:21', 62, 0, '0000-00-00 00:00:00', '2011-03-10 08:00:00', '0000-00-00 00:00:00', '', '', 'show_title=\nlink_titles=\nshow_intro=\nshow_section=\nlink_section=\nshow_category=1\nlink_category=1\nshow_vote=\nshow_author=1\nshow_create_date=1\nshow_modify_date=\nshow_pdf_icon=\nshow_print_icon=\nshow_email_icon=\nlanguage=\nkeyref=\nreadmore=', 8, 0, 0, 'Oil, crude, gas, mpg, change, gallon, barrel', 'Could $10 a gallon gas be a good thing?', 0, 3, 'robots=\nauthor='),
(29, 'Could $10 a Gallon Gas be a Good Thing?', 'could-10-a-gallon-gas-be-a-good-thing', '', '<h4>Gas, $10 a Gallon, Good, Yes...No?  Maybe?</h4>\r\n<img src="images/stories/gas_prices.gif" alt="Gas Prices" align="right" width="350" height="450"/>\r\n&nbsp;&nbsp;&nbsp;&nbsp;&nbsp;&nbsp;&nbsp;&nbsp;&nbsp;&nbsp;I can already hear everyone shouting at me on this, "Are you crazy!?&nbsp;&nbsp;Ten dollars-a-gallon?&nbsp;&nbsp;And you think that is a good thing?&nbsp;&nbsp;Have you gone mad, sir?".&nbsp;&nbsp;Believe me.&nbsp;&nbsp;I can understand how one might think I am being naive for stating such a thing, but hear me out for a minute and if you still think I am "crazy" ... then I will apologize, and admit wasting your time!&nbsp;&nbsp;But before you write me off, take a look at this article by Shirley Skeel from MSN from May of 2008:<br /><br />\r\n\r\n<a href="http://articles.moneycentral.msn.com/SavingandDebt/SaveonaCar/WhatIfGasCost10DollarsAGallon.aspx?page=1">What if gas cost $10 a gallon?</a><br /><br />\r\n\r\n&nbsp;&nbsp;&nbsp;&nbsp;&nbsp;&nbsp;&nbsp;&nbsp;In her article, you may have noticed Shirley cites the spectacle of that terrifying threshold of $10 a gallon for domestic gasoline, with a crude price-per-barrel of $350 ...  But if we look at the ratios today, we can easily see that a gallon of gas could actually hit that mark at just over $250 a barrel.&nbsp;&nbsp;Have the ratios changed?&nbsp;&nbsp;Will you pay more per-gallon in the near future?&nbsp;&nbsp;Well, of course you will ... but so will we all.<br /><br />\r\n&nbsp;&nbsp;&nbsp;&nbsp;&nbsp;&nbsp;&nbsp;&nbsp;&nbsp;&nbsp;Keep in mind that this article is from 2008, and we were just beginning the precipitous slide into the economic abyss that we still find ourselves struggling with today as a nation, and indeed, as participants in the entire stricken global economy.&nbsp;&nbsp;So, clearly part of what has kept those prices down can be said to arise from a  decrease in demand as a result of fewer commuters to their jobs, less fuel and oil consumables consumed, and of course, more pessimistic and frugal spenders.<br /><br />\r\n&nbsp;&nbsp;&nbsp;&nbsp;&nbsp;&nbsp;&nbsp;&nbsp;&nbsp;&nbsp;As the recovering economy begins to gain steam, we should see the expected uptick in demand to match the increase in prices;&nbsp;&nbsp;but what we now have to factor into the equation is the knowledge that Shirley could not have had at the time she wrote this article... the current civil unrest and possible domino effect in our oil-producing ''allies'' such as Libya and Egypt.&nbsp;&nbsp;As we find ourselves in a historical democratic movement, how can we possibly dictate how it will all play out with the US consumer in mind?&nbsp;&nbsp;How can we even know if the OPEC of last year will still  exist next year?<br /><br />\r\nBut is this really any different from 2008?  Come to think of it, is this any different from 1970?<br /><br />\r\n&nbsp;&nbsp;&nbsp;&nbsp;&nbsp;&nbsp;&nbsp;&nbsp;&nbsp;&nbsp;We knew then we had a deep dependency issue with oil and let''s be honest here, the issue is not just with foreign oil, but all oil; oil as a consumable commodity ... the whole paradigm is faulty.&nbsp;&nbsp;Unlike other fully replenishable and renewable commodities, we can not put a oil seed in the ground and watch it, tend it and then count on coming back to harvest it.  The sad reality in this is that we have known for decades that we need to find alternative solutions.  I don''t mean alternative in the sense of supplemental, or optional, I mean complete replacements.&nbsp;&nbsp;Additionally, we can supercharge this effort and possibly still stave off our impending destruction by adopting renewable-focused societal life strategies for living an "oil-addiction-free" life based in the principles of resource allocation, partnership and innovation.<br /> <br />\r\n&nbsp;&nbsp;&nbsp;&nbsp;&nbsp;&nbsp;&nbsp;&nbsp;&nbsp;&nbsp;So again, how terrible would it be if the US market should see $10-a-gallon gas as the new normal?&nbsp;&nbsp;Some may agree that the end-result might not be so terrible as it seems at first glance, and only measuring with an economic yardstick.&nbsp;&nbsp;As has been said, whats the worst thing that can happen?&nbsp;&nbsp;That we just might make the world a better place for our children to live, breath,  and play in?<br /><br />\r\n&nbsp;&nbsp;&nbsp;&nbsp;&nbsp;&nbsp;&nbsp;&nbsp;&nbsp;&nbsp;The troubling issue I have noticed in our modern digital society is that we tend to take no action outside of our own private sphere unless it is directly required of us;  so until the system in place strains to the point of breaking, or actually becomes broken, we take little to no action to fix it.&nbsp;&nbsp;It is really hard to get that many people, living individually in a free democracy, to come together in unison on much of anything ... these days especially.&nbsp;&nbsp;To accomplish this much-needed mass mutual reaction, we must impact people at the daily core of their lives;&nbsp;&nbsp;in American history, we find that these are the only times in which we, as a people, are able to come together collectively to solve these societal ills and mature as a nation.<br /><br />\r\n&nbsp;&nbsp;&nbsp;&nbsp;&nbsp;&nbsp;&nbsp;&nbsp;&nbsp;&nbsp;One great idea we have been hearing about is a call for a more robust nation-wide mass transit and rail system throughout the states.&nbsp;&nbsp;With the majority of society now feeling the gas pinch, getting on the buses and rails will be more acceptable than ever, and it is the duty of any responsible democracy to focus on developing our national infrastructure to encourage the growth of business.&nbsp;&nbsp;Not only does this provide a much-needed employment boost for our local communites, it also is an investment in our future as it is a critical open invitation for business investment and manufacturing opportunities.&nbsp;&nbsp;These economic facts make it imperative to bring about a societal shift in our politics and our funding choices in order to protect ourselves from the coming oilpocalypse.<br /><br />\r\n&nbsp;&nbsp;&nbsp;&nbsp;&nbsp;&nbsp;&nbsp;&nbsp;&nbsp;&nbsp;As a democratic society, we have the responsibility to see to our future, and we will likely have to endure a calamity before we make the change if we just stand around and wait for it to happen. <br /><br />\r\n&nbsp;&nbsp;&nbsp;&nbsp;&nbsp;&nbsp;&nbsp;&nbsp;&nbsp;&nbsp;Hey, we can all hope. But what has to happen for us to act?<br /><br />\r\n\r\nJohn Reagan<br />\r\njreagan@boredbrains.net<br />\r\nwww.boredbrains.net<br />', '', 1, 6, 0, 12, '2011-03-09 15:37:57', 62, '', '2011-03-22 19:18:42', 62, 0, '0000-00-00 00:00:00', '2011-03-09 15:37:57', '0000-00-00 00:00:00', '', '', 'show_title=\nlink_titles=\nshow_intro=\nshow_section=\nlink_section=\nshow_category=1\nlink_category=1\nshow_vote=\nshow_author=1\nshow_create_date=\nshow_modify_date=\nshow_pdf_icon=\nshow_print_icon=\nshow_email_icon=\nlanguage=\nkeyref=\nreadmore=', 9, 0, 16, '', '', 0, 772, 'robots=\nauthor=');
INSERT INTO `jos_content` VALUES
(30, 'Personal Information and Top Performers', 'personal-information-and-top-performers', '', '<h4>Charlie Sheen, Personal Information and Top Performers</h4>\r\n<img src="images/boredbrains/forblogs/noprivacy.png" alt="Gas Prices" align="right" width="300" height="240"/>\r\n\r\n&nbsp;&nbsp;&nbsp;&nbsp;&nbsp;&nbsp;&nbsp;&nbsp;&nbsp;&nbsp;In today''s social networking climate, I often hear much ado regarding the power of Facebook and other social networks for candidate sourcing.&nbsp;&nbsp;Popularity notwithstanding, I am often left to wonder as to the validity of using these sources for hiring criteria, but  hundreds, if not thousands, of recruiters and HR professionals get online daily and search for candidates using these networks as their main resource.&nbsp;&nbsp;It is not so much the use of these networking sources for leads that I see as the issue, but rather when using this personal information as a basis for filling specific needs in a hiring organization. <br /><br />\r\n\r\n&nbsp;&nbsp;&nbsp;&nbsp;&nbsp;&nbsp;&nbsp;&nbsp;&nbsp;&nbsp;As a hiring or staffing agent, your main requirement is to find the people that can complete the work.&nbsp;&nbsp;In the long term you look for how they will fit the company culture and specific group dynamic in which they will be working.&nbsp;&nbsp;Once hired we request our employees to keep their personal and professional life separate in our environment, so is it right for us to judge them based on personal idioms we find reflected in their online profile?&nbsp;&nbsp;When I ask them, as an employer, to keep their personal life out of work in order to retain a professional environment, is it ethical to review that information on my own to determine eligibility for employment or continued employment?&nbsp;&nbsp;Some might say ''no''.<br /> <br />\r\n\r\n&nbsp;&nbsp;&nbsp;&nbsp;&nbsp;&nbsp;&nbsp;&nbsp;&nbsp;&nbsp;Take, for example, the recent explosion of media coverage regarding our current sensation and flavor-of-the-week, Charlie Sheen.&nbsp;&nbsp;Although he appears to be a top producer for his previous network, would you then be inclined to offer him more leeway in regard to personal conduct and behavior in your own organization?&nbsp;&nbsp;We understand that getting a top producer is hard enough, and finding the best talent to fill your needs is certainly a job unto itself.&nbsp;&nbsp;You should consider what you would be willing to allow for someone at this level and then be sure to apply that same threshold across the board, no matter the  performance level of your employees.&nbsp;&nbsp;This will bring into alignment your company''s ethical and moral code and standardize your expectations across your employee base in order to strengthen and bolster your next move ... which is to enforce these expectations at all levels, without exception.&nbsp;&nbsp;The only way to keep your organization legal is by enforcing your company''s moral and ethical requirements equally, and without regard to their status or level inside your organization, and treat everyone up to the CEO exactly the same as you would a production line worker.<br /><br />  \r\n\r\n&nbsp;&nbsp;&nbsp;&nbsp;&nbsp;&nbsp;&nbsp;&nbsp;&nbsp;&nbsp;A company must always maintain this ethical consistency in their enforcement of Codes of Conduct, and a thorough review by your legal department is also suggested to assure you are in alignment with all federal, state, and local regulations.&nbsp;&nbsp;This will provide a clear outline as to what behavior is considered  detrimental to the company image and which could potentially cause harm to the business as a whole. <br /><br />\r\n \r\n&nbsp;&nbsp;&nbsp;&nbsp;&nbsp;&nbsp;&nbsp;&nbsp;&nbsp;&nbsp;Inside an HR Department, where these issues often first come to light, one strategy might be to have management request that employees set their personal profiles to private and only share with their personal network.&nbsp;&nbsp; Employees then are requested to make company related contact through a corporate sponsored profile rather than their personal one.<br /><br />\r\n\r\n&nbsp;&nbsp;&nbsp;&nbsp;&nbsp;&nbsp;&nbsp;&nbsp;&nbsp;&nbsp;It is best, in my mind, to keep the personal and professional universes as separate as possible, in the interest of the company as well as the individual employee.&nbsp;&nbsp;Responsible hiring managers should always review candidates based solely on their ability to perform the task at hand, get along with their potential teammembers, and assist the company in achieving it''s objectives.<br /><br />\r\n \r\n&nbsp;&nbsp;&nbsp;&nbsp;&nbsp;&nbsp;&nbsp;&nbsp;&nbsp;&nbsp;Always take any personal information you can find on a social networking site as just that ... personal.<br /><br />\r\n\r\nInspired by this ERE.net article: <a href="http://www.ere.net/2011/03/15/hiring-charlie-sheen-separating-the-personal-from-the-professional/#more-17881">Hiring Charlie Sheen</a><br /><br />\r\n\r\nJohn Reagan<br />\r\njreagan@boredbrains.net<br />', '', 1, 6, 0, 12, '2011-03-16 23:16:17', 62, '', '2011-03-16 23:31:05', 62, 0, '0000-00-00 00:00:00', '2011-03-16 23:16:17', '0000-00-00 00:00:00', '', '', 'show_title=\nlink_titles=\nshow_intro=\nshow_section=\nlink_section=\nshow_category=\nlink_category=\nshow_vote=\nshow_author=\nshow_create_date=\nshow_modify_date=\nshow_pdf_icon=\nshow_print_icon=\nshow_email_icon=\nlanguage=\nkeyref=\nreadmore=', 3, 0, 15, '', '', 0, 233, 'robots=\nauthor='),
(31, 'Some Signs of a GREAT Coder', 'some-signs-of-a-great-coder', '', 'Some Signs I''ve found in GREAT Coders\r\n\r\nOver the many years I''ve reviewed potentially millions of resumes.   I can''t remember them all, but I try my best.  There are various things I have found in these professional profiles that can indicate a GREAT coder versus an OK one.  Of course this really all depends on your specific need, but if you are looking for some long term folks for your organization, ones that can grow as your needs grow, there are some specific things you can look for in a resume to queue you into this potential.\r\n\r\nThere are always the general items, lets say you''re looking for a mid level developer.  One that can code in a few specific languages but broad enough to look for solutions to your greater coding problems.  The usual review will yield their gains in experience.  The usual list of specific language hard skills for which you are searching.  The gains in responsibility as the the years progressed, or in vice versa, as most resumes start with the most recent experience.  You''ve reviewed the resume, found the items you look for in a possible candidate.', '', 0, 6, 0, 12, '2011-03-22 17:33:03', 62, '', '0000-00-00 00:00:00', 0, 0, '0000-00-00 00:00:00', '2011-03-22 17:33:03', '0000-00-00 00:00:00', '', '', 'show_title=\nlink_titles=\nshow_intro=\nshow_section=\nlink_section=\nshow_category=\nlink_category=\nshow_vote=\nshow_author=\nshow_create_date=\nshow_modify_date=\nshow_pdf_icon=\nshow_print_icon=\nshow_email_icon=\nlanguage=\nkeyref=\nreadmore=', 1, 0, 14, '', '', 0, 0, 'robots=\nauthor='),
(32, 'Your Parents Had it Better, ask for 50% More', 'your-parents-had-it-better-ask-for-50-more', '', '<h4>Why your parents had it better and you should ask for 50% more</h4>\r\n\r\n<a title=''By Dirtyharry667 in the english Wikipedia [Public domain], from Wikimedia Commons'' href=''http://commons.wikimedia.org/wiki/File:Sohio_sign.jpg''><img width=''240'' alt=''Sohio sign'' src=''http://upload.wikimedia.org/wikipedia/commons/2/26/Sohio_sign.jpg'' align=''right''/></a>\r\n\r\n&nbsp;&nbsp;&nbsp;&nbsp;&nbsp;&nbsp;&nbsp;&nbsp;&nbsp;&nbsp;I read an article over the weekend, cited below, that showed how the gains in American productivity over the last 20 years compared to compensation.&nbsp;&nbsp;Ever feel like you are not being compensated for the amount you produce?&nbsp;&nbsp;According to this article you are absolutely correct.&nbsp;&nbsp;Over the 20 year period cited, 1989 to 2009, the productivity of the American worker has risen 80%.&nbsp;&nbsp;While total compensation in the private sector for college grads has risen 17.9% and 20.5% in the public sector.<br /><br />\r\n\r\n&nbsp;&nbsp;&nbsp;&nbsp;&nbsp;&nbsp;&nbsp;&nbsp;&nbsp;&nbsp;These numbers are not too shocking in comparison of the wages and productivity.&nbsp;&nbsp;There are gains in productivity provided by new tools, new processes and most of all more "man hours" provided by employees who do not want to be unemployed in this market.&nbsp;&nbsp;This isn''t the reason I write these words.&nbsp;&nbsp;This is just one half of the reason.&nbsp;&nbsp; Let''s bring inflation over that same period into the discussion.<br /><br />\r\n\r\n&nbsp;&nbsp;&nbsp;&nbsp;&nbsp;&nbsp;&nbsp;&nbsp;&nbsp;&nbsp;When I pull the total rate of inflation over the same  period, we can see a 73+% increase over that 20 year period.&nbsp;&nbsp;So, let us take the increase in wages and subtract it from the inflation rate.&nbsp;&nbsp;We are left with a negatively impacting 53%, working off the most positive numbers for wages.&nbsp;&nbsp;This would mean that your parents had a great buying power with their money by 53%!!!!!&nbsp;&nbsp;If they made $60,000 a year in 1989, it had the buying power of $91,800 in todays economy.&nbsp;&nbsp;If they made $100,000 it had an equivilent buying power of $153,000 today!<br /><br />\r\n\r\n&nbsp;&nbsp;&nbsp;&nbsp;&nbsp;&nbsp;&nbsp;&nbsp;&nbsp;&nbsp;These numbers I put out there are in some ways, the best scenario rates.&nbsp;&nbsp;Consider what the Median Income rates are currently versus in 1989.&nbsp;&nbsp;There has not been much of an increase there either.&nbsp;&nbsp;There has been a gain of about $10,000.&nbsp;&nbsp;With regards to the buying power lost, that same group should have seen an increase of $15,000 to $20,000 to keep pace with inflation.&nbsp;&nbsp;Incorporate now the fact that our productivity has seen 80% gains and it is obvious you work more, make less and can buy less.<br /><br />\r\n\r\n&nbsp;&nbsp;&nbsp;&nbsp;&nbsp;&nbsp;&nbsp;&nbsp;&nbsp;&nbsp;Next time you start a salary negotitation ask yourself, "Will this make me better off than my parents were?"&nbsp;&nbsp;If the answer is "No" then you should ask for 50% more.<br /><br />\r\n\r\n<a href="http://www.huffingtonpost.com/2011/03/18/wages-productivity-report_n_837814.html">Huffington Post Article on Compensation vs. Productivity</a><br /><br />\r\n\r\n<a href="http://www.coinnews.net/tools/cpi-inflation-calculator/">Inflation Calculator</a><br /><br />\r\nJohn Reagan<br />\r\njreagan@boredbrains.net<br />', '', 1, 6, 0, 12, '2011-03-24 14:41:09', 62, '', '0000-00-00 00:00:00', 0, 0, '0000-00-00 00:00:00', '2011-03-24 14:41:09', '0000-00-00 00:00:00', '', '', 'show_title=\nlink_titles=\nshow_intro=\nshow_section=\nlink_section=\nshow_category=\nlink_category=\nshow_vote=\nshow_author=\nshow_create_date=\nshow_modify_date=\nshow_pdf_icon=\nshow_print_icon=\nshow_email_icon=\nlanguage=\nkeyref=\nreadmore=', 1, 0, 13, '', '', 0, 209, 'robots=\nauthor='),
(33, 'Oil Crisis?  More Production?  We have all we need.', 'oil-crisis-more-production-we-have-all-we-need', '', '<h4>"Oil Crisis?  More Production?  Why?  We have all we need."</h4>\r\n<br /><br />\r\n<img src="images/boredbrains/forblogs/no_oil.gif" alt="no_oil" align="right" width="300" height="240"/>\r\n&nbsp;&nbsp;&nbsp;&nbsp;&nbsp;&nbsp;&nbsp;&nbsp;&nbsp;&nbsp;Among the issues running rampant in the street these days, I constantly hear about how we need to bolster our oil production.&nbsp;&nbsp;How we need to frack for more energy resources.&nbsp;&nbsp;I guess what I don''t understand is, "why?".&nbsp;&nbsp;There is no oil shortage or production issue I can see here.&nbsp;&nbsp;There is more a shortage of action due to excessive greed.&nbsp;&nbsp;Let me explain before you write this off as a conspiracy piece.<br /><br />\r\n    &nbsp;&nbsp;&nbsp;&nbsp;&nbsp;&nbsp;&nbsp;&nbsp;&nbsp;&nbsp;It is no secret how much oil companies are profiting in the current environment.&nbsp;&nbsp;It is also no secret the America is no longer the main focus market for these companies.&nbsp;&nbsp;So why do we protect them, their financial interests and let them get away with suppressing or holding back technologies that would allow the use of less or no gasoline at all?&nbsp;&nbsp;No, I''m not talking about the electric car.&nbsp;&nbsp;They are cute and a decent direction for continuing to support our energy industries, but you are just feeding another incumbent group who''s old perspectives allow them to further take advantage of the situation, i.e. your power company.<br /><br />\r\n     &nbsp;&nbsp;&nbsp;&nbsp;&nbsp;&nbsp;&nbsp;&nbsp;&nbsp;&nbsp;For decades now oil production companies have had technology to yield greater than 1,000 miles per gallon in the average size car.&nbsp;&nbsp;That is not a typo, that is not a made up number, that is a documented fact.&nbsp;&nbsp;So where is it?  If oil companies are working directly with car manufacturers to produce car power plants, why has this technology not reached the mainstream?<br /><br />\r\n     &nbsp;&nbsp;&nbsp;&nbsp;&nbsp;&nbsp;&nbsp;&nbsp;&nbsp;&nbsp;I can understand why this would be the case.  It makes complete business sense to maximize your future production outputs on a limited resource and its associated uses by your consumers.&nbsp;&nbsp;Does it makes sense from a consumer perspective?&nbsp;&nbsp;Absolutely NOT.&nbsp;&nbsp;Even from a citizenship perspective, this would be considered controlling the market for your produced commodity to fix the price and your estimated profits.&nbsp;&nbsp;In short it should be considered treason against the American people and their way of life.<br /><br />\r\n     &nbsp;&nbsp;&nbsp;&nbsp;&nbsp;&nbsp;&nbsp;&nbsp;&nbsp;&nbsp;Let''s take this a little further and show how these larger companies leverage the government in place for their own ends.&nbsp;&nbsp;Not so long ago an independent inventor designed a device that when put on any car, with any motor would double the mileage.&nbsp;&nbsp;A simple pressurized steaming device it would inject a bit of steam into the intake manifold.&nbsp;&nbsp;Pretty simple really, yet the yield was tremendous.&nbsp;&nbsp;This patent was purchased and shelved.&nbsp;&nbsp;The inventor did not make another.<br /><br />\r\n     &nbsp;&nbsp;&nbsp;&nbsp;&nbsp;&nbsp;&nbsp;&nbsp;&nbsp;&nbsp;A couple decades after this during the 1970''s fuel issues, another individual had a great idea about how to increase mileage.&nbsp;&nbsp;He created a vapor system which vaporized the gas completely prior to putting to the cylinder to be burned.&nbsp;&nbsp;Currently, even with the advanced injector systems we have today, the fuel is a mist, still droplets.&nbsp;&nbsp;This is not the most efficient use of gasoline.&nbsp;&nbsp;Liquid gas does not burn, the fumes or vapor is what burns.&nbsp;&nbsp;Simply, to get the most efficient burn from your fuel it should be vaporized prior to being put into the cylinders.&nbsp;&nbsp;You can expect to see 100mpg or better using a system such as this one.&nbsp;&nbsp;The creator of this system, refused to sell it to the oil companies who constantly harassed him about it.&nbsp;&nbsp;He was found dead in the desert, overdosed on pills and alcohol.&nbsp;&nbsp;Does that sound like something the inventor of a device that would change the way we view driving our cars would have done to himself?<br /><br />\r\n     &nbsp;&nbsp;&nbsp;&nbsp;&nbsp;&nbsp;&nbsp;&nbsp;&nbsp;&nbsp;Which brings me to the early to late nineties and an inventor by the name of Paul Pantone.&nbsp;&nbsp;Mr. Pantone developed an additional method to the vapor usage by introducing, pressure and magnetic force to the system.&nbsp;&nbsp;This causes the vapor to become a plasma.&nbsp;&nbsp;Ultimately separating the molecules to their individual atoms.&nbsp;&nbsp;This means an engine using Mr. Pantone''s GEET Reactor can use most anything as a fuel.&nbsp;&nbsp;That is correct, use most anything.&nbsp;&nbsp;This device has shown the possibility of running a combustion engine on salt water, soda and runs best on mixtures of crude oil and water.&nbsp;&nbsp;It also runs cleaner.&nbsp;&nbsp;By burning plasma vapors you achieve such a high burn temperature that no carbon is built up.  This also leads to greater engine life, increased horsepower and torque.  <br /><br />\r\n     &nbsp;&nbsp;&nbsp;&nbsp;&nbsp;&nbsp;&nbsp;&nbsp;&nbsp;&nbsp;Amazing, right?&nbsp;&nbsp;Well then why would this not be on every single engine currently in use?&nbsp;&nbsp;If we look at the historical precedent, we can see that Mr. Pantone has also been met with extreme measures to obtain his patent rights and ultimately suppress his technology.&nbsp;&nbsp;He went through a long road of out right inhumane practices to try and coerce him into releasing his patents to the government and eventually the oil companies.&nbsp;&nbsp;Luckily for us and the rest of the world community Mr. Pantone held strong.&nbsp;&nbsp;He teaches the technology and sells rights for distributors.  I got the honor of speaking briefly to Mr. Pantone.&nbsp;&nbsp;Even though it was short, it was very informative.  <br /><br />\r\n     &nbsp;&nbsp;&nbsp;&nbsp;&nbsp;&nbsp;&nbsp;&nbsp;&nbsp;&nbsp;Sadly, due to the conditions he has faced and the lack of acceptance her in the US, Mr. Pantone has decided to move abroad.&nbsp;&nbsp;Where other countries are accepting of his technology and putting it into practice.&nbsp;&nbsp;To me this is the highest example of the degradation of our social system.&nbsp;&nbsp;No longer can the individual come up with a "better mouse trap" and expect to reap the benefits.&nbsp;&nbsp;Instead they can expect ridicule, threats and potentially even physical harm for trying to make the lives of others better.  <br /><br />\r\n     &nbsp;&nbsp;&nbsp;&nbsp;&nbsp;&nbsp;&nbsp;&nbsp;&nbsp;&nbsp;These are just small examples of the injustices organizations such as Occupy Wall Street should be sighting.&nbsp;&nbsp;This isn''t just about financial companies and the mess they caused selling bad loans, but all instances where a corporation has leveraged their knowledge and trust from our society even our civility to perform white collar crimes.&nbsp;&nbsp;All the time knowing what they are doing is wrong, but really who will hold them accountable?&nbsp;&nbsp;The government, as in Congress or the White House?&nbsp;&nbsp;Not very likely.&nbsp;&nbsp;It only leaves us, the citizens to hold them all accountable, financiers, corporate execs, and our Congress.  <br /><br />\r\n     &nbsp;&nbsp;&nbsp;&nbsp;&nbsp;&nbsp;&nbsp;&nbsp;&nbsp;&nbsp;I will let you in on this huge secret once more, "There is no oil crisis, there is no need for further drilling.&nbsp;&nbsp;There is only a need for action to use technology that has been around for decades."<br /><br />\r\n~J.<br /><br />', '', 1, 6, 0, 12, '2011-10-28 15:19:15', 62, '', '2011-12-11 14:30:41', 62, 0, '0000-00-00 00:00:00', '2011-10-28 15:19:15', '0000-00-00 00:00:00', '', '', 'show_title=0\nlink_titles=\nshow_intro=\nshow_section=\nlink_section=\nshow_category=\nlink_category=\nshow_vote=\nshow_author=\nshow_create_date=\nshow_modify_date=\nshow_pdf_icon=\nshow_print_icon=\nshow_email_icon=\nlanguage=\nkeyref=\nreadmore=', 6, 0, 12, '', '', 0, 160, 'robots=\nauthor='),
(34, 'Save the Endangered Consumer', 'save-the-endangered-consumer', '', '<h4>Save the Endangered Consumer and Save Yourself</h4>\r\n<br /><br />\r\n&nbsp;&nbsp;&nbsp;&nbsp;&nbsp;&nbsp;&nbsp;&nbsp;&nbsp;&nbsp;As I sit here in the early AM pondering our economy,&nbsp;&nbsp;our policies and accepted ethics as a society,&nbsp;&nbsp;I wonder why it is we do not protect the main resource of our economy?&nbsp;&nbsp;&nbsp;&nbsp;We do everything we can to protect and serve the providers of goods and services.&nbsp;&nbsp;&nbsp;&nbsp;We make laws and compensations to encourage them to grow here in the US and per trickle down economics expect our quality of life to grow year over year,&nbsp;&nbsp;generation over generation.<br/> <br/>\r\n&nbsp;&nbsp;&nbsp;&nbsp;&nbsp;&nbsp;&nbsp;&nbsp;&nbsp;&nbsp;When I consider how our economy is setup,&nbsp;&nbsp;where the main driving force comes from in the equation is the same place it comes from in our political realm,&nbsp;&nbsp;the mass of people.&nbsp;&nbsp;&nbsp;&nbsp;In politics this is provided by each individual providing their singular power to the government to wield on their behalf while they go on living their life as a citizen.&nbsp;&nbsp;&nbsp;&nbsp;In our economy the same is true.&nbsp;&nbsp;&nbsp;&nbsp;But these people are not providing their citizen power,&nbsp;&nbsp;but rather their monetary empowerment as a consumer.&nbsp;&nbsp;&nbsp;&nbsp;In the equation of economy we have established,&nbsp;&nbsp;consumer spending accounts for 70% of our overall economy.&nbsp;&nbsp;&nbsp;&nbsp;This would be a major driver for our growth as a nation and productive power in the world.&nbsp;&nbsp;&nbsp;&nbsp;So then why do we cater our rules and regulations to favor the providers of goods and services over the consumer?&nbsp;&nbsp;&nbsp;&nbsp;To protect our way of life, we must protect the consumer as if they were a endangered species.\r\n&nbsp;&nbsp;&nbsp;&nbsp;&nbsp;&nbsp;&nbsp;&nbsp;&nbsp;&nbsp;The idea in a consumer driven society is to keep the consumer consuming.&nbsp;&nbsp;&nbsp;&nbsp;This is not possible when the consumer continually has less and less monetary power to distribute due to mechanisms such as inflation and speculation which lead to the declines of value in the monetary system. <br/> <br/> \r\n&nbsp;&nbsp;&nbsp;&nbsp;&nbsp;&nbsp;&nbsp;&nbsp;&nbsp;&nbsp;The base concept put into play by the President of my namesake is trickle down economics.&nbsp;&nbsp;&nbsp;&nbsp;Where by giving those consumers with the most monetary resources relief from tax burden should encourage them to spend and invest creating jobs for those with less of the monetary resources.&nbsp;&nbsp;&nbsp;&nbsp;After decades we can see this is not the truth.&nbsp;&nbsp;&nbsp;&nbsp;I sometimes jest with those around me,&nbsp;&nbsp;"Reagan''s economic adviser had the chart upside down and just didn''t want to admit it."&nbsp;&nbsp;&nbsp;&nbsp;  My statement is really based on observation of spending habits amongst those with more and those with less money.  <br/> <br/>\r\n&nbsp;&nbsp;&nbsp;&nbsp;&nbsp;&nbsp;&nbsp;&nbsp;&nbsp;&nbsp;Someone with a large bank of monetary resource tends to be less inclined to spend at the ratios we find in people with generally less of this resource.&nbsp;&nbsp;&nbsp;&nbsp;Simply put the psychologies in play are very different.&nbsp;&nbsp;&nbsp;&nbsp;When people start getting their tax returns at the beginning of the year,&nbsp;&nbsp;sales of goods and services go up.&nbsp;&nbsp;&nbsp;&nbsp;When people have won the lottery,&nbsp;&nbsp;many find themselves broke or worse.&nbsp;&nbsp;&nbsp;&nbsp;How does this happen?&nbsp;&nbsp;&nbsp;&nbsp;Well, as a general population we are constantly encouraged to spend 24 hours a day 7 days a week,&nbsp;&nbsp;minus sleeping hours.&nbsp;&nbsp;&nbsp;&nbsp;It is drilled into our minds to spend if we have the ability to do so.&nbsp;&nbsp;&nbsp;&nbsp;Many times even if we do not.&nbsp;&nbsp;&nbsp;&nbsp;Kind of how we got into the situation we''re in currently.<br/> <br/>\r\n&nbsp;&nbsp;&nbsp;&nbsp;&nbsp;&nbsp;&nbsp;&nbsp;&nbsp;&nbsp;I think it''s nice to help the banks and other corporations who are dogmatically inclined to appropriately handle their monetary resource.&nbsp;&nbsp;&nbsp;&nbsp;However,&nbsp;&nbsp;if we intend to get our economy moving,&nbsp;&nbsp;putting people back to work and seeing strong production increases,&nbsp;&nbsp;the general population will require some real and solid relief.&nbsp;&nbsp;&nbsp;&nbsp;We don''t base our economy off financial institutions making greater gains on their money loaned.&nbsp;&nbsp;&nbsp;&nbsp;We make it on the backs of the individual.&nbsp;&nbsp;&nbsp;&nbsp;The person waiting for that couple of grand to come in from tax returns or bonuses who is going to run right out and spend it all.&nbsp;&nbsp;&nbsp;&nbsp;Hence,&nbsp;&nbsp;driving the retail and services sectors,&nbsp;&nbsp;further driving the B2B sectors and finally driving the government revenues via taxation.<br/> <br/>\r\n&nbsp;&nbsp;&nbsp;&nbsp;&nbsp;&nbsp;&nbsp;&nbsp;&nbsp;&nbsp;Just as Clark Griswold learned in <i>Christmas Vacation</i>,&nbsp;&nbsp;you can''t put in a pool with a membership to the Jam of the Month Club.&nbsp;&nbsp;&nbsp;&nbsp;Unfortunately,&nbsp;&nbsp;this does seem to be the level of relief offered to the people by its government.&nbsp;&nbsp;&nbsp;&nbsp;The banks and corporations took our assistance when they should have failed.&nbsp;&nbsp;&nbsp;&nbsp;Saving the companies should not be the concern.&nbsp;&nbsp;&nbsp;&nbsp;Saving the consumer developing their confidence and ability to spend should be the focus to save a consumer driven economy.<br/> <br/>\r\nJohn Reagan', '', 1, 6, 0, 12, '2011-12-11 14:19:14', 62, '', '2011-12-11 14:43:55', 62, 0, '0000-00-00 00:00:00', '2011-12-11 14:19:14', '0000-00-00 00:00:00', '', '', 'show_title=\nlink_titles=\nshow_intro=\nshow_section=\nlink_section=\nshow_category=\nlink_category=\nshow_vote=\nshow_author=\nshow_create_date=\nshow_modify_date=\nshow_pdf_icon=\nshow_print_icon=\nshow_email_icon=\nlanguage=\nkeyref=\nreadmore=', 3, 0, 11, '', '', 0, 238, 'robots=\nauthor='),
(36, 'What pursuit would drive you past the pain?', 'what-pursuit-would-drive-you-past-the-pain', '', '<h4>What pursuit would drive you past the pain?</h4>\r\n<img src="images/boredbrains/forblogs/donna-derrico-0002.jpg" align="right" height="225px" width="225">\r\n&nbsp;&nbsp;&nbsp;&nbsp;&nbsp;&nbsp;&nbsp;&nbsp;&nbsp;&nbsp;Sometimes it amazes me where the inspiration of a thought can originate.&nbsp;&nbsp;&nbsp;&nbsp;It''s not always the same places you would normally expect.&nbsp;&nbsp;&nbsp;&nbsp;We look to certain areas in our lives for information hoping it may lead to some inspiration of creativity or internal knowledge.&nbsp;&nbsp;&nbsp;&nbsp;It can come from the oddest places, probably why people love the honesty of a child.  <br /><br />\r\n&nbsp;&nbsp;&nbsp;&nbsp;&nbsp;&nbsp;&nbsp;&nbsp;&nbsp;&nbsp;Today I found a bit of inspiration in someone''s drive to complete their dream.&nbsp;&nbsp;&nbsp;&nbsp;Despite taking a serious fall and having her face smashed, Donna D''Errico continues on for her quest of Noah''s Ark.&nbsp;&nbsp;&nbsp;&nbsp;Though some may find this to be a frivilous use of time, it is still her dream and she shows great heart in pursuing it.<br /><br />\r\n&nbsp;&nbsp;&nbsp;&nbsp;&nbsp;&nbsp;&nbsp;&nbsp;&nbsp;&nbsp;Which brings me to my inspired thought, "What dream am I not pursuing?"<br /><br />\r\n&nbsp;&nbsp;&nbsp;&nbsp;&nbsp;&nbsp;&nbsp;&nbsp;&nbsp;&nbsp;I am sure Ms. D''Errico''s position and resources allow for this versus many others in our society.&nbsp;&nbsp;&nbsp;&nbsp;But, if you could, barring you current obligations, family, bills pets to feed, what would you do?&nbsp;&nbsp;&nbsp;&nbsp;If there were resources available to you, you could live your dream avocation, what would it be?<br /><br />\r\n&nbsp;&nbsp;&nbsp;&nbsp;&nbsp;&nbsp;&nbsp;&nbsp;&nbsp;&nbsp;You see, I understand that we find ourselves in our current positions both by our personal drive and circumstance.&nbsp;&nbsp;&nbsp;&nbsp;Also, there are things in our lives that drive us beyond our work and family.&nbsp;&nbsp;&nbsp;&nbsp;Things we hold close to us with great personal value.&nbsp;&nbsp;&nbsp;&nbsp;If you could follow that, what would it be?<br /><br />\r\n&nbsp;&nbsp;&nbsp;&nbsp;&nbsp;&nbsp;&nbsp;&nbsp;&nbsp;&nbsp;For me, I know the answer.&nbsp;&nbsp;&nbsp;&nbsp;Part of it would still involve recruiting, though it would be very different in focus.&nbsp;&nbsp;&nbsp;&nbsp;I do find that there are a few financial hold ups as well as possible personal security issues to following out my dreams.&nbsp;&nbsp;&nbsp;&nbsp;But if you could remove all those things, what would be the thing so important to you to push past the pain, just as Ms. D''Errico?<br /><br />   \r\n\r\nIf I hit 2,000 replies to this in 2 weeks, I will put together a posting outlining my "dream" I''ve been researching.<br />  \r\n<B>Warning:</B>&nbsp; &nbsp My friends call me the "Mad Scientist", it may sound quite mad to many. <br /><br />    \r\n\r\n\r\n<B>Source:</B>&nbsp;&nbsp;&nbsp;&nbsp;<a href="http://celebrities.ninemsn.com.au/blog.aspx?blogentryid=1034803&showcomments=true"> Rebecca Isaacs. "Ex-Baywatch star Donna D''Errico reveals battered face after ''major fall'' during search for Noah''s Ark." CelebrityFIX, 15 Aug. 2012. Web. 15 Aug. 2012.</href>', '', 1, 6, 0, 12, '2012-08-15 19:15:13', 62, '', '2012-08-15 22:19:50', 62, 0, '0000-00-00 00:00:00', '2012-08-15 19:15:13', '0000-00-00 00:00:00', '', '', 'show_title=0\nlink_titles=\nshow_intro=\nshow_section=\nlink_section=\nshow_category=\nlink_category=\nshow_vote=\nshow_author=\nshow_create_date=\nshow_modify_date=\nshow_pdf_icon=\nshow_print_icon=\nshow_email_icon=\nlanguage=\nkeyref=\nreadmore=', 11, 0, 9, '', '', 0, 55, 'robots=\nauthor='),
(37, 'If you''re not using Hootsuite, You''re Wasting your time', 'if-youre-not-using-hootsuite-youre-wasting-your-time', '', '<H1>If You''re Not Using Hootsuite, You''re Wasting Your Time</H1>\r\n\r\n<img alt="HootSuite Certified Professional" title="HootSuite Certified Professional (learn.hootsuite.com)" src="http://learn.hootsuite.com/cert.php?id=7511&code=d5413408b9b27e3ce8532ca9cdb8df89" width="218" height="220" align="right" />\r\n<br />\r\n<br />\r\n&nbsp;&nbsp;&nbsp;&nbsp;&nbsp;&nbsp;&nbsp;&nbsp;&nbsp;&nbsp;OK, so that is a bit on the sensational side of things.&nbsp;&nbsp;But, if you have more than one social network account you know how much time it can take to utilize that resource to its full potential.&nbsp;&nbsp;This is why an aggregator is such a valuable tool.&nbsp;&nbsp;One such social network aggregator is HootSuite.&nbsp;&nbsp;Like others in this category it brings in your social network updates, search strings and assoicated account contacts.&nbsp;&nbsp;Where it really rises above the rest is the cost to functionality ratio.&nbsp;&nbsp;For $9.99 a month you can use the Professional version, providing most business professionals and even some very social individuals, with everything they need to get time back for "IRL" social networking.<br /><br />\r\nSome of the highlights: <br /><br />\r\n<ls><li>Cost effective: For most uses it will be free to $9.99 a month.</li><br />\r\n<li>Many Social Networks: It Includes many of the major social networks.&nbsp;&nbsp;They are continually upgrading the specific functionality for each network as well.</li><br />\r\n<li>Custom Tabs: The tabbing system is very familiar to many.&nbsp;&nbsp;It allows you to create custom areas for certain networks, campaigns or even 3rd party applications from their app center.</li><br />\r\n<li>3rd Party Applications: This is always a blessing an a curse, but with Hootsuite it seems to be more a blessing.&nbsp;&nbsp;This allows for additonal functionality provided by other sites or the community.</li><br />\r\n<li>Auto-Scheduling: Very nice for a set it and forget it, as it will post at high view times for that network and posting.</li><br />\r\n<li>Web-Based and Apps: It is a Browser based system, so no matter your operating system it will work.&nbsp;&nbsp;There are also apps available for iOS and Android.</li><br />\r\n<li>Enterprise Ready: They have an Enterprise level package.&nbsp;&nbsp;This allows for more reporting as well as control over your organization and team members'' posting and accounts.</li><br />\r\n<li>Finally, they offer an additional certification service for another $21 a month to current Pro subscribers.&nbsp;&nbsp;I would say this is worth the extra money.&nbsp;&nbsp;It gives you a great overview of the full functionality available in HootSuite.&nbsp;&nbsp;With your specific industry in mind, you should have many "Ah-ha!" or "That is going to help." moments.</li></ls><br /><br />  \r\n\r\n&nbsp;&nbsp;&nbsp;&nbsp;&nbsp;&nbsp;&nbsp;&nbsp;&nbsp;&nbsp;Where does HootSuite lack?&nbsp;&nbsp;They need some deeper development on LinkedIn intergration and G+.&nbsp;&nbsp;When it comes to FaceBook and Twitter, HootSuite is almost better than logging in directly.&nbsp;&nbsp;When it comes to LinkedIn, they are missing things such as People Search and posting to tabs in groups.&nbsp;&nbsp;These would be functionalities not only for recruiters, but other business professionals as well.&nbsp;&nbsp;Posting to Tabs in the Groups helps to make sure the Group Admin doesn''t have to keep moving posts that should be under a certain tab, say the Jobs Tab in a LinkedIn Group.<br /><br />\r\n&nbsp;&nbsp;&nbsp;&nbsp;&nbsp;&nbsp;&nbsp;&nbsp;&nbsp;&nbsp;When it comes to G+, they have been officially allowed to integrate with G+ Pages.&nbsp;&nbsp;I undertand Google''s approach here, but even as a individual and not a brand or business, using HootSuite can save so much time, it''s worth allowing the integration.&nbsp;&nbsp;This is a reservation of Google, not a lack of effort on the part of HootSuite.<br /><br />\r\n&nbsp;&nbsp;&nbsp;&nbsp;&nbsp;&nbsp;&nbsp;&nbsp;&nbsp;&nbsp;The good news is, Hootsuite appears to be very responsive to its user community.&nbsp;&nbsp;They have an active Feedback and Help center community.<br /><br />  \r\n     \r\n&nbsp;&nbsp;&nbsp;&nbsp;&nbsp;&nbsp;&nbsp;&nbsp;&nbsp;&nbsp; Who can benefit from using HootSuite?&nbsp;&nbsp;The shorter answered question would be, "who probably will not benefit much using HootSuite?"&nbsp;&nbsp;The person with one social network account they hardly ever use.&nbsp;&nbsp;Otherwise, most everyone using multiple social network accounts or very active on them will benefit.&nbsp;&nbsp;As a recruiter it is a no brainer.&nbsp;&nbsp;If you''re not using HootSuite you should atleast be using something like it.  Though from the ones I have seen, used and left HootSuite comes in at a more than reasonable price.&nbsp;&nbsp;It provides great functionality for both active personal and business use.<br /><br />\r\n\r\n&nbsp;&nbsp;&nbsp;&nbsp;&nbsp;&nbsp;&nbsp;&nbsp;&nbsp;&nbsp;I make no money from Hootsuite, I write this of my own accord.&nbsp;&nbsp;I''m not affiliated with them, just a user who finds it a valuable tool. <br /><br />\r\n\r\n<a href="http://www.hootsuite.com">HootSuite</a href>', '', 1, 6, 0, 12, '2012-08-19 00:02:02', 62, '', '2012-08-23 14:34:15', 62, 0, '0000-00-00 00:00:00', '2012-08-19 00:02:02', '0000-00-00 00:00:00', '', '', 'show_title=0\nlink_titles=\nshow_intro=\nshow_section=\nlink_section=\nshow_category=\nlink_category=\nshow_vote=\nshow_author=\nshow_create_date=\nshow_modify_date=\nshow_pdf_icon=\nshow_print_icon=\nshow_email_icon=\nlanguage=\nkeyref=\nreadmore=', 5, 0, 8, '', '', 0, 134, 'robots=\nauthor='),
(38, 'Open Letter to FaceBook Employees', 'open-letter-to-facebook-employees', '', '<H1>Open Letter to FaceBook Employees</H1><br /><img src="images/boredbrains/forblogs/facebook-icon.png" align="right" height="225px" width="225">\r\n<br />\r\n&nbsp;&nbsp;&nbsp;&nbsp;&nbsp;&nbsp;&nbsp;&nbsp;&nbsp;&nbsp;Lots of talk going around about Facebook and its IPO.&nbsp;&nbsp;&nbsp;&nbsp;Even mention that the employees at Facebook might have some deep morale issues.&nbsp;&nbsp;&nbsp;&nbsp;This would usually mean an employee exodus.&nbsp;&nbsp;&nbsp;&nbsp;Where will they go?&nbsp;&nbsp;&nbsp;&nbsp;And who should be looking for them?<br />\r\n<br />\r\n&nbsp;&nbsp;&nbsp;&nbsp;&nbsp;&nbsp;&nbsp;&nbsp;&nbsp;&nbsp;So you''re not feeling the love after your company''s IPO.&nbsp;&nbsp;&nbsp;&nbsp;Really you feel used and abused.&nbsp;&nbsp;&nbsp;&nbsp;You gave your blood, sweat and tears.&nbsp;&nbsp;&nbsp;&nbsp;OK, the blood was for the Red Cross drive, but you still gave blood.&nbsp;&nbsp;&nbsp;&nbsp;Now you couldn''t sell your stock to buy a sandwich.&nbsp;&nbsp;&nbsp;&nbsp;But don''t fret all is not lost.&nbsp;&nbsp;&nbsp;&nbsp;You still have your skills.&nbsp;&nbsp;&nbsp;&nbsp;They are some of the most in demand skills in the country.&nbsp;&nbsp;&nbsp;&nbsp;While the majority see an average 8.9% unemployment, yes it fluctuates, in your industry you can sit comfortably knowing it''s around 3%.&nbsp;&nbsp;&nbsp;&nbsp;Really just those of you who are on a sabbatical or just haven''t found the right company yet.<br />\r\n<br />\r\n&nbsp;&nbsp;&nbsp;&nbsp;&nbsp;&nbsp;&nbsp;&nbsp;&nbsp;&nbsp;Where can you go?&nbsp;&nbsp;&nbsp;&nbsp;Well, there are a lot of companies that use similar open-source technologies as Facebook.&nbsp;&nbsp;&nbsp;&nbsp;There are many start-ups that are saving money on licensing and putting it into their employees.&nbsp;&nbsp;&nbsp;&nbsp;If you want something with more large corporation security, Amazon is HUGE!&nbsp;&nbsp;&nbsp;&nbsp;They have an amazing amount of developer and associated openings all over the country, really the world.&nbsp;&nbsp;&nbsp;&nbsp;They use open-source technology and have a somewhat similar culture to Facebook.  &nbsp;&nbsp;&nbsp;&nbsp;This will probably give you less of a shock during your adjustment period.<br />\r\n<br />  \r\n&nbsp;&nbsp;&nbsp;&nbsp;&nbsp;&nbsp;&nbsp;&nbsp;&nbsp;&nbsp;Google is always a possibility.&nbsp;&nbsp;&nbsp;&nbsp;Again, open-source, somewhat similar culture, good pay, jobs all over the world.  \r\n&nbsp;&nbsp;&nbsp;&nbsp;&nbsp;&nbsp;&nbsp;&nbsp;&nbsp;&nbsp;If you are working for either of these companies as a recruiter, you should be on Facebook chasing down those engineers.&nbsp;&nbsp;&nbsp;&nbsp;I''ve looked, hardly any are posted to the job-boards.&nbsp;&nbsp;&nbsp;&nbsp;Since they work at Facebook, they are more than likely on there and accepting of contact.<br />\r\n<br />  \r\n&nbsp;&nbsp;&nbsp;&nbsp;&nbsp;&nbsp;&nbsp;&nbsp;&nbsp;&nbsp;Point being, I''m glad you got time in with a company like Facebook.&nbsp;&nbsp;&nbsp;&nbsp;You''ve had a ride that few others out there ever get to experience.&nbsp;&nbsp;&nbsp;&nbsp;Though it may have left you feeling like you over paid for the experience, it will still be great for you when you look at these other companies for opportunities.&nbsp;&nbsp;&nbsp;&nbsp;You can stick around and continue to pay for the mistakes of your executives, or you can find an opportunity with a company that already knows WHAT it is doing.<br />\r\n<br />\r\n&nbsp;&nbsp;&nbsp;&nbsp;&nbsp;&nbsp;&nbsp;&nbsp;&nbsp;&nbsp;I''d offer to help you out more directly, but all the positions I''m working on right now are Microsoft technology based.&nbsp;&nbsp;&nbsp;&nbsp;But, hey, if that''s your skillset, hit me up.<br />\r\n<br />\r\n\r\nJohn Reagan', '', 1, 6, 0, 12, '2012-08-23 14:21:00', 62, '', '2012-08-23 14:34:24', 62, 0, '0000-00-00 00:00:00', '2012-08-23 14:21:00', '0000-00-00 00:00:00', '', '', 'show_title=0\nlink_titles=\nshow_intro=\nshow_section=\nlink_section=\nshow_category=\nlink_category=\nshow_vote=\nshow_author=\nshow_create_date=\nshow_modify_date=\nshow_pdf_icon=\nshow_print_icon=\nshow_email_icon=\nlanguage=\nkeyref=\nreadmore=', 5, 0, 7, '', '', 0, 73, 'robots=\nauthor='),
(39, 'What Made Nikola Tesla Great ', 'what-made-nikola-tesla-great-', '', '<h1>What Made Nikola Tesla Great</h1>\r\n<br />\r\n<br /><img src="images/boredbrains/forblogs/tesla older.jpg" align="right" height="225px" width="225">\r\n<br />\r\n<br />\r\n\r\n&nbsp;&nbsp;&nbsp;&nbsp;&nbsp;&nbsp;&nbsp;&nbsp;&nbsp;&nbsp;Recently there was a movement to generate funding for a Tesla museum at his old lab in Wardenclyffe.&nbsp;&nbsp;&nbsp;&nbsp;This movement has succeeded in a major way.&nbsp;&nbsp;&nbsp;&nbsp;They have received more donations than required and should be able to start an official Tesla Museum in its rightful place.<br /><br />\r\n&nbsp;&nbsp;&nbsp;&nbsp;&nbsp;&nbsp;&nbsp;&nbsp;&nbsp;&nbsp;This is all exciting and endearing.&nbsp;&nbsp;&nbsp;&nbsp;Seeing people come together for such a great cause.&nbsp;&nbsp;&nbsp;&nbsp;Yet, some articles sighting this action seem almost flippant about Tesla.&nbsp;&nbsp;&nbsp;&nbsp;More to the point, they come off as having very little understanding of the man and why us "nerds" think he was so great.&nbsp;&nbsp;&nbsp;&nbsp;There is the usual comparison to Edison and the continued battle of AC versus DC, FIGHT!&nbsp;&nbsp;&nbsp;&nbsp;Sorry, I couldn''t help it and neither can they.&nbsp;&nbsp;&nbsp;&nbsp;If you see this as a tech geek version of the Hatfields and the McCoys, sans the top bill actors, then you are wrong.&nbsp;&nbsp;&nbsp;&nbsp;If you see Tesla as a general tinker type working in his garage trying to stick it to Edison, then you are also wrong.&nbsp;&nbsp;&nbsp;&nbsp;These are just the common misconceptions of those that have not taken the time to do the research.&nbsp;&nbsp;&nbsp;&nbsp;Who may glance at an article or see an episode on the History channel and now feel, "well informed" on the subject.<br /><br />\r\n&nbsp;&nbsp;&nbsp;&nbsp;&nbsp;&nbsp;&nbsp;&nbsp;&nbsp;&nbsp;Let me say, I am no Fan-Boy of either gentleman as far as their applied technology.&nbsp;&nbsp;&nbsp;&nbsp;Alternating Current and Direct Current are both sides of the same coin.&nbsp;&nbsp;&nbsp;&nbsp;They are required in our daily lives in such a way that we take them completely for granted.&nbsp;&nbsp;&nbsp;&nbsp;Without Edison''s DC, we would not have the current required in our electronics, which have enhanced our lives in so many ways.&nbsp;&nbsp;&nbsp;&nbsp;Without Tesla''s AC, you would have no way to power those devices, without it being a world filled with gangling cables and power transformers every block or so.&nbsp;&nbsp;&nbsp;&nbsp;Further, Tesla created many core components to the devices we use everyday.&nbsp;&nbsp;&nbsp;&nbsp;Without him you would not enjoy your wireless as we know it today.<br /><br />\r\n&nbsp;&nbsp;&nbsp;&nbsp;&nbsp;&nbsp;&nbsp;&nbsp;&nbsp;&nbsp;Here is where it gets deeper.&nbsp;&nbsp;&nbsp;&nbsp;Looking at these two gentleman, you would expect similar admiration qualities.&nbsp;&nbsp;&nbsp;&nbsp;However, they are admired for two completely different reasons.&nbsp;&nbsp;&nbsp;&nbsp;Edison is really admired as a business man.&nbsp;&nbsp;&nbsp;&nbsp;He was a moderate scientist tinkerer and an avid business man.&nbsp;&nbsp;&nbsp;&nbsp;This is not to say it devalues his contributions, but just his perspective was completely different from Mr. Tesla.&nbsp;&nbsp;&nbsp;&nbsp;Edison knew that in business, if it could not be monetized it wasn''t worth the time.&nbsp;&nbsp;&nbsp;&nbsp;I think this is still a core value taught in MBA programs, but I could be wrong.<br /><br />\r\n&nbsp;&nbsp;&nbsp;&nbsp;&nbsp;&nbsp;&nbsp;&nbsp;&nbsp;&nbsp;Mr. Tesla was an altruistic idealist.  He believed in his work as a way to make the world a better place for his fellow man.&nbsp;&nbsp;&nbsp;&nbsp;There are many instances where he gave up his own interests in order to save the whole.&nbsp;&nbsp;&nbsp;&nbsp;It was this that makes him great in the minds of many.&nbsp;&nbsp;&nbsp;&nbsp;Some may say having died a poor man made him unsuccessful.&nbsp;&nbsp;&nbsp;&nbsp;I think in Mr. Tesla''s mind he felt the impact he made, the comfort he created for his fellow man, still is visible all around us is his success.  <br /><br />\r\n&nbsp;&nbsp;&nbsp;&nbsp;&nbsp;&nbsp;&nbsp;&nbsp;&nbsp;&nbsp;In my research it would also appear he might have had some mild autistic tendencies.&nbsp;&nbsp;&nbsp;&nbsp;At the very least he had some severe OCD.&nbsp;&nbsp;&nbsp;&nbsp;This quality probably allowed him to visualize his inventions before he ever built them physically.&nbsp;&nbsp;&nbsp;&nbsp;This alone is fairly admirable.&nbsp;&nbsp;&nbsp;&nbsp;He even notes in his autobiography how he never built anything that didn''t work the way he had expected.&nbsp;&nbsp;&nbsp;&nbsp;Today this type of visualization takes large processing power to allow us to better understand our concepts applied to the real world.&nbsp;&nbsp;&nbsp;&nbsp;His computer was all in his mind.&nbsp;&nbsp;&nbsp;&nbsp;If you''re a developer imagine your next project on the whole.&nbsp;&nbsp;&nbsp;&nbsp;Every line of code, every function, UI element, then write it down with no errors and no user issues.&nbsp;&nbsp;&nbsp;&nbsp;This would be the equivalent to Mr. Tesla''s development style.<br /><br />\r\n&nbsp;&nbsp;&nbsp;&nbsp;&nbsp;&nbsp;&nbsp;&nbsp;&nbsp;&nbsp;While Mr. Edison chased business concerns, Mr. Tesla worked for knowledge and understanding over the world around us.&nbsp;&nbsp;&nbsp;&nbsp;Even his involvement in the Philadelphia experiment would indicate a humanist over capitalist.&nbsp;&nbsp;&nbsp;&nbsp;If you''re not familiar Tesla was designated Director, designed and built the high power electromagnetic systems used in this legendary "didn''t happen" experiment.&nbsp;&nbsp;&nbsp;&nbsp;He discretely sabotaged it due to knowing what would happen already.&nbsp;&nbsp;&nbsp;&nbsp;This was his previously indicated foresight.&nbsp;&nbsp;&nbsp;&nbsp;It is also the ultimate reason why Tesla no longer provided his knowledge to the world.  \r\n&nbsp;&nbsp;&nbsp;&nbsp;&nbsp;&nbsp;&nbsp;&nbsp;&nbsp;&nbsp;He understood, as Einstein came to, that once man understands the true components of the world around him, the sooner he will destroy himself.<br /><br />  \r\n&nbsp;&nbsp;&nbsp;&nbsp;&nbsp;&nbsp;&nbsp;&nbsp;&nbsp;&nbsp;Really, you owe not just your modern creature comforts and ability to blindly post to social networks from your cellphone to Mr. Tesla.&nbsp;&nbsp;&nbsp;&nbsp;You also owe to him the pleasant nature of these years for not having shown the world everything he figured out.<br /><br />', '', 1, 6, 0, 12, '2012-08-27 13:51:02', 62, '', '2012-08-27 15:31:49', 62, 0, '0000-00-00 00:00:00', '2012-08-27 13:51:02', '0000-00-00 00:00:00', '', '', 'show_title=0\nlink_titles=\nshow_intro=\nshow_section=\nlink_section=\nshow_category=\nlink_category=\nshow_vote=\nshow_author=\nshow_create_date=\nshow_modify_date=\nshow_pdf_icon=\nshow_print_icon=\nshow_email_icon=\nlanguage=\nkeyref=\nreadmore=', 9, 0, 6, '', '', 0, 193, 'robots=\nauthor=');
INSERT INTO `jos_content` VALUES
(40, 'Marissa Mayer, Yahoo and Employee Respect', 'marissa-mayer-yahoo-and-employee-respect', '', '<h1>Marissa Mayer, Yahoo and Employee Respect</h1>\r\n<br />\r\n<br />\r\n<img src="images/boredbrains/forblogs/yahoosad.jpg" align="right" height="225px" width="225">\r\n<br /><br />\r\n\r\n\r\n&nbsp;&nbsp;&nbsp;&nbsp;&nbsp;&nbsp;&nbsp;&nbsp;&nbsp;&nbsp;I am always excited when I see a woman put into a position of power and authority.&nbsp;&nbsp;&nbsp;&nbsp;No, not that excited, I''m given rise by the fact that women do tend to make more compassionate and considerate leaders.&nbsp;&nbsp;&nbsp;&nbsp;More recently, you can''t go two clicks on the internet without seeing something about Marissa Mayer having been appointed to the scandalous Yahoo CEO position.  Good for her, that is an awesome recognition for her years at Google.<br /><br />  \r\n&nbsp;&nbsp;&nbsp;&nbsp;&nbsp;&nbsp;&nbsp;&nbsp;&nbsp;&nbsp;What is Yahoo any way?&nbsp;&nbsp;&nbsp;&nbsp;I''ve peeped on there back and forth for articles and some classifieds.&nbsp;&nbsp;&nbsp;&nbsp;I''ve even played around with their Pipes programming a little bit.&nbsp;&nbsp;&nbsp;&nbsp;But what are they?&nbsp;&nbsp;&nbsp;&nbsp;It has been classically labeled as a portal.  Even at times a search engine.  The latter might cause some non-compete issues for Ms. Mayer, though I am not privy to her contract specifics.&nbsp;&nbsp;&nbsp;&nbsp;But again, what is it?<br /><br />  \r\n&nbsp;&nbsp;&nbsp;&nbsp;&nbsp;&nbsp;&nbsp;&nbsp;&nbsp;&nbsp;The more I review the site, the more I see it as a news aggregator.&nbsp;&nbsp;&nbsp;&nbsp;There is more there, but that would appear to be the main focus.&nbsp;&nbsp;&nbsp;&nbsp;Yahoo becomes more confusing as a company the more you dig into it.&nbsp;&nbsp;&nbsp;&nbsp;So it is honorable the Ms. Mayer would take on such a challenge.&nbsp;&nbsp;&nbsp;&nbsp;Her recent action is what prompted me to write this posting.<br /><br /> \r\n&nbsp;&nbsp;&nbsp;&nbsp;&nbsp;&nbsp;&nbsp;&nbsp;&nbsp;&nbsp;Previously, I stated that women in leadership tend to be more compassionate and considerate.&nbsp;&nbsp;&nbsp;&nbsp;Well, thank you Ms. Mayer for throwing that out the window.  &nbsp;&nbsp;&nbsp;&nbsp;I have been a part of many large companies.&nbsp;&nbsp;&nbsp;&nbsp;Never have I seen such a disregard for basic employee respect as I witnessed by her and I''ve seen some horrible situations.&nbsp;&nbsp;&nbsp;&nbsp;In case you missed, Ms. Mayer took it upon herself to, "remove from position" the CMO of Yahoo, Mollie Spillman.&nbsp;&nbsp;&nbsp;&nbsp;This would be no problem and to be expected after a new Sheriff rides into town.&nbsp;&nbsp;&nbsp;&nbsp;They are going to swap out the old deputies for new ones they trust, happens.&nbsp;&nbsp;&nbsp;&nbsp;It is the manner in which it was done that has made me reconsider any use of Yahoo.<br /><br />  \r\n&nbsp;&nbsp;&nbsp;&nbsp;&nbsp;&nbsp;&nbsp;&nbsp;&nbsp;&nbsp;While the CMO was on vacation, Ms. Mayer called to inform her of the decision to remove her from her position.&nbsp;&nbsp;&nbsp;&nbsp;Are you kidding me?&nbsp;&nbsp;&nbsp;&nbsp;While on vacation?&nbsp;&nbsp;&nbsp;&nbsp;I get that they are some what peers.&nbsp;&nbsp;&nbsp;&nbsp;I get that the media would''ve picked up on it first and probably broadcast it for the CMO to see.&nbsp;&nbsp;&nbsp;&nbsp;But Ms. Mayer, learn about tact and discretion.&nbsp;&nbsp;&nbsp;&nbsp;You hold these actions close.&nbsp;&nbsp;&nbsp;&nbsp;Wait till it is an appropriate time, and never fire or remove someone without being able to do it face to face, unless they work remotely in which case try Skype.&nbsp;&nbsp;&nbsp;&nbsp;Even worse, it is sighted that the two were working closely with no indication of replacement.&nbsp;&nbsp;&nbsp;&nbsp;Subversive.<br /><br />\r\n&nbsp;&nbsp;&nbsp;&nbsp;&nbsp;&nbsp;&nbsp;&nbsp;&nbsp;&nbsp;I would worry as to the future of Yahoo after such an example from the leadership involved.&nbsp;&nbsp;&nbsp;&nbsp;It is not only an indices of what the remainder of employees can expect, but potentially the type of interaction one might find from Yahoo as a consumer or end user.&nbsp;&nbsp;&nbsp;&nbsp;It concerns me greatly as actions in business trickle down from the examples of their respective leadership.&nbsp;&nbsp;&nbsp;&nbsp;Let us just hope for Yahoo, there are some executive that still believe in human decency and basic respect.<br /><br />\r\n\r\nJohn Reagan', '', 1, 6, 0, 12, '2012-08-29 14:36:17', 62, '', '2012-08-29 15:01:53', 62, 0, '0000-00-00 00:00:00', '2012-08-29 14:36:17', '0000-00-00 00:00:00', '', '', 'show_title=0\nlink_titles=\nshow_intro=\nshow_section=\nlink_section=\nshow_category=\nlink_category=\nshow_vote=\nshow_author=\nshow_create_date=\nshow_modify_date=\nshow_pdf_icon=\nshow_print_icon=\nshow_email_icon=\nlanguage=\nkeyref=\nreadmore=', 3, 0, 5, '', '', 0, 97, 'robots=\nauthor='),
(41, 'New Phones and OS''s So Why No "Oh My!"?', 'new-phones-and-oss-so-why-no-qoh-myq', '', '<H1>New Phones and OS''s So Why No "Oh My!"?</H1><br />\r\n<br />\r\n\r\n    &nbsp;&nbsp;&nbsp;&nbsp;&nbsp;&nbsp;&nbsp;&nbsp;&nbsp;&nbsp;We are on the verge of nay, a precipice of new devices and functionality coming at us from various media channels.  So, why do I not feel all tingly and excited about any of the new devices?  Because, even though I am a self proclaimed techno-junkie, it feels so good in your hands, when it comes to phones there is a major draw back that comes along with each and every one of them.  One, most people were not considering when buying a new "I''m Drooling," piece of technology prior.  Now the question is immediately exposed on release, "What are the carrier costs?".  It costs how much for the service plan?!?!?  <br />\r\n<br />\r\n      &nbsp;&nbsp;&nbsp;&nbsp;&nbsp;&nbsp;&nbsp;&nbsp;&nbsp;&nbsp;This became a serious concern to me as I looked at how much of our monthly income was going to which bills.  Though the bigger carriers tout better phones and I guess customer service, I went with BoostMobile.  Phones are satisfactory, mostly unsubsidized Android for the smartphones.  It is the reason I will most likely not end up with a Windows 8 phone.  Though they are nice, I don''t see the larger spread of options you get with Android phones.  Apple fills, "the same for all" category, so Microsoft and Nokia would appear to be filling the, "only a few options" category?  Still, I am not seeing it as a compelling enough reason to pay up to $1,000 extra a year or more for the same service I get now.<br />\r\n<br />  \r\n      &nbsp;&nbsp;&nbsp;&nbsp;&nbsp;&nbsp;&nbsp;&nbsp;&nbsp;&nbsp;When I look back on what I remember of Nokia phones, they were always elegantly designed, "Check"  for the new phones.  But even more so, they were solid, well built, drop in a puddle kind of phones.  (I do not endorse dropping Nokia phones in puddles for the sake of testing.  It is up to you to blow your cash on that one.)  These phones are nice, the WinPh8 OS is pretty, so why do I not feel like I need it enough, oh yeah, Excessive carrier costs!  It also looks fragile.  Something about how the screen is set in the casing, it looks like it could pop out at any moment.  Not that it would, but that would be my major fear in dropping one.<br />\r\n<br />  \r\n     &nbsp;&nbsp;&nbsp;&nbsp;&nbsp;&nbsp;&nbsp;&nbsp;&nbsp;&nbsp;What, is it giving me, over my current phone and service?  I guess, I would like to get more value over my currently owned and used product to justify the purchase, and 2 year agreement to jump on the WinPh8 wagon.  You see Microsoft, there is nothing wrong with the MobileOS you''ve made, you''ve just kept it locked down, limited it on your own terms, which is fine.  But your greatest successes have always come from more open support and distribution models.  Everything you''ve done looks amazing and the world would love it, if you would let it.  Instead you lock it down with limited OEMs and carriers.  This isn''t what made your previous successes, being on all PCs did, even Macs.<br />\r\n<br />\r\n      &nbsp;&nbsp;&nbsp;&nbsp;&nbsp;&nbsp;&nbsp;&nbsp;&nbsp;&nbsp;Don''t even get me started on the iPhone 5 coming out.  Unless it has a holographic projector, I won''t be impressed.  Perhaps that is the real technology Sharp is having issue with manufacturing?  OK, maybe a built in pico-projector?  Then you could finally share some of that media you get to borrow from Apple.  Thank you for pointing that one out Mr. Bruce Willis.<br />\r\n<br />\r\n     &nbsp;&nbsp;&nbsp;&nbsp;&nbsp;&nbsp;&nbsp;&nbsp;&nbsp;&nbsp;Please don''t take it as cynisism, it''s more just disappointment.  Here we are in this shaky economy and no company is making any stride to be the must have device.  Even now Apple will ride on the laurels of it''s previous success.  Microsoft is trying to follow Apple, rather than realize they are about to get passed up by Linux/Ubuntu.  Microsoft forgot, it''s about getting "it" on as many devices as you can.  If they are the ones you sell great, if not, just deeper you are in that industry.<br />\r\n<br />', '', 1, 6, 0, 12, '2012-09-06 17:47:51', 62, '', '2012-09-06 18:03:59', 62, 0, '0000-00-00 00:00:00', '2012-09-06 17:47:51', '0000-00-00 00:00:00', '', '', 'show_title=0\nlink_titles=\nshow_intro=\nshow_section=\nlink_section=\nshow_category=\nlink_category=\nshow_vote=\nshow_author=\nshow_create_date=\nshow_modify_date=\nshow_pdf_icon=\nshow_print_icon=\nshow_email_icon=\nlanguage=\nkeyref=\nreadmore=', 2, 0, 4, '', '', 0, 81, 'robots=\nauthor='),
(42, 'Klout... Kwality KPI or Kute Krap?', 'klout-kwality-kpi-or-kute-krap', '', '<h1>Klout... Kwality KPI or Kute Krap?</h1>\r\n<br />\r\n<br />\r\n<img src="images/boredbrains/forblogs/klout_custom.jpg" align="right" height="120px" width="520px">\r\n\r\n\r\n&nbsp;&nbsp;&nbsp;&nbsp;&nbsp;&nbsp;&nbsp;&nbsp;&nbsp;&nbsp;Likes, +1''s, tweets, postings, blogs, social networks, AAHAHAHAHAH!&nbsp;&nbsp;&nbsp;&nbsp;Yes, the day of your average Internet worker is hammered with posting and social network interactions.&nbsp;&nbsp;&nbsp;&nbsp;We take our time to cruise the Internet looking for things of interest, that perhaps others may find interesting as well.&nbsp;&nbsp;&nbsp;&nbsp;Some actually get paid for doing this “work”.&nbsp;&nbsp;&nbsp;&nbsp;It can be pretty labor intensive.&nbsp;&nbsp;&nbsp;&nbsp;Others of us have found it a way to augment our current work model and still others are basic hobbyists to the social networks.<br /><br />\r\n&nbsp;&nbsp;&nbsp;&nbsp;&nbsp;&nbsp;&nbsp;&nbsp;&nbsp;&nbsp;When it has to do with your work, how can you tell that you are generating any impact with the time to find, read, review and post to he world?&nbsp;&nbsp;&nbsp;&nbsp;There are many tools out there for tracking your interactions.&nbsp;&nbsp;&nbsp;&nbsp;Some work on a specific social network, some track the links you''ve posted out.&nbsp;&nbsp;&nbsp;&nbsp;Still there is one that is very different.&nbsp;&nbsp;&nbsp;&nbsp;It measures clout.&nbsp;&nbsp;&nbsp;&nbsp;They spell it Klout, I guess it''s an Internet thing, you know how we do.&nbsp;&nbsp;&nbsp;&nbsp;At least they didn''t stick an “i” in front of the capital letter and call it good.  <br /><br />\r\n&nbsp;&nbsp;&nbsp;&nbsp;&nbsp;&nbsp;&nbsp;&nbsp;&nbsp;&nbsp;Klout ties into the most social networks of any tracking tool I''ve seen so far.&nbsp;&nbsp;&nbsp;&nbsp;It has a very nice interface.&nbsp;&nbsp;&nbsp;&nbsp;Very Web 2.5 you might say.&nbsp;&nbsp;&nbsp;&nbsp;They have some interesting data representations as well.&nbsp;&nbsp;&nbsp;&nbsp;What Klout does with all this neat sounding stuff, is tie into your social networks and track all of your interactions.&nbsp;&nbsp;&nbsp;&nbsp;It checks for posts, responses, likes or similar, re-tweets and so on.&nbsp;&nbsp;&nbsp;&nbsp;It attempts to do this across 12 different social networks with more on the way.&nbsp;&nbsp;&nbsp;&nbsp;I only use four at the moment.&nbsp;&nbsp;&nbsp;&nbsp;I use Facebook, Twitter, LinkedIn and Google Plus.&nbsp;&nbsp;&nbsp;&nbsp;It does many more, but I don''t have time to manage 12 social networks and the social network aggregation or management tools have not gotten to this point of such broad support.&nbsp;&nbsp;&nbsp;&nbsp;But this is all really about Klout and how well it works... or doesn''t as you may see.<br /><br />\r\n&nbsp;&nbsp;&nbsp;&nbsp;&nbsp;&nbsp;&nbsp;&nbsp;&nbsp;&nbsp;Klout recently released a newer interface and associated “Moments” reporting feature.&nbsp;&nbsp;&nbsp;&nbsp;However, they took away a piece of “interaction reference” I kind of liked, it had shown what type of interaction you do on your social networks.&nbsp;&nbsp;&nbsp;&nbsp;It had interesting ratings such as “observer”, “pundit” “thought leader”, “celebrity” and on.&nbsp;&nbsp;&nbsp;&nbsp;It was interesting to see how your interaction rated against these concepts.&nbsp;&nbsp;&nbsp;&nbsp;Instead, you get “Moments” now.&nbsp;&nbsp;&nbsp;&nbsp;This is a nice outline of your interactions and reactions generated.&nbsp;&nbsp;&nbsp;&nbsp;It would be even better if it took into account more than just Facebook, Twitter and LinkedIn.&nbsp;&nbsp;&nbsp;&nbsp;See, I use Google Plus quite a bit as well.&nbsp;&nbsp;&nbsp;&nbsp;I''ve found it to be a nice simple interface without all the FB clutter.&nbsp;&nbsp;&nbsp;&nbsp;Klout is currently showing no data for my G+ stuff.&nbsp;&nbsp;&nbsp;&nbsp;Further, the “Moments” themselves seem like something better for an additional report section instead of a main in your face feature.<br /><br />\r\n&nbsp;&nbsp;&nbsp;&nbsp;&nbsp;&nbsp;&nbsp;&nbsp;&nbsp;&nbsp;All of this is nice and yes, the interface is rolling along, but unfortunately, not the actual data.&nbsp;&nbsp;You see, it is heavily focused on FB and Twitter and yet, the data from those sites can take up to a month to translate over to Klout.&nbsp;&nbsp;&nbsp;&nbsp;Even worse, having Klout “connected” to my G+ yet it shows no data at all?&nbsp;&nbsp;&nbsp;&nbsp;Well, if it''s not pulling data for me and my Klout rating, what is it doing connected to my G+ account?&nbsp;&nbsp;&nbsp;&nbsp;Probably nothing really, not even pulling data from the looks of it.&nbsp;&nbsp;&nbsp;&nbsp;I have heard this similar comment from others on the Internet as well.  <br /><br />\r\n&nbsp;&nbsp;&nbsp;&nbsp;&nbsp;&nbsp;&nbsp;&nbsp;&nbsp;&nbsp;Though I noticed similar long data delays under the previous UI, so it most likely is not the UI change that has caused this issue.&nbsp;&nbsp;&nbsp;&nbsp;It is for this reason alone that I can not take the Klout Score as anything more than a Kute Kampy number for my on-line activity.&nbsp;&nbsp;&nbsp;&nbsp;Maybe as something to poke at my friends with here and there.&nbsp;&nbsp;&nbsp;&nbsp;I have heard talk of businesses actually using this as a reference to how well they are doing with their social campaigns.&nbsp;&nbsp;&nbsp;&nbsp;Or worse to possibly rate someone for hire on a social media oriented position.&nbsp;&nbsp;&nbsp;&nbsp;Until Klout can show it is at the very least up-to-the-minute, it should be taken as nothing more than a number to boast of in a social scene, that ultimately has absolutely NO place in a business or HR level decision.  <br /><br />\r\n&nbsp;&nbsp;&nbsp;&nbsp;&nbsp;&nbsp;&nbsp;&nbsp;&nbsp;&nbsp;Further along this business path, how do you think Klout intends to monetize this whole thing?&nbsp;&nbsp;&nbsp;&nbsp;It is a Beta, so I''ll cut them some slack there, but as a business reporting, or personal media reference tool it is seriously lacking.&nbsp;&nbsp;&nbsp;&nbsp;Perhaps they were thinking of charging for your stats once they fully release?&nbsp;&nbsp;&nbsp;&nbsp;Perhaps they are going to offer more expanded service, such as up-to-the-minute stats if you pay for the service.&nbsp;&nbsp;&nbsp;&nbsp;I am just not sure about the value here.&nbsp;&nbsp;&nbsp;&nbsp;What would it even be worth?&nbsp;&nbsp;&nbsp;&nbsp;And more so, can you show me where it is of value for me, when even now you can''t accurately reference my data on the four networks to which you are connected?  <br /><br />\r\n&nbsp;&nbsp;&nbsp;&nbsp;&nbsp;&nbsp;&nbsp;&nbsp;&nbsp;&nbsp;For now, I''ll treat it as kute, perhaps once they start figuring out a way to charge for it, it will work as you might expect.&nbsp;&nbsp;&nbsp;&nbsp;Until then, my score has been bouncing between 45 and 46, poke, poke, what''s yours?<br /><br />', '', 1, 6, 0, 12, '2012-09-13 00:38:18', 62, '', '2012-09-25 14:53:48', 62, 0, '0000-00-00 00:00:00', '2012-09-13 00:38:18', '0000-00-00 00:00:00', '', '', 'show_title=0\nlink_titles=\nshow_intro=\nshow_section=\nlink_section=\nshow_category=\nlink_category=\nshow_vote=\nshow_author=\nshow_create_date=\nshow_modify_date=\nshow_pdf_icon=\nshow_print_icon=\nshow_email_icon=\nlanguage=\nkeyref=\nreadmore=', 9, 0, 3, '', '', 0, 249, 'robots=\nauthor='),
(43, 'Neodymium, Microsoft''s Stealth Start-up, into Magnets?', 'neodymium-microsofts-stealth-start-up-into-magnets', '', '<H1>Neodymium, Microsoft''s Stealth Start-up, into Magnets?</H1>\r\n<br />\r\n<br />\r\n&nbsp;&nbsp;&nbsp;&nbsp;&nbsp;&nbsp;&nbsp;&nbsp;&nbsp;&nbsp;Recently, and as usual, I checked my list of people who have peeped at my LinkedIn profile.  Pretty normal thing to do.  I''ve found following up on those can yield connections that perhaps may not have happened for one reason or another.  There was one in particular that caught my attention.  The profiles associated with the company are few and with good reason.<br /><br />\r\n&nbsp;&nbsp;&nbsp;&nbsp;&nbsp;&nbsp;&nbsp;&nbsp;&nbsp;&nbsp;You see, this is a Microsoft stealth start up known as Neodymium.  From the looks of it all of the people were previous Microsoft folks.  I''ve even found mention that they are working on a Microsoft RAREEarth magnet project.<br /><br />\r\n&nbsp;&nbsp;&nbsp;&nbsp;&nbsp;&nbsp;&nbsp;&nbsp;&nbsp;&nbsp;Yet, when I poke around on-line, and yes that is my job, I don''t find much else.  No web-page, no articles, no mentions other than the LinkedIn profiles.  Which, honestly, you guys aren''t very stealth if I can even find that information.  They do appear to be a distributed team, mostly focused in California.<br /><br />\r\n&nbsp;&nbsp;&nbsp;&nbsp;&nbsp;&nbsp;&nbsp;&nbsp;&nbsp;&nbsp;If anyone has any idea what they are up to, I''d love to hear about it.  What is Microsoft doing with magnets?  And the weakest ones available?<br /><br />\r\n\r\nJohn Reagan', '', 1, 6, 0, 12, '2012-09-23 16:42:40', 62, '', '2012-09-23 16:56:35', 62, 0, '0000-00-00 00:00:00', '2012-09-23 16:42:40', '0000-00-00 00:00:00', '', '', 'show_title=0\nlink_titles=\nshow_intro=\nshow_section=\nlink_section=\nshow_category=\nlink_category=\nshow_vote=\nshow_author=\nshow_create_date=\nshow_modify_date=\nshow_pdf_icon=\nshow_print_icon=\nshow_email_icon=\nlanguage=\nkeyref=\nreadmore=', 2, 0, 2, '', '', 0, 134, 'robots=\nauthor='),
(44, 'What the NFL, Referee Union Issue Teaches Us', 'what-the-nfl-referee-union-issue-teaches-us', '', '<h1>What the NFL, Referee Union Issue Teaches Us</h1>\r\n<br />\r\n<br />\r\n<img src="images/boredbrains/forblogs/blackwhite12a.jpg" align="right" height="240px" width="320px">\r\n<br />\r\n<br />\r\n\r\n&nbsp;&nbsp;&nbsp;&nbsp;&nbsp;&nbsp;&nbsp;&nbsp;&nbsp;&nbsp;I am not a sports fan.&nbsp;&nbsp;&nbsp;&nbsp;Honestly, I think all of you get paid way too much.&nbsp;&nbsp;&nbsp;&nbsp;Also, the Owners and Organization have shown over and over again how outwardly greedy they are in their actions.&nbsp;&nbsp;&nbsp;&nbsp;I guess I lost a lot of my interest in professional sports, when the Seattle Super Sonics went on strike.&nbsp;&nbsp;&nbsp;&nbsp;Yes, it was that long ago.&nbsp;&nbsp;&nbsp;&nbsp;From there it all seems downhill for the operations.&nbsp;&nbsp;&nbsp;&nbsp;Probably the first time I heard of anyone making more than a few hundred grand a year average going on strike.&nbsp;&nbsp;&nbsp;&nbsp;I guess it really drove the point home for me, that it is all about money.&nbsp;&nbsp;&nbsp;&nbsp;Not, "the love of the game!" as they would tell you in every commercial or biography.&nbsp;&nbsp;&nbsp;&nbsp;When you love to do something, you will do it for free.&nbsp;&nbsp;&nbsp;&nbsp;It is this that is taken advantage of in that industry and what the Owners have leveraged to become wealthier and wealthier, while their modern gladiators are tossed aside like 2 year old cellphones.<br /><br />  \r\n&nbsp;&nbsp;&nbsp;&nbsp;&nbsp;&nbsp;&nbsp;&nbsp;&nbsp;&nbsp;This is all just to lead up to my real point here, the recent referee issues.&nbsp;&nbsp;&nbsp;&nbsp;Strike after strike these unions are killing the games.&nbsp;&nbsp;&nbsp;&nbsp;And rightly so.&nbsp;&nbsp;&nbsp;&nbsp;They are further exposing the greed of the owners and organization of the NFL and other professional sporting organizations.&nbsp;&nbsp;&nbsp;&nbsp;The employees are requsting slightly better compensation, which in our commerce driven society equates to respect from one''s employer.&nbsp;&nbsp;&nbsp;&nbsp;Sure they can tell you you''re appreciated all day, but having it reflected in your paycheck and benefits is where you actually feel it.<br /><br />\r\n&nbsp;&nbsp;&nbsp;&nbsp;&nbsp;&nbsp;&nbsp;&nbsp;&nbsp;&nbsp;The referee''s role is Thankless, with a capital "T".&nbsp;&nbsp;&nbsp;&nbsp;They make calls that have one fan base cheering and another looking for blood.&nbsp;&nbsp;&nbsp;&nbsp;Can you not spare some of your precious earnings for the sake of their personal sanity?&nbsp;&nbsp;&nbsp;&nbsp;You can see by the calls being made already, that the use of less experienced referees is not going to make the fan base who provides you with your wealth happy.&nbsp;&nbsp;&nbsp;&nbsp;There is already considerable backlash starting.&nbsp;&nbsp;&nbsp;&nbsp;It is now causing the NFL to HAVE to go to the table.&nbsp;&nbsp;&nbsp;&nbsp;It even puts the referees'' Union in a better bargaining position overall.&nbsp;&nbsp;&nbsp;&nbsp;Congratulations, to whomever was the HR or Union consultant on this debacle.&nbsp;&nbsp;&nbsp;&nbsp;You just put the NFL in the position of having to accept, rather than negotiate.<br /><br /> \r\n&nbsp;&nbsp;&nbsp;&nbsp;&nbsp;&nbsp;&nbsp;&nbsp;&nbsp;&nbsp;What''s the point and how does it relate?&nbsp;&nbsp;&nbsp;&nbsp;Well, had the NFL as an organization recognized the value of that specific workforce, they would''ve conceded the requests right from the start.&nbsp;&nbsp;&nbsp;&nbsp;Now they are essentially set to have to accept any requests made by the referee''s Union.&nbsp;&nbsp;&nbsp;&nbsp;Many companies and organizations do this exact thing.&nbsp;&nbsp;&nbsp;&nbsp;They underestimate the direct value of a specific group of workers or specific worker.&nbsp;&nbsp;&nbsp;&nbsp;It really just shows how as managers they have no idea the actual value of the contribution of the pieces in their organization.&nbsp;&nbsp;&nbsp;&nbsp;This is pretty common in the IT industry as well.<br /><br />\r\n&nbsp;&nbsp;&nbsp;&nbsp;&nbsp;&nbsp;&nbsp;&nbsp;&nbsp;&nbsp;Many IT companies offer low to median compensation for skills that take months to find and place.&nbsp;&nbsp;&nbsp;&nbsp;They will sit and complain they can''t find properly skilled workers, while not being ready or able to put a highly competitive offer on the table for the candidates they actually need.&nbsp;&nbsp;&nbsp;&nbsp;Just look at Apple''s recent Maps catastrophe.&nbsp;&nbsp;&nbsp;&nbsp;Had they put a value on people using their phone for navigation, perhaps they would''ve hired better or more people to actually pull off their recent Houdini attempt with the Maps.&nbsp;&nbsp;&nbsp;&nbsp;Now they are running around the market offering an average salary, when they need the All-Stars not the average.  Who''s running that show?&nbsp;&nbsp;&nbsp;&nbsp;Because they need a reality check on the IT employment market and the local Cost of Living in that area.<br /><br />\r\n&nbsp;&nbsp;&nbsp;&nbsp;&nbsp;&nbsp;&nbsp;&nbsp;&nbsp;&nbsp;Worst is that once again this could all have been avoided, had the proper focus been applied.&nbsp;&nbsp;&nbsp;&nbsp;Had greed not won out over logic and humanity, perhaps football fans wouldn''t be looking at a hacked Superbowl lineup.&nbsp;&nbsp;&nbsp;&nbsp;Perhaps companies would get the innovation they want, while creating truly mind blowing products that make us drop open our wallets.&nbsp;&nbsp;&nbsp;&nbsp;Perhaps iPhone users wouldn''t be asking Android users, "How do we get there?"<br /><br />  &nbsp;&nbsp;&nbsp;&nbsp;&nbsp;&nbsp;&nbsp;&nbsp;&nbsp;&nbsp;Instead, we will all live under their greed and and mediocrity it creates.&nbsp;&nbsp;&nbsp;&nbsp;Look at those in your organization.&nbsp;&nbsp;&nbsp;&nbsp;Know their contribution and its relative value internally and externally.&nbsp;&nbsp;&nbsp;&nbsp;Then decide if you want to save your extra bit of wealth or if you might make more giving some of it to your valued employees.<br /><br />\r\n\r\nJohn Reagan', '', 1, 6, 0, 12, '2012-09-25 14:47:37', 62, '', '2012-09-25 15:13:15', 62, 0, '0000-00-00 00:00:00', '2012-09-25 14:47:37', '0000-00-00 00:00:00', '', '', 'show_title=0\nlink_titles=\nshow_intro=\nshow_section=\nlink_section=\nshow_category=\nlink_category=\nshow_vote=\nshow_author=\nshow_create_date=\nshow_modify_date=\nshow_pdf_icon=\nshow_print_icon=\nshow_email_icon=\nlanguage=\nkeyref=\nreadmore=', 3, 0, 1, '', '', 0, 75, 'robots=\nauthor=');

-- --------------------------------------------------------

--
-- Table structure for table`jos_content_frontpage`
--

CREATE TABLE `jos_content_frontpage` (
  `content_id` int(11) NOT NULL DEFAULT '0',
  `ordering` int(11) NOT NULL DEFAULT '0',
  PRIMARY KEY (`content_id`)
) ENGINE=MyISAM DEFAULT CHARSET=utf8;

--
-- Dumping data for table 'jos_content_frontpage'
--

INSERT INTO `jos_content_frontpage` VALUES
(1, 3),
(2, 2),
(4, 1);

-- --------------------------------------------------------

--
-- Table structure for table`jos_content_rating`
--

CREATE TABLE `jos_content_rating` (
  `content_id` int(11) NOT NULL DEFAULT '0',
  `rating_sum` int(11) unsigned NOT NULL DEFAULT '0',
  `rating_count` int(11) unsigned NOT NULL DEFAULT '0',
  `lastip` varchar(50) NOT NULL DEFAULT '',
  PRIMARY KEY (`content_id`)
) ENGINE=MyISAM DEFAULT CHARSET=utf8;

-- --------------------------------------------------------

--
-- Table structure for table`jos_core_acl_aro`
--

CREATE TABLE `jos_core_acl_aro` (
  `id` int(11) NOT NULL AUTO_INCREMENT,
  `section_value` varchar(240) NOT NULL DEFAULT '0',
  `value` varchar(240) NOT NULL DEFAULT '',
  `order_value` int(11) NOT NULL DEFAULT '0',
  `name` varchar(255) NOT NULL DEFAULT '',
  `hidden` int(11) NOT NULL DEFAULT '0',
  PRIMARY KEY (`id`),
  UNIQUE KEY `jos_section_value_value_aro` (`section_value`(100),`value`(100)),
  KEY `jos_gacl_hidden_aro` (`hidden`)
) ENGINE=MyISAM  DEFAULT CHARSET=utf8 AUTO_INCREMENT=34 ;

--
-- Dumping data for table 'jos_core_acl_aro'
--

INSERT INTO `jos_core_acl_aro` VALUES
(10, 'users', '62', 0, 'Administrator', 0),
(11, 'users', '63', 0, 'Ben Reagan', 0),
(12, 'users', '64', 0, 'Daniel Bomya', 0),
(13, 'users', '65', 0, 'Rhys Powell', 0),
(14, 'users', '66', 0, 'Sam D', 0),
(15, 'users', '67', 0, 'paul sullivan', 0),
(16, 'users', '68', 0, 'Marie Beatrice J Desir', 0),
(17, 'users', '69', 0, 'scusiazeree', 0),
(18, 'users', '70', 0, 'dnfkmooeii', 0),
(19, 'users', '71', 0, 'fogkmooevy', 0),
(20, 'users', '72', 0, 'ceamilk', 0),
(21, 'users', '73', 0, 'FoffSeeby', 0),
(22, 'users', '74', 0, 'Stetewflier', 0),
(23, 'users', '75', 0, 'pypeKayalkbip', 0),
(24, 'users', '76', 0, 'psbpbcnrafp', 0),
(25, 'users', '77', 0, 'Arboledo', 0),
(26, 'users', '78', 0, 'Kafineczo', 0),
(27, 'users', '79', 0, 'vimax', 0),
(28, 'users', '80', 0, 'nawaimkj', 0),
(29, 'users', '81', 0, 'Envendy', 0),
(30, 'users', '82', 0, 'RiptGellCilla', 0),
(31, 'users', '83', 0, 'advevortVed', 0),
(32, 'users', '84', 0, 'ApekNeegrap', 0),
(33, 'users', '85', 0, 'Headsaparopom', 0);

-- --------------------------------------------------------

--
-- Table structure for table`jos_core_acl_aro_groups`
--

CREATE TABLE `jos_core_acl_aro_groups` (
  `id` int(11) NOT NULL AUTO_INCREMENT,
  `parent_id` int(11) NOT NULL DEFAULT '0',
  `name` varchar(255) NOT NULL DEFAULT '',
  `lft` int(11) NOT NULL DEFAULT '0',
  `rgt` int(11) NOT NULL DEFAULT '0',
  `value` varchar(255) NOT NULL DEFAULT '',
  PRIMARY KEY (`id`),
  KEY `jos_gacl_parent_id_aro_groups` (`parent_id`),
  KEY `jos_gacl_lft_rgt_aro_groups` (`lft`,`rgt`)
) ENGINE=MyISAM  DEFAULT CHARSET=utf8 AUTO_INCREMENT=37 ;

--
-- Dumping data for table 'jos_core_acl_aro_groups'
--

INSERT INTO `jos_core_acl_aro_groups` VALUES
(17, 0, 'ROOT', 1, 34, 'ROOT'),
(28, 17, 'USERS', 2, 33, 'USERS'),
(29, 28, 'Public Frontend', 3, 22, 'Public Frontend'),
(18, 29, 'Registered', 4, 21, 'Registered'),
(19, 18, 'Author', 5, 12, 'Author'),
(20, 19, 'Editor', 6, 11, 'Editor'),
(21, 20, 'Publisher', 7, 10, 'Publisher'),
(30, 28, 'Public Backend', 23, 32, 'Public Backend'),
(23, 30, 'Manager', 24, 31, 'Manager'),
(24, 23, 'Administrator', 25, 30, 'Administrator'),
(25, 24, 'Super Administrator', 26, 27, 'Super Administrator'),
(31, 18, 'RedRabbit', 13, 14, 'RedRabbit'),
(32, 18, 'Moquin Press', 15, 16, 'Moquin Press'),
(33, 18, 'New Young Energy', 17, 18, 'New Young Energy'),
(34, 21, 'BoredBrains', 8, 9, 'BoredBrains'),
(35, 24, 'BoredBrainsBack', 28, 29, 'BoredBrainsBack'),
(36, 18, 'The CPC', 19, 20, 'The CPC');

-- --------------------------------------------------------

--
-- Table structure for table`jos_core_acl_aro_map`
--

CREATE TABLE `jos_core_acl_aro_map` (
  `acl_id` int(11) NOT NULL DEFAULT '0',
  `section_value` varchar(230) NOT NULL DEFAULT '0',
  `value` varchar(100) NOT NULL,
  PRIMARY KEY (`acl_id`,`section_value`,`value`)
) ENGINE=MyISAM DEFAULT CHARSET=utf8;

-- --------------------------------------------------------

--
-- Table structure for table`jos_core_acl_aro_sections`
--

CREATE TABLE `jos_core_acl_aro_sections` (
  `id` int(11) NOT NULL AUTO_INCREMENT,
  `value` varchar(230) NOT NULL DEFAULT '',
  `order_value` int(11) NOT NULL DEFAULT '0',
  `name` varchar(230) NOT NULL DEFAULT '',
  `hidden` int(11) NOT NULL DEFAULT '0',
  PRIMARY KEY (`id`),
  UNIQUE KEY `jos_gacl_value_aro_sections` (`value`),
  KEY `jos_gacl_hidden_aro_sections` (`hidden`)
) ENGINE=MyISAM  DEFAULT CHARSET=utf8 AUTO_INCREMENT=11 ;

--
-- Dumping data for table 'jos_core_acl_aro_sections'
--

INSERT INTO `jos_core_acl_aro_sections` VALUES
(10, 'users', 1, 'Users', 0);

-- --------------------------------------------------------

--
-- Table structure for table`jos_core_acl_groups_aro_map`
--

CREATE TABLE `jos_core_acl_groups_aro_map` (
  `group_id` int(11) NOT NULL DEFAULT '0',
  `section_value` varchar(240) NOT NULL DEFAULT '',
  `aro_id` int(11) NOT NULL DEFAULT '0',
  UNIQUE KEY `group_id_aro_id_groups_aro_map` (`group_id`,`section_value`,`aro_id`)
) ENGINE=MyISAM DEFAULT CHARSET=utf8;

--
-- Dumping data for table 'jos_core_acl_groups_aro_map'
--

INSERT INTO `jos_core_acl_groups_aro_map` VALUES
(18, '', 15),
(18, '', 16),
(18, '', 17),
(18, '', 18),
(18, '', 19),
(18, '', 20),
(18, '', 21),
(18, '', 22),
(18, '', 23),
(18, '', 24),
(18, '', 25),
(18, '', 26),
(18, '', 27),
(18, '', 28),
(18, '', 29),
(18, '', 30),
(18, '', 31),
(18, '', 32),
(18, '', 33),
(25, '', 10),
(31, '', 13),
(32, '', 12),
(33, '', 14),
(36, '', 11);

-- --------------------------------------------------------

--
-- Table structure for table`jos_core_log_items`
--

CREATE TABLE `jos_core_log_items` (
  `time_stamp` date NOT NULL DEFAULT '0000-00-00',
  `item_table` varchar(50) NOT NULL DEFAULT '',
  `item_id` int(11) unsigned NOT NULL DEFAULT '0',
  `hits` int(11) unsigned NOT NULL DEFAULT '0'
) ENGINE=MyISAM DEFAULT CHARSET=utf8;

-- --------------------------------------------------------

--
-- Table structure for table`jos_core_log_searches`
--

CREATE TABLE `jos_core_log_searches` (
  `search_term` varchar(128) NOT NULL DEFAULT '',
  `hits` int(11) unsigned NOT NULL DEFAULT '0'
) ENGINE=MyISAM DEFAULT CHARSET=utf8;

-- --------------------------------------------------------

--
-- Table structure for table`jos_groups`
--

CREATE TABLE `jos_groups` (
  `id` tinyint(3) unsigned NOT NULL DEFAULT '0',
  `name` varchar(50) NOT NULL DEFAULT '',
  PRIMARY KEY (`id`)
) ENGINE=MyISAM DEFAULT CHARSET=utf8;

--
-- Dumping data for table 'jos_groups'
--

INSERT INTO `jos_groups` VALUES
(0, 'Public'),
(1, 'Registered'),
(2, 'Special');

-- --------------------------------------------------------

--
-- Table structure for table`jos_jcomments`
--

CREATE TABLE `jos_jcomments` (
  `id` int(11) unsigned NOT NULL AUTO_INCREMENT,
  `parent` int(11) unsigned NOT NULL DEFAULT '0',
  `path` varchar(255) NOT NULL DEFAULT '',
  `level` tinyint(1) unsigned NOT NULL DEFAULT '0',
  `object_id` int(11) unsigned NOT NULL DEFAULT '0',
  `object_group` varchar(255) NOT NULL DEFAULT '',
  `object_params` text NOT NULL,
  `lang` varchar(255) NOT NULL DEFAULT '',
  `userid` int(11) unsigned NOT NULL DEFAULT '0',
  `name` varchar(255) NOT NULL DEFAULT '',
  `username` varchar(255) NOT NULL DEFAULT '',
  `email` varchar(255) NOT NULL DEFAULT '',
  `homepage` varchar(255) NOT NULL DEFAULT '',
  `title` varchar(255) NOT NULL DEFAULT '',
  `comment` text NOT NULL,
  `ip` varchar(15) NOT NULL DEFAULT '',
  `date` datetime NOT NULL DEFAULT '0000-00-00 00:00:00',
  `isgood` smallint(5) unsigned NOT NULL DEFAULT '0',
  `ispoor` smallint(5) unsigned NOT NULL DEFAULT '0',
  `published` tinyint(1) unsigned NOT NULL DEFAULT '0',
  `subscribe` tinyint(1) unsigned NOT NULL DEFAULT '0',
  `source` varchar(255) NOT NULL DEFAULT '',
  `source_id` int(11) unsigned NOT NULL DEFAULT '0',
  `checked_out` int(11) unsigned NOT NULL DEFAULT '0',
  `checked_out_time` datetime NOT NULL DEFAULT '0000-00-00 00:00:00',
  `editor` varchar(50) NOT NULL DEFAULT '',
  PRIMARY KEY (`id`),
  KEY `idx_userid` (`userid`),
  KEY `idx_source` (`source`),
  KEY `idx_email` (`email`),
  KEY `idx_lang` (`lang`),
  KEY `idx_subscribe` (`subscribe`),
  KEY `idx_checkout` (`checked_out`),
  KEY `idx_object` (`object_id`,`object_group`,`published`,`date`),
  KEY `idx_path` (`path`,`level`)
) ENGINE=MyISAM  DEFAULT CHARSET=utf8 AUTO_INCREMENT=7 ;

--
-- Dumping data for table 'jos_jcomments'
--

INSERT INTO `jos_jcomments` VALUES
(1, 0, '0', 0, 29, 'com_content', '', 'en-GB', 0, 'chris ronald', 'chris ronald', 'mediadev@q.com', '', '', 'SO true John, I agree. It turns out we may all have to bite the bullet, so to speak, and pay the price for not living a greener lifestyle previously.<br /><br />Now that the price of gas is forcing us into lifestyle changes, some of us may find it harder than others, but we will all have to learn to compromise accordingly in this new economy.', '174.31.130.188', '2011-03-10 06:06:24', 0, 0, 1, 0, '', 0, 0, '0000-00-00 00:00:00', ''),
(2, 0, '0', 0, 30, 'com_content', '', 'en-GB', 0, 'chris ronald', 'chris ronald', 'mediadev@q.com', '', '', 'Charlie Sheen is my hero! - great article John! <br /><br />How true that businesses often treat their start sales performers much different than their customer service reps!', '174.31.160.22', '2011-03-19 09:29:54', 0, 0, 1, 0, '', 0, 0, '0000-00-00 00:00:00', ''),
(3, 0, '0', 0, 26, 'com_content', '', 'en-GB', 0, 'k_neutrino', 'k_neutrino', 'mediadev@q.com', '', '', 'I love MY android', '174.31.160.22', '2011-03-23 00:03:10', 0, 0, 1, 0, '', 0, 0, '0000-00-00 00:00:00', ''),
(4, 0, '0', 0, 29, 'com_content', '', 'en-GB', 0, 'John Griffin', 'John Griffin', 'johnc_griffin_193@comcast.net', '', '', 'What bothers me about this administration is that they try to please everyone by pretending that they are interested in keeping gas prices down when really, they are not. It is obvious based on the "no drilling" moratorium that they want much higher gas prices to force people into "going green." They know that if this knowledge got out to the public, there is no chance of getting reelected since our economy is so dependent on oil. Rural living (and commuting) would be unaffordable and food prices would go through the roof. People want choices, not having policy shoved down their throats and making gas unaffordable on purpose is dumb. I support a clean environment and like more energy efficient vehicles. You can have a clean energy policy by following better efficient vehicles, not by chopping people''s fiscal heads off by making gas unaffordable. I don''t consider driving back & forth to work from the suburbs to be an "addiction" (like I''m some sort of heroin addict!!) Obama won''t get re-elected if the press lets down their guard and these facts become known', '98.222.27.94', '2011-04-30 19:04:14', 0, 0, 1, 0, '', 0, 0, '0000-00-00 00:00:00', ''),
(5, 0, '0', 0, 25, 'com_content', '', 'en-GB', 0, '30 60 90 Plan Templa', '30 60 90 Plan Templa', 'planday306090@hotmail.com', 'http://30-60-90-day-sales-plan.com/getthe306090daysalesplan.htm', '', 'Will surely recommend this site to some friends! Very interesting site and articles. Really thankful for sharing. Regards,', '180.194.248.188', '2011-09-02 09:54:44', 0, 0, 1, 0, '', 0, 0, '0000-00-00 00:00:00', ''),
(6, 0, '0', 0, 33, 'com_content', '', 'en-GB', 0, 'Charlie Mann', 'Charlie Mann', 'mediadev@comcast.net', '', '', 'How true! Speak it brother, we are the 99%!!', '98.232.60.100', '2011-10-30 00:30:41', 0, 0, 1, 0, '', 0, 0, '0000-00-00 00:00:00', '');

-- --------------------------------------------------------

--
-- Table structure for table`jos_jcomments_custom_bbcodes`
--

CREATE TABLE `jos_jcomments_custom_bbcodes` (
  `id` int(11) unsigned NOT NULL AUTO_INCREMENT,
  `name` varchar(64) NOT NULL DEFAULT '',
  `simple_pattern` varchar(255) NOT NULL DEFAULT '',
  `simple_replacement_html` text NOT NULL,
  `simple_replacement_text` text NOT NULL,
  `pattern` varchar(255) NOT NULL DEFAULT '',
  `replacement_html` text NOT NULL,
  `replacement_text` text NOT NULL,
  `button_acl` text NOT NULL,
  `button_open_tag` varchar(16) NOT NULL DEFAULT '',
  `button_close_tag` varchar(16) NOT NULL DEFAULT '',
  `button_title` varchar(255) NOT NULL DEFAULT '',
  `button_prompt` varchar(255) NOT NULL DEFAULT '',
  `button_image` varchar(255) NOT NULL DEFAULT '',
  `button_css` varchar(255) NOT NULL DEFAULT '',
  `button_enabled` tinyint(1) unsigned NOT NULL DEFAULT '0',
  `ordering` int(11) unsigned NOT NULL DEFAULT '0',
  `published` tinyint(1) unsigned NOT NULL DEFAULT '0',
  PRIMARY KEY (`id`)
) ENGINE=MyISAM  DEFAULT CHARSET=utf8 AUTO_INCREMENT=11 ;

--
-- Dumping data for table 'jos_jcomments_custom_bbcodes'
--

INSERT INTO `jos_jcomments_custom_bbcodes` VALUES
(1, 'YouTube Video', '[youtube]http://www.youtube.com/watch?v={IDENTIFIER}[/youtube]', '<object width="425" height="350"><param name="movie" value="http://www.youtube.com/v/{IDENTIFIER}"></param><param name="wmode" value="transparent"></param><embed src="http://www.youtube.com/v/{IDENTIFIER}" type="application/x-shockwave-flash" wmode="transparent" width="425" height="350"></embed></object>', 'http://www.youtube.com/watch?v={IDENTIFIER}', '\\[youtube\\]http\\:\\/\\/www\\.youtube\\.com\\/watch\\?v\\=([A-Za-z0-9-_]+)([A-Za-z0-9\\%\\&\\=\\#]*?)\\[\\/youtube\\]', '<object width="425" height="350"><param name="movie" value="http://www.youtube.com/v/${1}"></param><param name="wmode" value="transparent"></param><embed src="http://www.youtube.com/v/${1}" type="application/x-shockwave-flash" wmode="transparent" width="425" height="350"></embed></object>', 'http://www.youtube.com/watch?v=${1}', 'Unregistered,Registered,Author,Editor,Publisher,Manager,Administrator,Super Administrator', '[youtube]', '[/youtube]', 'YouTube Video', '', '', 'bbcode-youtube', 1, 1, 1),
(2, 'YouTube Video (short syntax)', '[youtube]{IDENTIFIER}[/youtube]', '<object width="425" height="350"><param name="movie" value="http://www.youtube.com/v/{IDENTIFIER}"></param><param name="wmode" value="transparent"></param><embed src="http://www.youtube.com/v/{IDENTIFIER}" type="application/x-shockwave-flash" wmode="transparent" width="425" height="350"></embed></object>', 'http://www.youtube.com/watch?v={IDENTIFIER}', '\\[youtube\\]([A-Za-z0-9-_]+)([A-Za-z0-9\\%\\&\\=\\#]*?)\\[\\/youtube\\]', '<object width="425" height="350"><param name="movie" value="http://www.youtube.com/v/${1}"></param><param name="wmode" value="transparent"></param><embed src="http://www.youtube.com/v/${1}" type="application/x-shockwave-flash" wmode="transparent" width="425" height="350"></embed></object>', 'http://www.youtube.com/watch?v=${1}', 'Unregistered,Registered,Author,Editor,Publisher,Manager,Administrator,Super Administrator', '', '', '', '', '', '', 0, 2, 1),
(3, 'YouTube Video (full syntax)', '[youtube]http://www.youtube.com/watch?v={IDENTIFIER}{TEXT}[/youtube]', '<object width="425" height="350"><param name="movie" value="http://www.youtube.com/v/{IDENTIFIER}"></param><param name="wmode" value="transparent"></param><embed src="http://www.youtube.com/v/{IDENTIFIER}" type="application/x-shockwave-flash" wmode="transparent" width="425" height="350"></embed></object>', 'http://www.youtube.com/watch?v={IDENTIFIER}', '\\[youtube\\]http\\:\\/\\/www\\.youtube\\.com\\/watch\\?v\\=([A-Za-z0-9-_]+)([\\w0-9-\\+\\=\\!\\?\\(\\)\\[\\]\\{\\}\\&\\%\\*\\#\\.,_ ]+)\\[\\/youtube\\]', '<object width="425" height="350"><param name="movie" value="http://www.youtube.com/v/${1}"></param><param name="wmode" value="transparent"></param><embed src="http://www.youtube.com/v/${1}" type="application/x-shockwave-flash" wmode="transparent" width="425" height="350"></embed></object>', 'http://www.youtube.com/watch?v=${1}', 'Unregistered,Registered,Author,Editor,Publisher,Manager,Administrator,Super Administrator', '[youtube]', '[/youtube]', 'YouTube Video', '', '', '', 0, 3, 1),
(4, 'Google Video', '[google]http://video.google.com/videoplay?docid={IDENTIFIER}[/google]', '<embed style="width:425px; height:350px;" id="VideoPlayback" type="application/x-shockwave-flash" src="http://video.google.com/googleplayer.swf?docId={IDENTIFIER}" flashvars=""></embed>', 'http://video.google.com/videoplay?docid={IDENTIFIER}', '\\[google\\]http\\:\\/\\/video\\.google\\.com\\/videoplay\\?docid\\=([A-Za-z0-9-_]+)([A-Za-z0-9\\%\\&\\=\\#]*?)\\[\\/google\\]', '<embed style="width:425px; height:350px;" id="VideoPlayback" type="application/x-shockwave-flash" src="http://video.google.com/googleplayer.swf?docId=${1}" flashvars=""></embed>', 'http://video.google.com/videoplay?docid=${1}', 'Unregistered,Registered,Author,Editor,Publisher,Manager,Administrator,Super Administrator', '[google]', '[/google]', 'Google Video', '', '', 'bbcode-google', 1, 4, 1),
(5, 'Google Video (short syntax)', '[google]{IDENTIFIER}[/google]', '<embed style="width:425px; height:350px;" id="VideoPlayback" type="application/x-shockwave-flash" src="http://video.google.com/googleplayer.swf?docId={IDENTIFIER}" flashvars=""></embed>', 'http://video.google.com/videoplay?docid={IDENTIFIER}', '\\[google\\]([A-Za-z0-9-_]+)([A-Za-z0-9\\%\\&\\=\\#]*?)\\[\\/google\\]', '<embed style="width:425px; height:350px;" id="VideoPlayback" type="application/x-shockwave-flash" src="http://video.google.com/googleplayer.swf?docId=${1}" flashvars=""></embed>', 'http://video.google.com/videoplay?docid=${1}', 'Unregistered,Registered,Author,Editor,Publisher,Manager,Administrator,Super Administrator', '', '', '', '', '', '', 0, 5, 1),
(6, 'Google Video (alternate syntax)', '[gv]http://video.google.com/videoplay?docid={IDENTIFIER}[/gv]', '<embed style="width:425px; height:350px;" id="VideoPlayback" type="application/x-shockwave-flash" src="http://video.google.com/googleplayer.swf?docId={IDENTIFIER}" flashvars=""></embed>', 'http://video.google.com/videoplay?docid={IDENTIFIER}', '\\[gv\\]http\\:\\/\\/video\\.google\\.com\\/videoplay\\?docid\\=([A-Za-z0-9-_]+)([A-Za-z0-9\\%\\&\\=\\#]*?)\\[\\/gv\\]', '<embed style="width:425px; height:350px;" id="VideoPlayback" type="application/x-shockwave-flash" src="http://video.google.com/googleplayer.swf?docId=${1}" flashvars=""></embed>', 'http://video.google.com/videoplay?docid=${1}', 'Unregistered,Registered,Author,Editor,Publisher,Manager,Administrator,Super Administrator', '', '', '', '', '', '', 0, 6, 1),
(7, 'Google Video (alternate syntax)', '[googlevideo]http://video.google.com/videoplay?docid={IDENTIFIER}[/googlevideo]', '<embed style="width:425px; height:350px;" id="VideoPlayback" type="application/x-shockwave-flash" src="http://video.google.com/googleplayer.swf?docId={IDENTIFIER}" flashvars=""></embed>', 'http://video.google.com/videoplay?docid={IDENTIFIER}', '\\[googlevideo\\]http\\:\\/\\/video\\.google\\.com\\/videoplay\\?docid\\=([A-Za-z0-9-_]+)([A-Za-z0-9\\%\\&\\=\\#]*?)\\[\\/googlevideo\\]', '<embed style="width:425px; height:350px;" id="VideoPlayback" type="application/x-shockwave-flash" src="http://video.google.com/googleplayer.swf?docId=${1}" flashvars=""></embed>', 'http://video.google.com/videoplay?docid=${1}', 'Unregistered,Registered,Author,Editor,Publisher,Manager,Administrator,Super Administrator', '', '', '', '', '', '', 0, 7, 1),
(8, 'Facebook Video', '[fv]http://www.facebook.com/video/video.php?v={IDENTIFIER}[/fv]', '<object width="425" height="350"><param name="movie" value="http://www.facebook.com/v/{IDENTIFIER}"></param><param name="wmode" value="transparent"></param><embed src="http://www.facebook.com/v/{IDENTIFIER}" type="application/x-shockwave-flash" wmode="transparent" width="425" height="350"></embed></object>', 'http://www.facebook.com/video/video.php?v={IDENTIFIER}', '\\[fv\\]http\\:\\/\\/www\\.facebook\\.com\\/video\\/video\\.php\\?v\\=([A-Za-z0-9-_]+)([A-Za-z0-9\\%\\&\\=\\#]*?)\\[\\/fv\\]', '<object width="425" height="350"><param name="movie" value="http://www.facebook.com/v/${1}"></param><param name="wmode" value="transparent"></param><embed src="http://www.facebook.com/v/${1}" type="application/x-shockwave-flash" wmode="transparent" width="425" height="350"></embed></object>', 'http://www.facebook.com/video/video.php?v=${1}', 'Unregistered,Registered,Author,Editor,Publisher,Manager,Administrator,Super Administrator', '[fv]', '[/fv]', 'Facebook Video', '', '', 'bbcode-facebook', 1, 8, 1),
(9, 'Facebook Video (short syntax)', '[fv]{IDENTIFIER}[/fv]', '<object width="425" height="350"><param name="movie" value="http://www.facebook.com/v/{IDENTIFIER}"></param><param name="wmode" value="transparent"></param><embed src="http://www.facebook.com/v/{IDENTIFIER}" type="application/x-shockwave-flash" wmode="transparent" width="425" height="350"></embed></object>', 'http://www.facebook.com/video/video.php?v={IDENTIFIER}', '\\[fv\\]([A-Za-z0-9-_]+)([A-Za-z0-9\\%\\&\\=\\#]*?)\\[\\/fv\\]', '<object width="425" height="350"><param name="movie" value="http://www.facebook.com/v/${1}"></param><param name="wmode" value="transparent"></param><embed src="http://www.facebook.com/v/${1}" type="application/x-shockwave-flash" wmode="transparent" width="425" height="350"></embed></object>', 'http://www.facebook.com/video/video.php?v=${1}', 'Unregistered,Registered,Author,Editor,Publisher,Manager,Administrator,Super Administrator', '', '', '', '', '', '', 0, 9, 1),
(10, 'Wiki', '[wiki]{SIMPLETEXT}[/wiki]', '<a href="http://www.wikipedia.org/wiki/{SIMPLETEXT}" title="{SIMPLETEXT}" target="_blank">{SIMPLETEXT}</a>', '{SIMPLETEXT}', '\\[wiki\\]([A-Za-z0-9\\-\\+\\.,_ ]+)\\[\\/wiki\\]', '<a href="http://www.wikipedia.org/wiki/${1}" title="${1}" target="_blank">${1}</a>', '${1}', 'Unregistered,Registered,Author,Editor,Publisher,Manager,Administrator,Super Administrator', '[wiki]', '[/wiki]', 'Wikipedia', '', '', 'bbcode-wiki', 1, 10, 1);

-- --------------------------------------------------------

--
-- Table structure for table`jos_jcomments_reports`
--

CREATE TABLE `jos_jcomments_reports` (
  `id` int(11) unsigned NOT NULL AUTO_INCREMENT,
  `commentid` int(11) unsigned NOT NULL DEFAULT '0',
  `userid` int(11) unsigned NOT NULL DEFAULT '0',
  `name` varchar(255) NOT NULL DEFAULT '',
  `ip` varchar(15) NOT NULL DEFAULT '',
  `date` datetime NOT NULL DEFAULT '0000-00-00 00:00:00',
  `reason` tinytext NOT NULL,
  `status` tinyint(1) unsigned NOT NULL DEFAULT '0',
  PRIMARY KEY (`id`)
) ENGINE=MyISAM DEFAULT CHARSET=utf8 AUTO_INCREMENT=1 ;

-- --------------------------------------------------------

--
-- Table structure for table`jos_jcomments_settings`
--

CREATE TABLE `jos_jcomments_settings` (
  `component` varchar(50) NOT NULL DEFAULT '',
  `lang` varchar(20) NOT NULL DEFAULT '',
  `name` varchar(50) NOT NULL DEFAULT '',
  `value` text NOT NULL,
  PRIMARY KEY (`component`,`lang`,`name`)
) ENGINE=MyISAM DEFAULT CHARSET=utf8;

--
-- Dumping data for table 'jos_jcomments_settings'
--

INSERT INTO `jos_jcomments_settings` VALUES
('', '', 'enable_username_check', '1'),
('', '', 'username_maxlength', '20'),
('', '', 'forbidden_names', 'administrator,moderator,jreagan,jreag,joreag,johnreagan,johnreag,craynor'),
('', '', 'author_email', '2'),
('', '', 'author_homepage', '1'),
('', '', 'comment_maxlength', '10000'),
('', '', 'comment_minlength', '2'),
('', '', 'word_maxlength', '40'),
('', '', 'link_maxlength', '30'),
('', '', 'flood_time', '30'),
('', '', 'enable_notification', '1'),
('', '', 'notification_email', 'contact@boredbrains.net'),
('', '', 'template', 'default'),
('', '', 'enable_smiles', '1'),
('', '', 'comments_per_page', '10'),
('', '', 'comments_page_limit', '15'),
('', '', 'comments_pagination', 'both'),
('', '', 'comments_order', 'DESC'),
('', '', 'show_commentlength', '1'),
('', '', 'enable_nested_quotes', '1'),
('', '', 'enable_rss', '1'),
('', '', 'censor_replace_word', '[censored]'),
('', '', 'can_comment', 'Unregistered,Registered,Author,Editor,Publisher,Manager,Administrator,Super Administrator'),
('', '', 'can_reply', 'Unregistered,Registered,Author,Editor,Publisher,Manager,Administrator,Super Administrator'),
('', '', 'show_policy', 'Unregistered,Registered'),
('', '', 'enable_captcha', 'Unregistered'),
('', '', 'floodprotection', 'Unregistered,Registered,Author,Editor'),
('', '', 'enable_comment_length_check', 'Unregistered,Registered'),
('', '', 'autopublish', 'Registered,Author,Editor,Publisher,Manager,Administrator,Super Administrator'),
('', '', 'autolinkurls', 'Registered,Author,Editor,Publisher,Manager,Administrator,Super Administrator'),
('', '', 'enable_subscribe', 'Unregistered,Registered,Author,Editor,Publisher,Manager,Administrator,Super Administrator'),
('', '', 'enable_gravatar', ''),
('', '', 'can_view_homepage', 'Registered,Author,Editor,Publisher,Manager,Administrator,Super Administrator'),
('', '', 'can_publish', 'Publisher,Manager,Administrator,Super Administrator'),
('', '', 'can_view_email', 'Manager,Administrator,Super Administrator'),
('', '', 'can_edit', 'Manager,Administrator,Super Administrator'),
('', '', 'can_edit_own', 'Registered,Author,Editor,Publisher,Manager,Administrator,Super Administrator'),
('', '', 'can_delete', 'Manager,Administrator,Super Administrator'),
('', '', 'can_delete_own', 'Registered,Author,Manager,Administrator,Super Administrator'),
('', '', 'enable_bbcode_b', 'Registered,Author,Editor,Publisher,Manager,Administrator,Super Administrator'),
('', '', 'enable_bbcode_i', 'Registered,Author,Editor,Publisher,Manager,Administrator,Super Administrator'),
('', '', 'enable_bbcode_u', 'Registered,Author,Editor,Publisher,Manager,Administrator,Super Administrator'),
('', '', 'enable_bbcode_s', 'Registered,Author,Editor,Publisher,Manager,Administrator,Super Administrator'),
('', '', 'enable_bbcode_url', 'Registered,Author,Editor,Publisher,Manager,Administrator,Super Administrator'),
('', '', 'enable_bbcode_img', 'Registered,Author,Editor,Publisher,Manager,Administrator,Super Administrator'),
('', '', 'enable_bbcode_list', 'Registered,Author,Editor,Publisher,Manager,Administrator,Super Administrator'),
('', '', 'enable_bbcode_hide', 'Registered,Author,Editor,Publisher,Manager,Administrator,Super Administrator'),
('', '', 'can_view_ip', 'Administrator,Super Administrator'),
('', '', 'enable_categories', '12'),
('', '', 'emailprotection', 'Unregistered'),
('', '', 'enable_comment_maxlength_check', ''),
('', '', 'enable_autocensor', 'Unregistered'),
('', '', 'badwords', ''),
('', '', 'smiles', ':D	laugh.gif\n:lol:	lol.gif\n:-)	smile.gif\n;-)	wink.gif\n8)	cool.gif\n:-|	normal.gif\n:-*	whistling.gif\n:oops:	redface.gif\n:sad:	sad.gif\n:cry:	cry.gif\n:o	surprised.gif\n:-?	confused.gif\n:-x	sick.gif\n:eek:	shocked.gif\n:zzz	sleeping.gif\n:P	tongue.gif\n:roll:	rolleyes.gif\n:sigh:	unsure.gif'),
('', '', 'enable_mambots', '1'),
('', '', 'form_show', '1'),
('', '', 'display_author', 'username'),
('', '', 'enable_voting', '1'),
('', '', 'can_vote', 'Unregistered,Registered,Author,Editor,Publisher,Manager,Administrator,Super Administrator'),
('', '', 'merge_time', '0'),
('', '', 'template_view', 'list'),
('', '', 'message_policy_post', 'Please keep comments professional.  If all you can bring to the table is discourse, post elsewhere.'),
('', '', 'message_policy_whocancomment', 'Action can not be completed, no permissions.'),
('', '', 'message_locked', 'This content has been locked. You can no longer post any comment.'),
('', '', 'comment_title', '0'),
('', '', 'enable_custom_bbcode', '0'),
('', '', 'enable_bbcode_quote', 'Unregistered,Registered,Author,Editor,Publisher,Manager,Administrator,Super Administrator'),
('', '', 'enable_bbcode_code', ''),
('', '', 'enable_geshi', '0'),
('', '', 'can_report', ''),
('', '', 'enable_quick_moderation', '1'),
('', '', 'notification_type', '1,2'),
('', '', 'captcha_engine', 'kcaptcha');

-- --------------------------------------------------------

--
-- Table structure for table`jos_jcomments_subscriptions`
--

CREATE TABLE `jos_jcomments_subscriptions` (
  `id` int(11) unsigned NOT NULL AUTO_INCREMENT,
  `object_id` int(11) unsigned NOT NULL DEFAULT '0',
  `object_group` varchar(255) NOT NULL DEFAULT '',
  `lang` varchar(255) NOT NULL DEFAULT '',
  `userid` int(11) unsigned NOT NULL DEFAULT '0',
  `name` varchar(255) NOT NULL DEFAULT '',
  `email` varchar(255) NOT NULL DEFAULT '',
  `hash` varchar(255) NOT NULL DEFAULT '',
  `published` tinyint(1) unsigned NOT NULL DEFAULT '0',
  PRIMARY KEY (`id`),
  KEY `idx_object` (`object_id`,`object_group`),
  KEY `idx_lang` (`lang`),
  KEY `idx_hash` (`hash`)
) ENGINE=MyISAM  DEFAULT CHARSET=utf8 AUTO_INCREMENT=2 ;

--
-- Dumping data for table 'jos_jcomments_subscriptions'
--

INSERT INTO `jos_jcomments_subscriptions` VALUES
(1, 29, 'com_content', 'en-GB', 0, 'John Griffin', 'johnc_griffin_193@comcast.net', '47e074172351bdc03527da5142f32780', 1);

-- --------------------------------------------------------

--
-- Table structure for table`jos_jcomments_version`
--

CREATE TABLE `jos_jcomments_version` (
  `version` varchar(16) NOT NULL DEFAULT '',
  `previous` varchar(16) NOT NULL DEFAULT '',
  `installed` datetime NOT NULL DEFAULT '0000-00-00 00:00:00',
  `updated` datetime NOT NULL DEFAULT '0000-00-00 00:00:00',
  PRIMARY KEY (`version`)
) ENGINE=MyISAM DEFAULT CHARSET=utf8;

--
-- Dumping data for table 'jos_jcomments_version'
--

INSERT INTO `jos_jcomments_version` VALUES
('2.2.0.2', '', '2011-02-24 21:13:22', '2011-02-25 15:09:03');

-- --------------------------------------------------------

--
-- Table structure for table`jos_jcomments_votes`
--

CREATE TABLE `jos_jcomments_votes` (
  `id` int(11) unsigned NOT NULL AUTO_INCREMENT,
  `commentid` int(11) unsigned NOT NULL DEFAULT '0',
  `userid` int(11) unsigned NOT NULL DEFAULT '0',
  `ip` varchar(15) NOT NULL DEFAULT '',
  `date` datetime NOT NULL DEFAULT '0000-00-00 00:00:00',
  `value` tinyint(1) NOT NULL,
  PRIMARY KEY (`id`),
  KEY `idx_comment` (`commentid`,`userid`)
) ENGINE=MyISAM DEFAULT CHARSET=utf8 AUTO_INCREMENT=1 ;

-- --------------------------------------------------------

--
-- Table structure for table`jos_menu`
--

CREATE TABLE `jos_menu` (
  `id` int(11) NOT NULL AUTO_INCREMENT,
  `menutype` varchar(75) DEFAULT NULL,
  `name` varchar(255) DEFAULT NULL,
  `alias` varchar(255) NOT NULL DEFAULT '',
  `link` text,
  `type` varchar(50) NOT NULL DEFAULT '',
  `published` tinyint(1) NOT NULL DEFAULT '0',
  `parent` int(11) unsigned NOT NULL DEFAULT '0',
  `componentid` int(11) unsigned NOT NULL DEFAULT '0',
  `sublevel` int(11) DEFAULT '0',
  `ordering` int(11) DEFAULT '0',
  `checked_out` int(11) unsigned NOT NULL DEFAULT '0',
  `checked_out_time` datetime NOT NULL DEFAULT '0000-00-00 00:00:00',
  `pollid` int(11) NOT NULL DEFAULT '0',
  `browserNav` tinyint(4) DEFAULT '0',
  `access` tinyint(3) unsigned NOT NULL DEFAULT '0',
  `utaccess` tinyint(3) unsigned NOT NULL DEFAULT '0',
  `params` text NOT NULL,
  `lft` int(11) unsigned NOT NULL DEFAULT '0',
  `rgt` int(11) unsigned NOT NULL DEFAULT '0',
  `home` int(1) unsigned NOT NULL DEFAULT '0',
  PRIMARY KEY (`id`),
  KEY `componentid` (`componentid`,`menutype`,`published`,`access`),
  KEY `menutype` (`menutype`)
) ENGINE=MyISAM  DEFAULT CHARSET=utf8 AUTO_INCREMENT=31 ;

--
-- Dumping data for table 'jos_menu'
--

INSERT INTO `jos_menu` VALUES
(1, 'mainmenu', 'Home', 'home', 'index.php?option=com_content&view=frontpage', 'component', 1, 0, 20, 0, 6, 0, '0000-00-00 00:00:00', 0, 0, 0, 3, 'num_leading_articles=1\nnum_intro_articles=4\nnum_columns=2\nnum_links=4\norderby_pri=\norderby_sec=front\nmulti_column_order=1\nshow_pagination=2\nshow_pagination_results=1\nshow_feed_link=1\nshow_noauth=\nshow_title=\nlink_titles=\nshow_intro=\nshow_section=\nlink_section=\nshow_category=\nlink_category=\nshow_author=\nshow_create_date=\nshow_modify_date=\nshow_item_navigation=\nshow_readmore=\nshow_vote=\nshow_icons=\nshow_pdf_icon=\nshow_print_icon=\nshow_email_icon=\nshow_hits=\nfeed_summary=\npage_title=BoredBrains.net\nshow_page_title=0\npageclass_sfx=\nmenu_image=-1\nsecure=1\n\n', 0, 0, 1),
(2, 'mainmenu', 'Consulting Services', 'consultingserv', 'index.php?option=com_content&view=section&id=1', 'component', -2, 0, 20, 0, 8, 0, '0000-00-00 00:00:00', 0, 0, 0, 0, 'show_description=0\nshow_description_image=0\nshow_categories=0\nshow_empty_categories=0\nshow_cat_num_articles=1\nshow_category_description=1\norderby=\norderby_sec=\nshow_feed_link=1\nshow_noauth=\nshow_title=\nlink_titles=\nshow_intro=\nshow_section=\nlink_section=\nshow_category=\nlink_category=\nshow_author=\nshow_create_date=\nshow_modify_date=0\nshow_item_navigation=\nshow_readmore=\nshow_vote=\nshow_icons=\nshow_pdf_icon=\nshow_print_icon=\nshow_email_icon=\nshow_hits=\nfeed_summary=\npage_title=\nshow_page_title=1\npageclass_sfx=\nmenu_image=-1\nsecure=0\n\n', 0, 0, 0),
(3, 'mainmenu', 'Technical Staffing', 'techstaffing', 'index.php?option=com_content&view=section&id=2', 'component', -2, 0, 20, 0, 9, 0, '0000-00-00 00:00:00', 0, 0, 0, 0, 'show_description=0\nshow_description_image=0\nshow_categories=1\nshow_empty_categories=0\nshow_cat_num_articles=1\nshow_category_description=1\norderby=\norderby_sec=\nshow_feed_link=1\nshow_noauth=\nshow_title=\nlink_titles=\nshow_intro=\nshow_section=\nlink_section=\nshow_category=\nlink_category=\nshow_author=\nshow_create_date=0\nshow_modify_date=0\nshow_item_navigation=\nshow_readmore=\nshow_vote=\nshow_icons=\nshow_pdf_icon=\nshow_print_icon=\nshow_email_icon=\nshow_hits=\nfeed_summary=\npage_title=\nshow_page_title=1\npageclass_sfx=\nmenu_image=-1\nsecure=0\n\n', 0, 0, 0),
(4, 'mainmenu', 'Business Systems Consulting', 'bussysconsult', 'index.php?option=com_content&view=category&layout=blog&id=2', 'component', -2, 0, 20, 0, 15, 0, '0000-00-00 00:00:00', 0, 0, 0, 0, 'show_description=0\nshow_description_image=0\nnum_leading_articles=1\nnum_intro_articles=4\nnum_columns=2\nnum_links=4\norderby_pri=\norderby_sec=\nmulti_column_order=0\nshow_pagination=0\nshow_pagination_results=1\nshow_feed_link=0\nshow_noauth=\nshow_title=\nlink_titles=\nshow_intro=\nshow_section=\nlink_section=\nshow_category=\nlink_category=\nshow_author=\nshow_create_date=\nshow_modify_date=\nshow_item_navigation=\nshow_readmore=\nshow_vote=\nshow_icons=\nshow_pdf_icon=\nshow_print_icon=\nshow_email_icon=\nshow_hits=\nfeed_summary=\npage_title=\nshow_page_title=1\npageclass_sfx=\nmenu_image=-1\nsecure=0\n\n', 0, 0, 0),
(5, 'mainmenu', 'Recruiting Consulting Services', 'recruitconsulting', 'index.php?option=com_content&view=category&layout=blog&id=1', 'component', -2, 0, 20, 0, 18, 0, '0000-00-00 00:00:00', 0, 0, 0, 0, 'show_description=0\nshow_description_image=0\nnum_leading_articles=1\nnum_intro_articles=4\nnum_columns=2\nnum_links=4\norderby_pri=\norderby_sec=\nmulti_column_order=0\nshow_pagination=2\nshow_pagination_results=1\nshow_feed_link=1\nshow_noauth=\nshow_title=\nlink_titles=\nshow_intro=\nshow_section=\nlink_section=\nshow_category=\nlink_category=\nshow_author=\nshow_create_date=\nshow_modify_date=\nshow_item_navigation=\nshow_readmore=\nshow_vote=\nshow_icons=\nshow_pdf_icon=\nshow_print_icon=\nshow_email_icon=\nshow_hits=\nfeed_summary=\npage_title=\nshow_page_title=1\npageclass_sfx=\nmenu_image=-1\nsecure=0\n\n', 0, 0, 0),
(7, 'mainmenu', 'Staffing Services', 'consulting', 'index.php?option=com_content&view=article&id=5', 'component', -2, 0, 20, 0, 7, 0, '0000-00-00 00:00:00', 0, 0, 0, 0, 'show_noauth=\nshow_title=\nlink_titles=\nshow_intro=\nshow_section=\nlink_section=\nshow_category=\nlink_category=\nshow_author=\nshow_create_date=\nshow_modify_date=\nshow_item_navigation=\nshow_readmore=\nshow_vote=\nshow_icons=\nshow_pdf_icon=\nshow_print_icon=\nshow_email_icon=\nshow_hits=\nfeed_summary=\npage_title=\nshow_page_title=1\npageclass_sfx=\nmenu_image=-1\nsecure=0\n\n', 0, 0, 0),
(8, 'mainmenu', 'Staffing', 'technical-staffing', 'index.php?option=com_content&view=article&id=5', 'component', 0, 0, 20, 0, 10, 0, '0000-00-00 00:00:00', 0, 0, 0, 0, 'show_noauth=\nshow_title=\nlink_titles=\nshow_intro=\nshow_section=\nlink_section=\nshow_category=\nlink_category=\nshow_author=\nshow_create_date=\nshow_modify_date=\nshow_item_navigation=\nshow_readmore=\nshow_vote=\nshow_icons=\nshow_pdf_icon=\nshow_print_icon=\nshow_email_icon=\nshow_hits=\nfeed_summary=\npage_title=\nshow_page_title=1\npageclass_sfx=\nmenu_image=-1\nsecure=0\n\n', 0, 0, 0),
(9, 'mainmenu', 'Clients', 'for-staffing-clients', 'index.php?option=com_content&view=article&id=6', 'component', 1, 0, 20, 0, 11, 0, '0000-00-00 00:00:00', 0, 0, 0, 0, 'show_noauth=\nshow_title=\nlink_titles=\nshow_intro=\nshow_section=\nlink_section=\nshow_category=\nlink_category=\nshow_author=\nshow_create_date=\nshow_modify_date=\nshow_item_navigation=\nshow_readmore=\nshow_vote=\nshow_icons=\nshow_pdf_icon=\nshow_print_icon=\nshow_email_icon=\nshow_hits=\nfeed_summary=\npage_title=\nshow_page_title=1\npageclass_sfx=\nmenu_image=-1\nsecure=0\n\n', 0, 0, 0),
(10, 'mainmenu', 'Candidates', 'for-candidates', 'index.php?option=com_content&view=article&id=8', 'component', 1, 0, 20, 0, 12, 0, '0000-00-00 00:00:00', 0, 0, 0, 0, 'show_noauth=\nshow_title=\nlink_titles=\nshow_intro=\nshow_section=\nlink_section=\nshow_category=\nlink_category=\nshow_author=\nshow_create_date=\nshow_modify_date=\nshow_item_navigation=\nshow_readmore=\nshow_vote=\nshow_icons=\nshow_pdf_icon=\nshow_print_icon=\nshow_email_icon=\nshow_hits=\nfeed_summary=\npage_title=\nshow_page_title=1\npageclass_sfx=\nmenu_image=-1\nsecure=0\n\n', 0, 0, 0),
(11, 'mainmenu', 'Current Openings', 'current-openings', 'index.php?option=com_content&view=article&id=7', 'component', 1, 0, 20, 0, 13, 0, '0000-00-00 00:00:00', 0, 0, 0, 0, 'show_noauth=\nshow_title=\nlink_titles=\nshow_intro=\nshow_section=\nlink_section=\nshow_category=\nlink_category=\nshow_author=\nshow_create_date=\nshow_modify_date=\nshow_item_navigation=\nshow_readmore=\nshow_vote=\nshow_icons=\nshow_pdf_icon=\nshow_print_icon=\nshow_email_icon=\nshow_hits=\nfeed_summary=\npage_title=\nshow_page_title=1\npageclass_sfx=\nmenu_image=-1\nsecure=0\n\n', 0, 0, 0),
(12, 'mainmenu', 'Business Consulting', 'business-consulting', 'index.php?option=com_content&view=article&id=11', 'component', -2, 0, 20, 0, 5, 0, '0000-00-00 00:00:00', 0, 0, 0, 0, 'show_noauth=\nshow_title=\nlink_titles=\nshow_intro=\nshow_section=\nlink_section=\nshow_category=\nlink_category=\nshow_author=\nshow_create_date=\nshow_modify_date=\nshow_item_navigation=\nshow_readmore=\nshow_vote=\nshow_icons=\nshow_pdf_icon=\nshow_print_icon=\nshow_email_icon=\nshow_hits=\nfeed_summary=\npage_title=\nshow_page_title=1\npageclass_sfx=\nmenu_image=-1\nsecure=0\n\n', 0, 0, 0),
(15, 'SiteNav', 'Home', 'home', 'http://www.boredbrains.net/dir', 'url', 1, 0, 0, 0, 1, 0, '0000-00-00 00:00:00', 0, 0, 0, 0, 'menu_image=-1\n\n', 0, 0, 0),
(16, 'mainmenu', 'Current Zoho Solutions', 'current-zoho-solutions', 'index.php?option=com_content&view=article&id=12', 'component', -2, 0, 20, 1, 4, 0, '0000-00-00 00:00:00', 0, 0, 0, 0, 'show_noauth=\nshow_title=0\nlink_titles=\nshow_intro=\nshow_section=\nlink_section=\nshow_category=\nlink_category=\nshow_author=\nshow_create_date=\nshow_modify_date=\nshow_item_navigation=\nshow_readmore=\nshow_vote=\nshow_icons=\nshow_pdf_icon=\nshow_print_icon=\nshow_email_icon=\nshow_hits=\nfeed_summary=\npage_title=\nshow_page_title=1\npageclass_sfx=\nmenu_image=-1\nsecure=0\n\n', 0, 0, 0),
(13, 'mainmenu', 'About', 'about', 'index.php?option=com_content&view=article&id=18', 'component', 0, 0, 20, 0, 16, 0, '0000-00-00 00:00:00', 0, 0, 0, 0, 'show_noauth=\nshow_title=\nlink_titles=\nshow_intro=\nshow_section=\nlink_section=\nshow_category=\nlink_category=\nshow_author=\nshow_create_date=\nshow_modify_date=\nshow_item_navigation=\nshow_readmore=\nshow_vote=\nshow_icons=\nshow_pdf_icon=\nshow_print_icon=\nshow_email_icon=\nshow_hits=\nfeed_summary=\npage_title=\nshow_page_title=1\npageclass_sfx=\nmenu_image=-1\nsecure=0\n\n', 0, 0, 0),
(14, 'mainmenu', 'Contact Info', 'contact-us', 'index.php?option=com_content&view=article&id=10', 'component', 0, 13, 20, 1, 1, 0, '0000-00-00 00:00:00', 0, 0, 0, 0, 'show_noauth=\nshow_title=\nlink_titles=\nshow_intro=\nshow_section=\nlink_section=\nshow_category=\nlink_category=\nshow_author=\nshow_create_date=\nshow_modify_date=\nshow_item_navigation=\nshow_readmore=\nshow_vote=\nshow_icons=\nshow_pdf_icon=\nshow_print_icon=\nshow_email_icon=\nshow_hits=\nfeed_summary=\npage_title=\nshow_page_title=1\npageclass_sfx=\nmenu_image=-1\nsecure=0\n\n', 0, 0, 0),
(17, 'SiteNav', 'Business Consulting', 'business-consulting', 'http://www.boredbrains.net/dir/business-consulting.html', 'url', 0, 0, 0, 0, 2, 0, '0000-00-00 00:00:00', 0, 0, 0, 0, 'menu_image=-1\n\n', 0, 0, 0),
(18, 'SiteNav', 'Zoho Solutions', 'zoho-solutions', 'http://www.boredbrains.net/dir/business-consulting/current-zoho-solutions.html', 'url', 0, 0, 0, 0, 3, 0, '0000-00-00 00:00:00', 0, 0, 0, 0, 'menu_image=-1\n\n', 0, 0, 0),
(19, 'SiteNav', 'Staffing', 'tech-staffing', 'http://www.boredbrains.net/dir/index.php?option=com_content&view=article&id=5&Itemid=8', 'url', 0, 0, 0, 0, 4, 0, '0000-00-00 00:00:00', 0, 0, 0, 0, 'menu_image=-1\n\n', 0, 0, 0),
(20, 'SiteNav', 'Staffing Clients', 'staffing-clients', 'http://www.boredbrains.net/dir/index.php?option=com_content&view=article&id=6&Itemid=9', 'url', 1, 0, 0, 0, 5, 0, '0000-00-00 00:00:00', 0, 0, 0, 0, 'menu_image=-1\n\n', 0, 0, 0),
(21, 'SiteNav', 'Candidates', 'for-candidates', 'http://www.boredbrains.net/dir/index.php?option=com_content&view=article&id=8&Itemid=10', 'url', 1, 0, 0, 0, 6, 0, '0000-00-00 00:00:00', 0, 0, 0, 0, 'menu_image=-1\n\n', 0, 0, 0),
(22, 'SiteNav', 'Open Positions', 'open-positions', 'http://www.boredbrains.net/dir/index.php?option=com_content&view=article&id=7&Itemid=11', 'url', 1, 0, 0, 0, 7, 0, '0000-00-00 00:00:00', 0, 0, 0, 0, 'menu_image=-1\n\n', 0, 0, 0),
(23, 'SiteNav2', 'Contact Us', 'contact-us', 'about/contact-form.html', 'url', 1, 0, 0, 0, 2, 0, '0000-00-00 00:00:00', 0, 0, 0, 0, 'menu_image=-1\n\n', 0, 0, 0),
(24, 'mainmenu', 'Your Project', 'your-project', 'index.php?option=com_content&view=article&id=13', 'component', 1, 0, 20, 0, 19, 0, '0000-00-00 00:00:00', 0, 0, 1, 0, 'show_noauth=1\nshow_title=0\nlink_titles=\nshow_intro=\nshow_section=\nlink_section=\nshow_category=\nlink_category=\nshow_author=\nshow_create_date=\nshow_modify_date=\nshow_item_navigation=\nshow_readmore=\nshow_vote=\nshow_icons=\nshow_pdf_icon=\nshow_print_icon=\nshow_email_icon=\nshow_hits=\nfeed_summary=\npage_title=\nshow_page_title=1\npageclass_sfx=\nmenu_image=-1\nsecure=0\n\n', 0, 0, 0),
(25, 'SiteNav2', 'About Us', 'about-us', 'http://www.boredbrains.net/dir/index.php?option=com_content&view=article&id=17&Itemid=29', 'url', 1, 0, 0, 0, 1, 0, '0000-00-00 00:00:00', 0, 0, 0, 0, 'menu_image=-1\n\n', 0, 0, 0),
(26, 'mainmenu', 'Zoho Explained', 'zoho-explained', 'index.php?option=com_content&view=article&id=15', 'component', -2, 0, 20, 1, 3, 0, '0000-00-00 00:00:00', 0, 0, 0, 0, 'show_noauth=\nshow_title=0\nlink_titles=\nshow_intro=\nshow_section=0\nlink_section=\nshow_category=0\nlink_category=\nshow_author=\nshow_create_date=\nshow_modify_date=\nshow_item_navigation=\nshow_readmore=\nshow_vote=\nshow_icons=\nshow_pdf_icon=\nshow_print_icon=\nshow_email_icon=\nshow_hits=\nfeed_summary=\npage_title=\nshow_page_title=1\npageclass_sfx=\nmenu_image=-1\nsecure=0\n\n', 0, 0, 0),
(27, 'mainmenu', 'Zoho Consulting', 'zoho-consulting', 'index.php?option=com_content&view=article&id=14', 'component', -2, 0, 20, 1, 2, 0, '0000-00-00 00:00:00', 0, 0, 0, 0, 'show_noauth=\nshow_title=\nlink_titles=\nshow_intro=\nshow_section=\nlink_section=\nshow_category=\nlink_category=\nshow_author=\nshow_create_date=\nshow_modify_date=\nshow_item_navigation=\nshow_readmore=\nshow_vote=\nshow_icons=\nshow_pdf_icon=\nshow_print_icon=\nshow_email_icon=\nshow_hits=\nfeed_summary=\npage_title=\nshow_page_title=1\npageclass_sfx=\nmenu_image=-1\nsecure=0\n\n', 0, 0, 0),
(28, 'mainmenu', 'MDDB', 'mddb', 'index.php?option=com_content&view=article&id=16', 'component', -2, 0, 20, 2, 1, 0, '0000-00-00 00:00:00', 0, 0, 0, 0, 'show_noauth=\nshow_title=\nlink_titles=\nshow_intro=\nshow_section=\nlink_section=\nshow_category=\nlink_category=\nshow_author=\nshow_create_date=\nshow_modify_date=\nshow_item_navigation=\nshow_readmore=\nshow_vote=\nshow_icons=\nshow_pdf_icon=\nshow_print_icon=\nshow_email_icon=\nshow_hits=\nfeed_summary=\npage_title=\nshow_page_title=1\npageclass_sfx=\nmenu_image=-1\nsecure=0\n\n', 0, 0, 0),
(29, 'mainmenu', 'Contact Info', 'contact-form', 'index.php?option=com_content&view=article&id=17', 'component', 1, 0, 20, 0, 17, 0, '0000-00-00 00:00:00', 0, 0, 0, 0, 'show_noauth=\nshow_title=\nlink_titles=\nshow_intro=\nshow_section=\nlink_section=\nshow_category=\nlink_category=\nshow_author=\nshow_create_date=\nshow_modify_date=\nshow_item_navigation=\nshow_readmore=\nshow_vote=\nshow_icons=\nshow_pdf_icon=\nshow_print_icon=\nshow_email_icon=\nshow_hits=\nfeed_summary=\npage_title=\nshow_page_title=1\npageclass_sfx=\nmenu_image=-1\nsecure=0\n\n', 0, 0, 0),
(30, 'mainmenu', 'Bored Blog', 'bb-observations', 'index.php?option=com_content&view=category&id=12', 'component', 1, 0, 20, 0, 14, 0, '0000-00-00 00:00:00', 0, 0, 0, 0, 'display_num=20\nshow_headings=1\nshow_date=1\ndate_format=\nfilter=1\nfilter_type=title\norderby_sec=\nshow_pagination=0\nshow_pagination_limit=1\nshow_feed_link=1\nshow_noauth=\nshow_title=1\nlink_titles=1\nshow_intro=\nshow_section=0\nlink_section=0\nshow_category=0\nlink_category=0\nshow_author=0\nshow_create_date=1\nshow_modify_date=\nshow_item_navigation=\nshow_readmore=\nshow_vote=\nshow_icons=\nshow_pdf_icon=\nshow_print_icon=\nshow_email_icon=\nshow_hits=\nfeed_summary=\npage_title=\nshow_page_title=1\npageclass_sfx=\nmenu_image=-1\nsecure=0\n\n', 0, 0, 0);

-- --------------------------------------------------------

--
-- Table structure for table`jos_menu_types`
--

CREATE TABLE `jos_menu_types` (
  `id` int(10) unsigned NOT NULL AUTO_INCREMENT,
  `menutype` varchar(75) NOT NULL DEFAULT '',
  `title` varchar(255) NOT NULL DEFAULT '',
  `description` varchar(255) NOT NULL DEFAULT '',
  PRIMARY KEY (`id`),
  UNIQUE KEY `menutype` (`menutype`)
) ENGINE=MyISAM  DEFAULT CHARSET=utf8 AUTO_INCREMENT=6 ;

--
-- Dumping data for table 'jos_menu_types'
--

INSERT INTO `jos_menu_types` VALUES
(1, 'mainmenu', 'Main Menu', 'The main menu for the site'),
(4, 'SiteNav', 'SiteNav', 'Navsite'),
(5, 'SiteNav2', 'Site Nav2', 'Second row for nav');

-- --------------------------------------------------------

--
-- Table structure for table`jos_messages`
--

CREATE TABLE `jos_messages` (
  `message_id` int(10) unsigned NOT NULL AUTO_INCREMENT,
  `user_id_from` int(10) unsigned NOT NULL DEFAULT '0',
  `user_id_to` int(10) unsigned NOT NULL DEFAULT '0',
  `folder_id` int(10) unsigned NOT NULL DEFAULT '0',
  `date_time` datetime NOT NULL DEFAULT '0000-00-00 00:00:00',
  `state` int(11) NOT NULL DEFAULT '0',
  `priority` int(1) unsigned NOT NULL DEFAULT '0',
  `subject` text NOT NULL,
  `message` text NOT NULL,
  PRIMARY KEY (`message_id`),
  KEY `useridto_state` (`user_id_to`,`state`)
) ENGINE=MyISAM  DEFAULT CHARSET=utf8 AUTO_INCREMENT=2 ;

-- --------------------------------------------------------

--
-- Table structure for table`jos_messages_cfg`
--

CREATE TABLE `jos_messages_cfg` (
  `user_id` int(10) unsigned NOT NULL DEFAULT '0',
  `cfg_name` varchar(100) NOT NULL DEFAULT '',
  `cfg_value` varchar(255) NOT NULL DEFAULT '',
  UNIQUE KEY `idx_user_var_name` (`user_id`,`cfg_name`)
) ENGINE=MyISAM DEFAULT CHARSET=utf8;

-- --------------------------------------------------------

--
-- Table structure for table`jos_migration_backlinks`
--

CREATE TABLE `jos_migration_backlinks` (
  `itemid` int(11) NOT NULL,
  `name` varchar(100) NOT NULL,
  `url` text NOT NULL,
  `sefurl` text NOT NULL,
  `newurl` text NOT NULL,
  PRIMARY KEY (`itemid`)
) ENGINE=MyISAM DEFAULT CHARSET=utf8;

-- --------------------------------------------------------

--
-- Table structure for table`jos_modules`
--

CREATE TABLE `jos_modules` (
  `id` int(11) NOT NULL AUTO_INCREMENT,
  `title` text NOT NULL,
  `content` text NOT NULL,
  `ordering` int(11) NOT NULL DEFAULT '0',
  `position` varchar(50) DEFAULT NULL,
  `checked_out` int(11) unsigned NOT NULL DEFAULT '0',
  `checked_out_time` datetime NOT NULL DEFAULT '0000-00-00 00:00:00',
  `published` tinyint(1) NOT NULL DEFAULT '0',
  `module` varchar(50) DEFAULT NULL,
  `numnews` int(11) NOT NULL DEFAULT '0',
  `access` tinyint(3) unsigned NOT NULL DEFAULT '0',
  `showtitle` tinyint(3) unsigned NOT NULL DEFAULT '1',
  `params` text NOT NULL,
  `iscore` tinyint(4) NOT NULL DEFAULT '0',
  `client_id` tinyint(4) NOT NULL DEFAULT '0',
  `control` text NOT NULL,
  PRIMARY KEY (`id`),
  KEY `published` (`published`,`access`),
  KEY `newsfeeds` (`module`,`published`)
) ENGINE=MyISAM  DEFAULT CHARSET=utf8 AUTO_INCREMENT=32 ;

--
-- Dumping data for table 'jos_modules'
--

INSERT INTO `jos_modules` VALUES
(1, 'Top Menu', '', 1, 'user3', 0, '0000-00-00 00:00:00', 1, 'mod_mainmenu', 0, 0, 0, 'menutype=mainmenu\nmenu_style=horiz_flat\nstartLevel=0\nendLevel=0\nshowAllChildren=1\nwindow_open=\nshow_whitespace=0\ncache=1\ntag_id=\nclass_sfx=-nav\nmoduleclass_sfx=\nmaxdepth=10\nmenu_images=0\nmenu_images_align=0\nmenu_images_link=0\nexpand_menu=0\nactivate_parent=0\nfull_active_id=0\nindent_image=0\nindent_image1=\nindent_image2=\nindent_image3=\nindent_image4=\nindent_image5=\nindent_image6=\nspacer=\nend_spacer=\n\n', 1, 0, ''),
(2, 'Login', '', 1, 'login', 0, '0000-00-00 00:00:00', 1, 'mod_login', 0, 0, 1, '', 1, 1, ''),
(3, 'Popular', '', 3, 'cpanel', 0, '0000-00-00 00:00:00', 1, 'mod_popular', 0, 2, 1, '', 0, 1, ''),
(4, 'Recent added Articles', '', 4, 'cpanel', 0, '0000-00-00 00:00:00', 1, 'mod_latest', 0, 2, 1, 'ordering=c_dsc\nuser_id=0\ncache=0\n\n', 0, 1, ''),
(5, 'Menu Stats', '', 5, 'cpanel', 0, '0000-00-00 00:00:00', 1, 'mod_stats', 0, 2, 1, '', 0, 1, ''),
(6, 'Unread Messages', '', 1, 'header', 0, '0000-00-00 00:00:00', 1, 'mod_unread', 0, 2, 1, '', 1, 1, ''),
(7, 'Online Users', '', 2, 'header', 0, '0000-00-00 00:00:00', 1, 'mod_online', 0, 2, 1, '', 1, 1, ''),
(8, 'Toolbar', '', 1, 'toolbar', 0, '0000-00-00 00:00:00', 1, 'mod_toolbar', 0, 2, 1, '', 1, 1, ''),
(9, 'Quick Icons', '', 1, 'icon', 0, '0000-00-00 00:00:00', 1, 'mod_quickicon', 0, 2, 1, '', 1, 1, ''),
(10, 'Logged in Users', '', 2, 'cpanel', 0, '0000-00-00 00:00:00', 1, 'mod_logged', 0, 2, 1, '', 0, 1, ''),
(11, 'Footer', '', 0, 'footer', 0, '0000-00-00 00:00:00', 1, 'mod_footer', 0, 0, 1, '', 1, 1, ''),
(12, 'Admin Menu', '', 1, 'menu', 0, '0000-00-00 00:00:00', 1, 'mod_menu', 0, 2, 1, '', 0, 1, ''),
(13, 'Admin SubMenu', '', 1, 'submenu', 0, '0000-00-00 00:00:00', 1, 'mod_submenu', 0, 2, 1, '', 0, 1, ''),
(14, 'User Status', '', 1, 'status', 0, '0000-00-00 00:00:00', 1, 'mod_status', 0, 2, 1, '', 0, 1, ''),
(15, 'Title', '', 1, 'title', 0, '0000-00-00 00:00:00', 1, 'mod_title', 0, 2, 1, '', 0, 1, ''),
(17, 'Client Login', '', 0, 'login', 0, '0000-00-00 00:00:00', 0, 'mod_login', 0, 0, 0, 'cache=0\nmoduleclass_sfx=login\npretext=\nposttext=\nlogin=1\nlogout=1\ngreeting=1\nname=0\nusesecure=1\n\n', 0, 0, ''),
(18, 'Top Menu Noix', '', 2, 'user3', 0, '0000-00-00 00:00:00', 0, 'mod_mainmenu_noix', 0, 0, 1, 'menutype=mainmenu\nmenu_style=horiz_flat\nstartLevel=0\nendLevel=0\nshowAllChildren=1\nwindow_open=\nshow_whitespace=0\ncache=1\ntag_id=\nclass_sfx=\nmoduleclass_sfx=\nmaxdepth=10\nmenu_images=0\nmenu_images_align=0\nmenu_images_link=0\nexpand_menu=0\nactivate_parent=0\nfull_active_id=0\nindent_image=0\nindent_image1=\nindent_image2=\nindent_image3=\nindent_image4=\nindent_image5=\nindent_image6=\nspacer=\nend_spacer=\n\n', 0, 0, ''),
(26, 'Site Navigation', '', 0, 'syndicate', 0, '0000-00-00 00:00:00', 1, 'mod_mainmenu', 0, 0, 0, 'menutype=SiteNav\nmenu_style=horiz_flat\nstartLevel=0\nendLevel=0\nshowAllChildren=0\nwindow_open=\nshow_whitespace=1\ncache=1\ntag_id=\nclass_sfx=\nmoduleclass_sfx=mainmenu\nmaxdepth=10\nmenu_images=1\nmenu_images_align=0\nmenu_images_link=1\nexpand_menu=0\nactivate_parent=0\nfull_active_id=0\nindent_image=0\nindent_image1=\nindent_image2=\nindent_image3=\nindent_image4=\nindent_image5=\nindent_image6=\nspacer=\\|\nend_spacer=\\|\n\n', 0, 0, ''),
(29, 'Ads', '', 0, 'left', 0, '0000-00-00 00:00:00', 0, 'mod_banners', 0, 0, 0, 'target=1\ncount=1\ncid=1\ncatid=11\ntag_search=0\nordering=0\nheader_text=\nfooter_text=\nmoduleclass_sfx=\ncache=0\ncache_time=900\n\n', 0, 0, ''),
(28, 'bottommenu2', '', 0, 'syndicate', 0, '0000-00-00 00:00:00', 1, 'mod_mainmenu', 0, 0, 0, 'menutype=SiteNav2\nmenu_style=horiz_flat\nstartLevel=0\nendLevel=0\nshowAllChildren=0\nwindow_open=\nshow_whitespace=1\ncache=1\ntag_id=\nclass_sfx=\nmoduleclass_sfx=\nmaxdepth=10\nmenu_images=1\nmenu_images_align=0\nmenu_images_link=1\nexpand_menu=0\nactivate_parent=0\nfull_active_id=0\nindent_image=0\nindent_image1=\nindent_image2=\nindent_image3=\nindent_image4=\nindent_image5=\nindent_image6=\nspacer=\\|\nend_spacer=\\|\n\n', 0, 0, ''),
(30, 'Product Display', '', 6, 'left', 0, '0000-00-00 00:00:00', 0, 'mod_banners', 0, 0, 0, 'target=1\ncount=1\ncid=1\ncatid=11\ntag_search=0\nordering=0\nheader_text=\nfooter_text=\nmoduleclass_sfx=\ncache=1\ncache_time=900\n\n', 0, 0, ''),
(31, 'RSS', '', 1, 'syndicate', 0, '0000-00-00 00:00:00', 1, 'mod_syndicate', 0, 0, 0, 'cache=0\ntext=Feed Entries\nformat=rss\nmoduleclass_sfx=\n\n', 0, 0, '');

-- --------------------------------------------------------

--
-- Table structure for table`jos_modules_menu`
--

CREATE TABLE `jos_modules_menu` (
  `moduleid` int(11) NOT NULL DEFAULT '0',
  `menuid` int(11) NOT NULL DEFAULT '0',
  PRIMARY KEY (`moduleid`,`menuid`)
) ENGINE=MyISAM DEFAULT CHARSET=utf8;

--
-- Dumping data for table 'jos_modules_menu'
--

INSERT INTO `jos_modules_menu` VALUES
(1, 0),
(17, 0),
(18, 0),
(19, 0),
(25, 0),
(26, 0),
(28, 0),
(29, 0),
(30, 0),
(31, 30);

-- --------------------------------------------------------

--
-- Table structure for table`jos_newsfeeds`
--

CREATE TABLE `jos_newsfeeds` (
  `catid` int(11) NOT NULL DEFAULT '0',
  `id` int(11) NOT NULL AUTO_INCREMENT,
  `name` text NOT NULL,
  `alias` varchar(255) NOT NULL DEFAULT '',
  `link` text NOT NULL,
  `filename` varchar(200) DEFAULT NULL,
  `published` tinyint(1) NOT NULL DEFAULT '0',
  `numarticles` int(11) unsigned NOT NULL DEFAULT '1',
  `cache_time` int(11) unsigned NOT NULL DEFAULT '3600',
  `checked_out` tinyint(3) unsigned NOT NULL DEFAULT '0',
  `checked_out_time` datetime NOT NULL DEFAULT '0000-00-00 00:00:00',
  `ordering` int(11) NOT NULL DEFAULT '0',
  `rtl` tinyint(4) NOT NULL DEFAULT '0',
  PRIMARY KEY (`id`),
  KEY `published` (`published`),
  KEY `catid` (`catid`)
) ENGINE=MyISAM DEFAULT CHARSET=utf8 AUTO_INCREMENT=1 ;

-- --------------------------------------------------------

--
-- Table structure for table`jos_noixacl_adapters`
--

CREATE TABLE `jos_noixacl_adapters` (
  `id` int(11) NOT NULL AUTO_INCREMENT,
  `title` varchar(80) DEFAULT NULL,
  `adapter` varchar(50) DEFAULT NULL,
  `ordering` int(11) DEFAULT NULL,
  `enabled` tinyint(4) DEFAULT NULL,
  PRIMARY KEY (`id`)
) ENGINE=MyISAM  DEFAULT CHARSET=utf8 AUTO_INCREMENT=6 ;

--
-- Dumping data for table 'jos_noixacl_adapters'
--

INSERT INTO `jos_noixacl_adapters` VALUES
(1, 'access', 'access', 1, 1),
(2, 'content', 'content', 2, 1),
(3, 'modules', 'modules', 3, 1),
(4, 'menu', 'menu', 4, 1),
(5, 'section', 'section', 5, 1);

-- --------------------------------------------------------

--
-- Table structure for table`jos_noixacl_groups_level`
--

CREATE TABLE `jos_noixacl_groups_level` (
  `id_group` int(11) NOT NULL,
  `id_levels` varchar(255) DEFAULT NULL,
  PRIMARY KEY (`id_group`)
) ENGINE=MyISAM DEFAULT CHARSET=utf8;

-- --------------------------------------------------------

--
-- Table structure for table`jos_noixacl_multigroups`
--

CREATE TABLE `jos_noixacl_multigroups` (
  `id_user` int(11) DEFAULT NULL,
  `id_group` int(11) DEFAULT NULL
) ENGINE=MyISAM DEFAULT CHARSET=utf8;

-- --------------------------------------------------------

--
-- Table structure for table`jos_noixacl_rules`
--

CREATE TABLE `jos_noixacl_rules` (
  `id` int(11) NOT NULL AUTO_INCREMENT,
  `aco_section` varchar(50) DEFAULT NULL,
  `aco_value` varchar(50) DEFAULT NULL,
  `aro_section` varchar(50) DEFAULT NULL,
  `aro_value` varchar(50) DEFAULT NULL,
  `axo_section` varchar(255) DEFAULT NULL,
  `axo_value` varchar(255) DEFAULT NULL,
  PRIMARY KEY (`id`)
) ENGINE=MyISAM  DEFAULT CHARSET=utf8 AUTO_INCREMENT=70 ;

--
-- Dumping data for table 'jos_noixacl_rules'
--

INSERT INTO `jos_noixacl_rules` VALUES
(1, 'com_user', 'edit', 'users', 'Super Administrator', '', ''),
(2, 'com_users', 'manage', 'users', 'Super Administrator', '', ''),
(3, 'com_users', 'block user', 'users', 'Super Administrator', '', ''),
(4, 'login', 'administrator', 'users', 'Super Administrator', '', ''),
(5, 'login', 'site', 'users', 'Super Administrator', '', ''),
(6, 'com_components', 'manage', 'users', 'Super Administrator', '', ''),
(7, 'com_banners', 'manage', 'users', 'Super Administrator', '', ''),
(8, 'com_weblinks', 'manage', 'users', 'Super Administrator', '', ''),
(9, 'com_media', 'manage', 'users', 'Super Administrator', '', ''),
(10, 'com_media', 'popup', 'users', 'Super Administrator', '', ''),
(11, 'com_menus', 'manage', 'users', 'Super Administrator', '', ''),
(12, 'com_modules', 'manage', 'users', 'Super Administrator', '', ''),
(13, 'com_templates', 'manage', 'users', 'Super Administrator', '', ''),
(14, 'com_poll', 'manage', 'users', 'Super Administrator', '', ''),
(15, 'com_frontpage', 'manage', 'users', 'Super Administrator', '', ''),
(16, 'com_contact', 'manage', 'users', 'Super Administrator', '', ''),
(17, 'com_languages', 'manage', 'users', 'Super Administrator', '', ''),
(18, 'com_plugins', 'manage', 'users', 'Super Administrator', '', ''),
(19, 'com_config', 'manage', 'users', 'Super Administrator', '', ''),
(20, 'com_checkin', 'manage', 'users', 'Super Administrator', '', ''),
(21, 'com_cache', 'manage', 'users', 'Super Administrator', '', ''),
(22, 'com_massmail', 'manage', 'users', 'Super Administrator', '', ''),
(23, 'com_newsfeeds', 'manage', 'users', 'Super Administrator', '', ''),
(24, 'com_trash', 'manage', 'users', 'Super Administrator', '', ''),
(25, 'com_content', 'add', 'users', 'Super Administrator', '', NULL),
(26, 'com_content', 'edit', 'users', 'Super Administrator', 'content', 'all'),
(27, 'com_content', 'publish', 'users', 'Super Administrator', 'content', 'all'),
(28, 'com_installer', 'installer', 'users', 'Super Administrator', '', ''),
(29, 'com_installer', 'component', 'users', 'Super Administrator', '', ''),
(30, 'com_installer', 'language', 'users', 'Super Administrator', '', ''),
(31, 'com_installer', 'module', 'users', 'Super Administrator', '', ''),
(32, 'com_installer', 'plugin', 'users', 'Super Administrator', '', ''),
(33, 'com_installer', 'template', 'users', 'Super Administrator', '', ''),
(34, 'com_menus', 'edit', 'users', 'Super Administrator', 'mainmenu', 'view'),
(35, 'com_menus', 'edit', 'users', 'Super Administrator', 'mainmenu', 'default'),
(36, 'com_menus', 'edit', 'users', 'Super Administrator', 'mainmenu', 'newItem'),
(37, 'com_menus', 'edit', 'users', 'Super Administrator', 'mainmenu', 'type'),
(38, 'com_menus', 'edit', 'users', 'Super Administrator', 'mainmenu', 'edit'),
(39, 'com_menus', 'edit', 'users', 'Super Administrator', 'mainmenu', 'save'),
(40, 'com_menus', 'edit', 'users', 'Super Administrator', 'mainmenu', 'publish'),
(41, 'com_menus', 'edit', 'users', 'Super Administrator', 'mainmenu', 'unpublish'),
(42, 'com_menus', 'edit', 'users', 'Super Administrator', 'mainmenu', 'move'),
(43, 'com_menus', 'edit', 'users', 'Super Administrator', 'mainmenu', 'copy'),
(44, 'com_menus', 'edit', 'users', 'Super Administrator', 'mainmenu', 'trash'),
(45, 'com_menus', 'edit', 'users', 'Super Administrator', 'mainmenu', 'cancel'),
(46, 'com_menus', 'edit', 'users', 'Super Administrator', 'SiteNav2', 'view'),
(47, 'com_menus', 'edit', 'users', 'Super Administrator', 'SiteNav2', 'default'),
(48, 'com_menus', 'edit', 'users', 'Super Administrator', 'SiteNav2', 'newItem'),
(49, 'com_menus', 'edit', 'users', 'Super Administrator', 'SiteNav2', 'type'),
(50, 'com_menus', 'edit', 'users', 'Super Administrator', 'SiteNav2', 'edit'),
(51, 'com_menus', 'edit', 'users', 'Super Administrator', 'SiteNav2', 'save'),
(52, 'com_menus', 'edit', 'users', 'Super Administrator', 'SiteNav2', 'publish'),
(53, 'com_menus', 'edit', 'users', 'Super Administrator', 'SiteNav2', 'unpublish'),
(54, 'com_menus', 'edit', 'users', 'Super Administrator', 'SiteNav2', 'move'),
(55, 'com_menus', 'edit', 'users', 'Super Administrator', 'SiteNav2', 'copy'),
(56, 'com_menus', 'edit', 'users', 'Super Administrator', 'SiteNav2', 'trash'),
(57, 'com_menus', 'edit', 'users', 'Super Administrator', 'SiteNav2', 'cancel'),
(58, 'com_menus', 'edit', 'users', 'Super Administrator', 'SiteNav', 'view'),
(59, 'com_menus', 'edit', 'users', 'Super Administrator', 'SiteNav', 'default'),
(60, 'com_menus', 'edit', 'users', 'Super Administrator', 'SiteNav', 'newItem'),
(61, 'com_menus', 'edit', 'users', 'Super Administrator', 'SiteNav', 'type'),
(62, 'com_menus', 'edit', 'users', 'Super Administrator', 'SiteNav', 'edit'),
(63, 'com_menus', 'edit', 'users', 'Super Administrator', 'SiteNav', 'save'),
(64, 'com_menus', 'edit', 'users', 'Super Administrator', 'SiteNav', 'publish'),
(65, 'com_menus', 'edit', 'users', 'Super Administrator', 'SiteNav', 'unpublish'),
(66, 'com_menus', 'edit', 'users', 'Super Administrator', 'SiteNav', 'move'),
(67, 'com_menus', 'edit', 'users', 'Super Administrator', 'SiteNav', 'copy'),
(68, 'com_menus', 'edit', 'users', 'Super Administrator', 'SiteNav', 'trash'),
(69, 'com_menus', 'edit', 'users', 'Super Administrator', 'SiteNav', 'cancel');

-- --------------------------------------------------------

--
-- Table structure for table`jos_plugins`
--

CREATE TABLE `jos_plugins` (
  `id` int(11) NOT NULL AUTO_INCREMENT,
  `name` varchar(100) NOT NULL DEFAULT '',
  `element` varchar(100) NOT NULL DEFAULT '',
  `folder` varchar(100) NOT NULL DEFAULT '',
  `access` tinyint(3) unsigned NOT NULL DEFAULT '0',
  `ordering` int(11) NOT NULL DEFAULT '0',
  `published` tinyint(3) NOT NULL DEFAULT '0',
  `iscore` tinyint(3) NOT NULL DEFAULT '0',
  `client_id` tinyint(3) NOT NULL DEFAULT '0',
  `checked_out` int(11) unsigned NOT NULL DEFAULT '0',
  `checked_out_time` datetime NOT NULL DEFAULT '0000-00-00 00:00:00',
  `params` text NOT NULL,
  PRIMARY KEY (`id`),
  KEY `idx_folder` (`published`,`client_id`,`access`,`folder`)
) ENGINE=MyISAM  DEFAULT CHARSET=utf8 AUTO_INCREMENT=48 ;

--
-- Dumping data for table 'jos_plugins'
--

INSERT INTO `jos_plugins` VALUES
(1, 'Authentication - Joomla', 'joomla', 'authentication', 0, 1, 1, 1, 0, 0, '0000-00-00 00:00:00', ''),
(2, 'Authentication - LDAP', 'ldap', 'authentication', 0, 2, 0, 1, 0, 0, '0000-00-00 00:00:00', 'host=\nport=389\nuse_ldapV3=0\nnegotiate_tls=0\nno_referrals=0\nauth_method=bind\nbase_dn=\nsearch_string=\nusers_dn=\nusername=\npassword=\nldap_fullname=fullName\nldap_email=mail\nldap_uid=uid\n\n'),
(3, 'Authentication - GMail', 'gmail', 'authentication', 0, 4, 0, 0, 0, 0, '0000-00-00 00:00:00', ''),
(4, 'Authentication - OpenID', 'openid', 'authentication', 0, 3, 0, 0, 0, 0, '0000-00-00 00:00:00', ''),
(5, 'User - Joomla!', 'joomla', 'user', 0, 0, 1, 0, 0, 0, '0000-00-00 00:00:00', 'autoregister=0\n\n'),
(6, 'Search - Content', 'content', 'search', 0, 1, 1, 1, 0, 0, '0000-00-00 00:00:00', 'search_limit=50\nsearch_content=1\nsearch_uncategorised=1\nsearch_archived=1\n\n'),
(7, 'Search - Contacts', 'contacts', 'search', 0, 3, 1, 1, 0, 0, '0000-00-00 00:00:00', 'search_limit=50\n\n'),
(8, 'Search - Categories', 'categories', 'search', 0, 4, 1, 0, 0, 0, '0000-00-00 00:00:00', 'search_limit=50\n\n'),
(9, 'Search - Sections', 'sections', 'search', 0, 5, 1, 0, 0, 0, '0000-00-00 00:00:00', 'search_limit=50\n\n'),
(10, 'Search - Newsfeeds', 'newsfeeds', 'search', 0, 6, 1, 0, 0, 0, '0000-00-00 00:00:00', 'search_limit=50\n\n'),
(11, 'Search - Weblinks', 'weblinks', 'search', 0, 2, 1, 1, 0, 0, '0000-00-00 00:00:00', 'search_limit=50\n\n'),
(12, 'Content - Pagebreak', 'pagebreak', 'content', 0, 10000, 1, 1, 0, 0, '0000-00-00 00:00:00', 'enabled=1\ntitle=1\nmultipage_toc=1\nshowall=1\n\n'),
(13, 'Content - Rating', 'vote', 'content', 0, 4, 1, 1, 0, 0, '0000-00-00 00:00:00', ''),
(14, 'Content - Email Cloaking', 'emailcloak', 'content', 0, 5, 1, 0, 0, 0, '0000-00-00 00:00:00', 'mode=1\n\n'),
(15, 'Content - Code Hightlighter (GeSHi)', 'geshi', 'content', 0, 5, 0, 0, 0, 0, '0000-00-00 00:00:00', ''),
(16, 'Content - Load Module', 'loadmodule', 'content', 0, 6, 1, 0, 0, 0, '0000-00-00 00:00:00', 'enabled=1\nstyle=0\n\n'),
(17, 'Content - Page Navigation', 'pagenavigation', 'content', 0, 2, 1, 1, 0, 0, '0000-00-00 00:00:00', 'position=1\n\n'),
(18, 'Editor - No Editor', 'none', 'editors', 0, 0, 1, 1, 0, 0, '0000-00-00 00:00:00', ''),
(19, 'Editor - TinyMCE', 'tinymce', 'editors', 0, 0, 1, 1, 0, 0, '0000-00-00 00:00:00', 'mode=advanced\nskin=0\ncompressed=0\ncleanup_startup=0\ncleanup_save=2\nentity_encoding=raw\nlang_mode=0\nlang_code=en\ntext_direction=ltr\ncontent_css=1\ncontent_css_custom=\nrelative_urls=1\nnewlines=0\ninvalid_elements=applet\nextended_elements=\ntoolbar=top\ntoolbar_align=left\nhtml_height=550\nhtml_width=750\nelement_path=1\nfonts=1\npaste=1\nsearchreplace=1\ninsertdate=1\nformat_date=%Y-%m-%d\ninserttime=1\nformat_time=%H:%M:%S\ncolors=1\ntable=1\nsmilies=1\nmedia=1\nhr=1\ndirectionality=1\nfullscreen=1\nstyle=1\nlayer=1\nxhtmlxtras=1\nvisualchars=1\nnonbreaking=1\ntemplate=0\nadvimage=1\nadvlink=1\nautosave=1\ncontextmenu=1\ninlinepopups=1\nsafari=1\ncustom_plugin=\ncustom_button=\n\n'),
(20, 'Editor - XStandard Lite 2.0', 'xstandard', 'editors', 0, 0, 0, 1, 0, 0, '0000-00-00 00:00:00', ''),
(21, 'Editor Button - Image', 'image', 'editors-xtd', 0, 0, 1, 0, 0, 0, '0000-00-00 00:00:00', ''),
(22, 'Editor Button - Pagebreak', 'pagebreak', 'editors-xtd', 0, 0, 1, 0, 0, 0, '0000-00-00 00:00:00', ''),
(23, 'Editor Button - Readmore', 'readmore', 'editors-xtd', 0, 0, 1, 0, 0, 0, '0000-00-00 00:00:00', ''),
(24, 'XML-RPC - Joomla', 'joomla', 'xmlrpc', 0, 7, 0, 1, 0, 0, '0000-00-00 00:00:00', ''),
(25, 'XML-RPC - Blogger API', 'blogger', 'xmlrpc', 0, 7, 0, 1, 0, 0, '0000-00-00 00:00:00', 'catid=1\nsectionid=0\n\n'),
(27, 'System - SEF', 'sef', 'system', 0, 1, 1, 0, 0, 0, '0000-00-00 00:00:00', ''),
(28, 'System - Debug', 'debug', 'system', 0, 2, 1, 0, 0, 0, '0000-00-00 00:00:00', 'queries=1\nmemory=1\nlangauge=1\n\n'),
(29, 'System - Legacy', 'legacy', 'system', 0, 3, 0, 1, 0, 0, '0000-00-00 00:00:00', 'route=0\n\n'),
(30, 'System - Cache', 'cache', 'system', 0, 4, 0, 1, 0, 0, '0000-00-00 00:00:00', 'browsercache=0\ncachetime=15\n\n'),
(31, 'System - Log', 'log', 'system', 0, 5, 0, 1, 0, 0, '0000-00-00 00:00:00', ''),
(32, 'System - Remember Me', 'remember', 'system', 0, 6, 1, 1, 0, 0, '0000-00-00 00:00:00', ''),
(33, 'System - Backlink', 'backlink', 'system', 0, 7, 0, 1, 0, 0, '0000-00-00 00:00:00', ''),
(34, 'System - Mootools Upgrade', 'mtupgrade', 'system', 0, 8, 0, 1, 0, 0, '0000-00-00 00:00:00', ''),
(37, 'System - noixACL', 'noixacl', 'system', 0, 0, 1, 0, 0, 0, '0000-00-00 00:00:00', ''),
(36, 'noixACL - User Plugin 2.0.10', 'noixacl', 'user', 0, 0, 1, 0, 0, 0, '0000-00-00 00:00:00', ''),
(40, 'Content - JComments', 'jcomments', 'content', 0, 10001, 1, 0, 0, 0, '0000-00-00 00:00:00', ''),
(41, 'Search - JComments', 'jcomments', 'search', 0, 7, 1, 0, 0, 0, '0000-00-00 00:00:00', ''),
(42, 'System - JComments', 'jcomments', 'system', 0, 9, 1, 0, 0, 0, '0000-00-00 00:00:00', ''),
(43, 'Editor Button - JComments ON', 'jcommentson', 'editors-xtd', 0, 1, 1, 0, 0, 0, '0000-00-00 00:00:00', ''),
(44, 'Editor Button - JComments OFF', 'jcommentsoff', 'editors-xtd', 0, 1, 1, 0, 0, 0, '0000-00-00 00:00:00', ''),
(45, 'User - JComments', 'jcomments', 'user', 0, 1, 1, 0, 0, 0, '0000-00-00 00:00:00', ''),
(46, 'Content - Sexy Bookmarks', 'sexybookmarks', 'content', 0, 0, 0, 0, 0, 0, '0000-00-00 00:00:00', 'frontpage=0\narticle=1\nblog=1\nmanual=0\ninclude_cat=\nadd_css=1\nadd_nofollow=1\nopen_in_newwindow=0\nnewsvine=1\nlinkedin=1\ndevmarks=1\ngoogle=1\nscriptstyle=0\ntwitter=1\ntechnorati=0\nstumpleupon=1\nreddit=1\nmyspace=0\nmixx=0\ndigg=1\ndesignfloat=0\ndelicious=1\nblinklist=0\nfacebook=1\ndiigo=0\nmisterwong=0\nizeby=0\ntipd=0\npfbuzz=0\nfriendfeed=1\nblogmarks=0\ntwittley=0\nfwisp=0\ntwittid=\nurl_service=tinyurl\ntwittcat=Technology\ndefaulttags=\nbgimg=caring\nxtrastyle=        padding:25px 0 0 10px !important;        display:block !important;        clear:both !important;        /*the height of the icons (29px)*/        height:29px;\n\n'),
(47, 'Abivia.net Social Bookmarking plugin', 'abiviasocbook', 'content', 0, 0, 1, 0, 0, 0, '0000-00-00 00:00:00', 'frontpage=0\nsection=0\ncategory=0\nsectionIDList=\ncategoryIDList=-5, 6, 1, 4, 7\narticleIDList=\nscopeList=\nplacement=content.post\ninlineTag=socbook\nlanguage=\ncss=\nuseAddThis=1\naddthis_pub=\naddthis_buttonsize=lg\naddthis_buttonstyle=share\naddthis_buttonimage=\naddthis_button_language=\naddthis_text=\naddthis_brand=\naddthis_header_color=FFFFFF\naddthis_header_background=000000\naddthis_options=\naddthis_offset_top=\naddthis_offset_left=\naddthis_hover_delay=\naddthisCss=display: inline; padding-right: 4px;\nuseLinkedIn=1\nlinkedInCss=display: inline; padding-right: 4px;\nSharethisCode=\nTellafriendCode=\nCustomCode=\ndebug=0\n\n');

-- --------------------------------------------------------

--
-- Table structure for table`jos_polls`
--

CREATE TABLE `jos_polls` (
  `id` int(11) unsigned NOT NULL AUTO_INCREMENT,
  `title` varchar(255) NOT NULL DEFAULT '',
  `alias` varchar(255) NOT NULL DEFAULT '',
  `voters` int(9) NOT NULL DEFAULT '0',
  `checked_out` int(11) NOT NULL DEFAULT '0',
  `checked_out_time` datetime NOT NULL DEFAULT '0000-00-00 00:00:00',
  `published` tinyint(1) NOT NULL DEFAULT '0',
  `access` int(11) NOT NULL DEFAULT '0',
  `lag` int(11) NOT NULL DEFAULT '0',
  PRIMARY KEY (`id`)
) ENGINE=MyISAM DEFAULT CHARSET=utf8 AUTO_INCREMENT=1 ;

-- --------------------------------------------------------

--
-- Table structure for table`jos_poll_data`
--

CREATE TABLE `jos_poll_data` (
  `id` int(11) NOT NULL AUTO_INCREMENT,
  `pollid` int(11) NOT NULL DEFAULT '0',
  `text` text NOT NULL,
  `hits` int(11) NOT NULL DEFAULT '0',
  PRIMARY KEY (`id`),
  KEY `pollid` (`pollid`,`text`(1))
) ENGINE=MyISAM DEFAULT CHARSET=utf8 AUTO_INCREMENT=1 ;

-- --------------------------------------------------------

--
-- Table structure for table`jos_poll_date`
--

CREATE TABLE `jos_poll_date` (
  `id` bigint(20) NOT NULL AUTO_INCREMENT,
  `date` datetime NOT NULL DEFAULT '0000-00-00 00:00:00',
  `vote_id` int(11) NOT NULL DEFAULT '0',
  `poll_id` int(11) NOT NULL DEFAULT '0',
  PRIMARY KEY (`id`),
  KEY `poll_id` (`poll_id`)
) ENGINE=MyISAM DEFAULT CHARSET=utf8 AUTO_INCREMENT=1 ;

-- --------------------------------------------------------

--
-- Table structure for table`jos_poll_menu`
--

CREATE TABLE `jos_poll_menu` (
  `pollid` int(11) NOT NULL DEFAULT '0',
  `menuid` int(11) NOT NULL DEFAULT '0',
  PRIMARY KEY (`pollid`,`menuid`)
) ENGINE=MyISAM DEFAULT CHARSET=utf8;

-- --------------------------------------------------------

--
-- Table structure for table`jos_sections`
--

CREATE TABLE `jos_sections` (
  `id` int(11) NOT NULL AUTO_INCREMENT,
  `title` varchar(255) NOT NULL DEFAULT '',
  `name` varchar(255) NOT NULL DEFAULT '',
  `alias` varchar(255) NOT NULL DEFAULT '',
  `image` text NOT NULL,
  `scope` varchar(50) NOT NULL DEFAULT '',
  `image_position` varchar(30) NOT NULL DEFAULT '',
  `description` text NOT NULL,
  `published` tinyint(1) NOT NULL DEFAULT '0',
  `checked_out` int(11) unsigned NOT NULL DEFAULT '0',
  `checked_out_time` datetime NOT NULL DEFAULT '0000-00-00 00:00:00',
  `ordering` int(11) NOT NULL DEFAULT '0',
  `access` tinyint(3) unsigned NOT NULL DEFAULT '0',
  `count` int(11) NOT NULL DEFAULT '0',
  `params` text NOT NULL,
  PRIMARY KEY (`id`),
  KEY `idx_scope` (`scope`)
) ENGINE=MyISAM  DEFAULT CHARSET=utf8 AUTO_INCREMENT=7 ;

--
-- Dumping data for table 'jos_sections'
--

INSERT INTO `jos_sections` VALUES
(1, 'Business Consulting', '', 'consulting', '', 'content', 'left', '<p>Testing for content display.</p>', 1, 0, '0000-00-00 00:00:00', 1, 0, 11, ''),
(2, 'Technical Staffing Services', '', 'techstaffservices', '', 'content', 'left', 'This section describes our staffing services.  It has access for clients and candidates.', 1, 0, '0000-00-00 00:00:00', 2, 0, 4, ''),
(3, 'About', '', 'about', '', 'content', 'left', 'This section contains about and contact information.', 1, 0, '0000-00-00 00:00:00', 3, 0, 3, ''),
(4, 'Zoho Explained', '', 'zohoexplained', '', 'content', 'left', 'This section contains a FAQ for Zoho.', 1, 0, '0000-00-00 00:00:00', 4, 0, 1, ''),
(5, 'Current Client Access', '', 'currclientaccess', '', 'content', 'left', 'Area for Client Access.', 1, 0, '0000-00-00 00:00:00', 5, 0, 1, ''),
(6, 'Blogs', '', 'blogs', '', 'content', 'left', 'Blogs about things such as staffing, recruiting, HR, employment, economics, technology.', 1, 0, '0000-00-00 00:00:00', 6, 0, 2, '');

-- --------------------------------------------------------

--
-- Table structure for table`jos_session`
--

CREATE TABLE `jos_session` (
  `username` varchar(150) DEFAULT '',
  `time` varchar(14) DEFAULT '',
  `session_id` varchar(200) NOT NULL DEFAULT '0',
  `guest` tinyint(4) DEFAULT '1',
  `userid` int(11) DEFAULT '0',
  `usertype` varchar(50) DEFAULT '',
  `gid` tinyint(3) unsigned NOT NULL DEFAULT '0',
  `client_id` tinyint(3) unsigned NOT NULL DEFAULT '0',
  `data` longtext,
  PRIMARY KEY (`session_id`(64)),
  KEY `whosonline` (`guest`,`usertype`),
  KEY `userid` (`userid`),
  KEY `time` (`time`)
) ENGINE=MyISAM DEFAULT CHARSET=utf8;



-- --------------------------------------------------------

--
-- Table structure for table`jos_stats_agents`
--

CREATE TABLE `jos_stats_agents` (
  `agent` varchar(255) NOT NULL DEFAULT '',
  `type` tinyint(1) unsigned NOT NULL DEFAULT '0',
  `hits` int(11) unsigned NOT NULL DEFAULT '1'
) ENGINE=MyISAM DEFAULT CHARSET=utf8;

-- --------------------------------------------------------

--
-- Table structure for table`jos_templates_menu`
--

CREATE TABLE `jos_templates_menu` (
  `template` varchar(255) NOT NULL DEFAULT '',
  `menuid` int(11) NOT NULL DEFAULT '0',
  `client_id` tinyint(4) NOT NULL DEFAULT '0',
  PRIMARY KEY (`menuid`,`client_id`,`template`)
) ENGINE=MyISAM DEFAULT CHARSET=utf8;

--
-- Dumping data for table 'jos_templates_menu'
--

INSERT INTO `jos_templates_menu` VALUES
('templatecapbs', 0, 0),
('khepri', 0, 1);

-- --------------------------------------------------------

--
-- Table structure for table`jos_users`
--

CREATE TABLE `jos_users` (
  `id` int(11) NOT NULL AUTO_INCREMENT,
  `name` varchar(255) NOT NULL DEFAULT '',
  `username` varchar(150) NOT NULL DEFAULT '',
  `email` varchar(100) NOT NULL DEFAULT '',
  `password` varchar(100) NOT NULL DEFAULT '',
  `usertype` varchar(25) NOT NULL DEFAULT '',
  `block` tinyint(4) NOT NULL DEFAULT '0',
  `sendEmail` tinyint(4) DEFAULT '0',
  `gid` tinyint(3) unsigned NOT NULL DEFAULT '1',
  `registerDate` datetime NOT NULL DEFAULT '0000-00-00 00:00:00',
  `lastvisitDate` datetime NOT NULL DEFAULT '0000-00-00 00:00:00',
  `activation` varchar(100) NOT NULL DEFAULT '',
  `params` text NOT NULL,
  PRIMARY KEY (`id`),
  KEY `usertype` (`usertype`),
  KEY `idx_name` (`name`),
  KEY `gid_block` (`gid`,`block`),
  KEY `username` (`username`),
  KEY `email` (`email`)
) ENGINE=MyISAM  DEFAULT CHARSET=utf8 AUTO_INCREMENT=86 ;

--
-- Dumping data for table 'jos_users'
--

INSERT INTO `jos_users` VALUES
(62, 'Administrator', 'magnolia1', 'admin@boredbrains.net', '8a280871dbe2cc7613999f281f89251d:hKmyQlGuGwTiY6C3wlhUTlFn9JiMEq8u', 'Super Administrator', 0, 1, 25, '2010-11-21 22:31:03', '2012-10-25 19:03:50', '', 'admin_language=\nlanguage=\neditor=none\nhelpsite=\ntimezone=-8\n\n'),
(63, 'Ben Reagan', 'thecpc01', 'benreag@yahoo.com', '4d3592b1e3ba3cbb6a171ffbfcdfef50:LNShgkMmoBJgd1STVK8ktGzDNmAoVbrs', 'The CPC', 0, 0, 36, '2010-11-22 07:02:53', '0000-00-00 00:00:00', '', 'admin_language=\nlanguage=\neditor=\nhelpsite=\ntimezone=-8\n\n'),
(64, 'Daniel Bomya', 'dbomya', 'daniel@moquinpress.com', '45be682f7f4ce434ba2f49cff91e4136:szmuafZAAEspMKRYiofi3MdK46GXw0am', 'Moquin Press', 0, 0, 32, '2010-11-22 17:35:47', '0000-00-00 00:00:00', '', 'admin_language=\nlanguage=\neditor=\nhelpsite=\ntimezone=-8\n\n'),
(65, 'Rhys Powell', 'rpowell', 'rhys@myredrabbit.com', '55231021b9f4391ac154940a1e26edfd:D4twc02XrCtzYxtaXX0mAA63X1bpLyqJ', 'RedRabbit', 0, 0, 31, '2010-11-22 18:19:19', '0000-00-00 00:00:00', '', 'admin_language=\nlanguage=\neditor=\nhelpsite=\ntimezone=-5\n\n'),
(66, 'Sam D', 'samd', 'newtalk@sbcglobal.net', '5f48390e736bf7d73860d886a73e876f:izinMKkUnApPmu135es2JmRw53Hpm3Bc', 'New Young Energy', 0, 0, 33, '2010-12-06 00:24:59', '0000-00-00 00:00:00', '', 'admin_language=\nlanguage=\neditor=none\nhelpsite=\ntimezone=0\n\n'),
(67, 'paul sullivan', 'pdsullivan2002', 'pdsullivan2002@yahoo.com', '294f4c703ffafd44469ec19bdcbd522a:QGZz1IdumQI5clIrwNlxPhlOjZ3YbV28', 'Registered', 0, 0, 18, '2011-02-26 22:03:17', '0000-00-00 00:00:00', '', '\n'),
(68, 'Marie Beatrice J Desir', 'BEATOU', 'bea.tou@hotmail.com', '66024e4e8ae0c9d1f95761453e3e0aa2:cAvuoMzWAoJkrYkjKn6WaSGWCWbpbOe8', 'Registered', 1, 0, 18, '2011-04-07 03:27:13', '0000-00-00 00:00:00', '771091f37a21527534f10587337e12f7', '\n'),
(69, 'scusiazeree', 'scusiazeree', 'surpfronwaddust@allmp3stars.com', 'e328b677b1739edec0fc27465ecb9379:vbUxspHyPsUNMBU7UWSUnZRBLFdyb1qL', 'Registered', 0, 0, 18, '2011-04-21 04:34:24', '2011-04-21 04:35:43', '', '\n'),
(70, 'dnfkmooeii', 'dnfkmooeii', 'pristolakazot@gmail.com', '6b16b2cf2931b06b4ce63ea1b2126c9b:PmnrC1Gho2eiBt9cieTKSS8UMqreeSEi', 'Registered', 0, 0, 18, '2011-05-04 02:01:51', '2011-05-05 08:02:39', '', '\n'),
(71, 'fogkmooevy', 'fogkmooevy', 'jakoprigazoda@gmail.com', '5d6f469c84ed387db3fda75ba7895143:V0RcqUGYzZuwROmP1wNr41s7bJJ0Ig7O', 'Registered', 1, 0, 18, '2011-06-27 04:05:37', '0000-00-00 00:00:00', 'c0e8d408b6c359637458e3acca17eb4e', '\n'),
(72, 'ceamilk', 'ceamilk', 'cardenosakkag@gmail.com', '389bc70cc1e1457cca0f3877885517e5:dLVaRNl2Zb07HG77DO7mNCsEHxYYuLT8', 'Registered', 0, 0, 18, '2011-07-22 18:21:30', '2011-07-22 21:16:02', '', '\n'),
(73, 'FoffSeeby', 'FoffSeeby', 'sawsan.eykeqos@gmail.com', '53a6cf72d3ce90f807b008bd50d048ce:4Zl2A1gw7rUaDpjM9umD6UiXCBMOtVVU', 'Registered', 0, 0, 18, '2011-07-25 04:22:26', '0000-00-00 00:00:00', '', '\n'),
(74, 'Stetewflier', 'Stetewflier', 'de.ll.m.oscow@gmail.com', '180412add632bc150ee025190da9b315:liBN5ylVxhqWWHU7m5aGE4ZqYbyoEflx', 'Registered', 0, 0, 18, '2011-08-03 16:35:46', '2011-08-03 16:40:56', '', '\n'),
(75, 'pypeKayalkbip', 'pypeKayalkbip', 'voskobojnikovanna@mail.ru', '8b802437717d472cbadecd8a7b4228d7:tLVY1GMZti5LHlvUstYgR5KefeRq1hvZ', 'Registered', 0, 0, 18, '2011-12-06 11:32:38', '2011-12-06 11:37:40', '', '\n'),
(76, 'psbpbcnrafp', 'psbpbcnrafp', 'epkcjr@mdhvat.com', '2b69483900c9cb670e101d0e5e400dab:JXwBnfeW1dwW8CHIHinY9xHnQO7LDPXK', 'Registered', 1, 0, 18, '2012-02-03 16:29:52', '0000-00-00 00:00:00', '64da142680b06de2574f39afa03c5b2d', '\n'),
(77, 'Arboledo', 'Arboledo', 'mumunye@podgladaczgoogle.pl', '7264183fd4a834d78daf5d90520c41d3:gePwdPWvwak38UIulBbATWYuLCgOy1Lo', 'Registered', 0, 0, 18, '2012-03-26 00:46:47', '2012-03-26 21:29:33', '', '\n'),
(78, 'Kafineczo', 'Kafineczo', 'shjur5@podgladaczgoogle.pl', '5b7471c3e30a29630b9a02031bf7a48f:PTWbQB5wLo4K2L9Z4XLkWqbqX3MPktNI', 'Registered', 0, 0, 18, '2012-03-28 19:02:14', '2012-03-28 23:01:22', '', '\n'),
(79, 'vimax', 'vimax', 'steveajah@gmail.com', '6b4844fd545d05960f59a98f8fec8ed1:Z6OmEBVWdbbPCCoRGi7tvx1alIhxfklm', 'Registered', 0, 0, 18, '2012-04-13 02:43:37', '2012-04-13 02:50:08', '', '\n'),
(80, 'nawaimkj', 'nawaimkj', 'wa.na.i.g.i.l@gmail.com', '04a733bee978a25474fc45122a8ee4a9:K625IoL74lMO68gCc5BC5bPQ73T28oxL', 'Registered', 0, 0, 18, '2012-04-23 00:32:05', '2012-04-23 01:55:14', '', '\n'),
(81, 'Envendy', 'Envendy', 'nawamwhi@gmail.com', '28a4fc4469e5bdca3fab8e5b3711f0a1:dVYEYbT4DuQ3LrSmD7lwX7OwsXP1COo3', 'Registered', 0, 0, 18, '2012-05-03 09:25:54', '2012-05-03 09:27:29', '', '\n'),
(82, 'RiptGellCilla', 'RiptGellCilla', 'sehlaheg@mail.ru', '313f6f912a7ff50fcc7fdf02ad6791fb:lgs3t0fxmPDZIFLNCiF3J6ra14KvEMAF', 'Registered', 1, 0, 18, '2012-05-20 15:34:14', '0000-00-00 00:00:00', 'bacc36e7731b1e031a557160702db4d0', '\n'),
(83, 'advevortVed', 'advevortVed', 'laguna942on@gmail.com', '72b0f959636187b837d7c4c19bd9db0b:zzC9S2eOAOuG9ueglno0NCksuuQrermS', 'Registered', 0, 0, 18, '2012-07-23 12:25:15', '2012-07-23 23:05:19', '', '\n'),
(84, 'ApekNeegrap', 'ApekNeegrap', 'jestinbfindhi@aol.com', 'ba2df4342b384ac2ad58b1d2336c7b31:BXiWiXQflnFDwswtf96zHumWt09ngKdZ', 'Registered', 0, 0, 18, '2012-09-16 18:31:12', '0000-00-00 00:00:00', '', '\n'),
(85, 'Headsaparopom', 'Headsaparopom', 'ogelwehlah1982@gmail.com', 'fab883ea37bd3942715326a98f6de9b3:pyUlMFwgiOhXpimGe62UVfI1tcgj1N3E', 'Registered', 0, 0, 18, '2012-10-07 18:46:41', '0000-00-00 00:00:00', '', '\n');

-- --------------------------------------------------------

--
-- Table structure for table`jos_vm_auth_group`
--

CREATE TABLE `jos_vm_auth_group` (
  `group_id` int(11) NOT NULL AUTO_INCREMENT,
  `group_name` varchar(128) DEFAULT NULL,
  `group_level` int(11) DEFAULT NULL,
  PRIMARY KEY (`group_id`)
) ENGINE=MyISAM  DEFAULT CHARSET=latin1 COMMENT='Holds all the user groups' AUTO_INCREMENT=5 ;

--
-- Dumping data for table 'jos_vm_auth_group'
--

INSERT INTO `jos_vm_auth_group` VALUES
(1, 'admin', 0),
(2, 'storeadmin', 250),
(3, 'shopper', 500),
(4, 'demo', 750);

-- --------------------------------------------------------

--
-- Table structure for table`jos_vm_auth_user_group`
--

CREATE TABLE `jos_vm_auth_user_group` (
  `user_id` int(11) NOT NULL DEFAULT '0',
  `group_id` int(11) DEFAULT NULL,
  PRIMARY KEY (`user_id`)
) ENGINE=MyISAM DEFAULT CHARSET=latin1 COMMENT='Maps the user to user groups';

--
-- Dumping data for table 'jos_vm_auth_user_group'
--

INSERT INTO `jos_vm_auth_user_group` VALUES
(62, 2),
(63, 2),
(64, 2),
(65, 2),
(66, 2);

-- --------------------------------------------------------

--
-- Table structure for table`jos_vm_auth_user_vendor`
--

CREATE TABLE `jos_vm_auth_user_vendor` (
  `user_id` int(11) DEFAULT NULL,
  `vendor_id` int(11) DEFAULT NULL,
  KEY `idx_auth_user_vendor_user_id` (`user_id`),
  KEY `idx_auth_user_vendor_vendor_id` (`vendor_id`)
) ENGINE=MyISAM DEFAULT CHARSET=latin1 COMMENT='Maps a user to a vendor';

--
-- Dumping data for table 'jos_vm_auth_user_vendor'
--

INSERT INTO `jos_vm_auth_user_vendor` VALUES
(62, 1),
(63, 1),
(64, 1),
(65, 1),
(66, 1);

-- --------------------------------------------------------

--
-- Table structure for table`jos_vm_cart`
--

CREATE TABLE `jos_vm_cart` (
  `user_id` int(11) NOT NULL,
  `cart_content` text NOT NULL,
  `last_updated` timestamp NOT NULL DEFAULT CURRENT_TIMESTAMP,
  PRIMARY KEY (`user_id`)
) ENGINE=MyISAM DEFAULT CHARSET=latin1 COMMENT='Stores the cart contents of a user';

-- --------------------------------------------------------

--
-- Table structure for table`jos_vm_category`
--

CREATE TABLE `jos_vm_category` (
  `category_id` int(11) NOT NULL AUTO_INCREMENT,
  `vendor_id` int(11) NOT NULL DEFAULT '0',
  `category_name` varchar(128) NOT NULL DEFAULT '',
  `category_description` text,
  `category_thumb_image` varchar(255) DEFAULT NULL,
  `category_full_image` varchar(255) DEFAULT NULL,
  `category_publish` char(1) DEFAULT NULL,
  `cdate` int(11) DEFAULT NULL,
  `mdate` int(11) DEFAULT NULL,
  `category_browsepage` varchar(255) NOT NULL DEFAULT 'browse_1',
  `products_per_row` tinyint(2) NOT NULL DEFAULT '1',
  `category_flypage` varchar(255) DEFAULT NULL,
  `list_order` int(11) DEFAULT NULL,
  PRIMARY KEY (`category_id`),
  KEY `idx_category_vendor_id` (`vendor_id`),
  KEY `idx_category_name` (`category_name`)
) ENGINE=MyISAM  DEFAULT CHARSET=latin1 COMMENT='Product Categories are stored here' AUTO_INCREMENT=6 ;

--
-- Dumping data for table 'jos_vm_category'
--

INSERT INTO `jos_vm_category` VALUES
(1, 1, 'Hand Tools', 'Hand Tools', 'ee024e46399e792cc8ba4bf097d0fa6a.jpg', 'fc2f001413876a374484df36ed9cf775.jpg', 'Y', 950319905, 960304194, 'browse_3', 3, '', 1),
(2, 1, 'Power Tools', 'Power Tools', 'fc8802c7eaa1149bde98a541742217de.jpg', 'fe2f63f4c46023e3b33404c80bdd2bfe.jpg', 'Y', 950319916, 960304104, 'browse_4', 4, '', 2),
(3, 1, 'Garden Tools', 'Garden Tools', '702168cd91e8b7bbb7a36be56f86e9be.jpg', '756ff6d140e11079caf56955060f1162.jpg', 'Y', 950321122, 960304338, 'browse_2', 2, 'garden_flypage.tpl', 3),
(4, 1, 'Outdoor Tools', 'Outdoor Tools', NULL, NULL, 'Y', 955626629, 958889528, 'browse_1', 1, NULL, 4),
(5, 1, 'Indoor Tools', 'Indoor Tools', NULL, NULL, 'Y', 958892894, 958892894, 'browse_1', 1, NULL, 5);

-- --------------------------------------------------------

--
-- Table structure for table`jos_vm_category_xref`
--

CREATE TABLE `jos_vm_category_xref` (
  `category_parent_id` int(11) NOT NULL DEFAULT '0',
  `category_child_id` int(11) NOT NULL DEFAULT '0',
  `category_list` int(11) DEFAULT NULL,
  PRIMARY KEY (`category_child_id`),
  KEY `category_xref_category_parent_id` (`category_parent_id`),
  KEY `idx_category_xref_category_list` (`category_list`)
) ENGINE=MyISAM DEFAULT CHARSET=latin1 COMMENT='Category child-parent relation list';

--
-- Dumping data for table 'jos_vm_category_xref'
--

INSERT INTO `jos_vm_category_xref` VALUES
(0, 1, NULL),
(0, 2, NULL),
(0, 3, NULL),
(2, 4, NULL),
(2, 5, NULL);

-- --------------------------------------------------------

--
-- Table structure for table`jos_vm_country`
--

CREATE TABLE `jos_vm_country` (
  `country_id` int(11) NOT NULL AUTO_INCREMENT,
  `zone_id` int(11) NOT NULL DEFAULT '1',
  `country_name` varchar(64) DEFAULT NULL,
  `country_3_code` char(3) DEFAULT NULL,
  `country_2_code` char(2) DEFAULT NULL,
  PRIMARY KEY (`country_id`),
  KEY `idx_country_name` (`country_name`)
) ENGINE=MyISAM  DEFAULT CHARSET=latin1 COMMENT='Country records' AUTO_INCREMENT=246 ;

--
-- Dumping data for table 'jos_vm_country'
--

INSERT INTO `jos_vm_country` VALUES
(1, 1, 'Afghanistan', 'AFG', 'AF'),
(2, 1, 'Albania', 'ALB', 'AL'),
(3, 1, 'Algeria', 'DZA', 'DZ'),
(4, 1, 'American Samoa', 'ASM', 'AS'),
(5, 1, 'Andorra', 'AND', 'AD'),
(6, 1, 'Angola', 'AGO', 'AO'),
(7, 1, 'Anguilla', 'AIA', 'AI'),
(8, 1, 'Antarctica', 'ATA', 'AQ'),
(9, 1, 'Antigua and Barbuda', 'ATG', 'AG'),
(10, 1, 'Argentina', 'ARG', 'AR'),
(11, 1, 'Armenia', 'ARM', 'AM'),
(12, 1, 'Aruba', 'ABW', 'AW'),
(13, 1, 'Australia', 'AUS', 'AU'),
(14, 1, 'Austria', 'AUT', 'AT'),
(15, 1, 'Azerbaijan', 'AZE', 'AZ'),
(16, 1, 'Bahamas', 'BHS', 'BS'),
(17, 1, 'Bahrain', 'BHR', 'BH'),
(18, 1, 'Bangladesh', 'BGD', 'BD'),
(19, 1, 'Barbados', 'BRB', 'BB'),
(20, 1, 'Belarus', 'BLR', 'BY'),
(21, 1, 'Belgium', 'BEL', 'BE'),
(22, 1, 'Belize', 'BLZ', 'BZ'),
(23, 1, 'Benin', 'BEN', 'BJ'),
(24, 1, 'Bermuda', 'BMU', 'BM'),
(25, 1, 'Bhutan', 'BTN', 'BT'),
(26, 1, 'Bolivia', 'BOL', 'BO'),
(27, 1, 'Bosnia and Herzegowina', 'BIH', 'BA'),
(28, 1, 'Botswana', 'BWA', 'BW'),
(29, 1, 'Bouvet Island', 'BVT', 'BV'),
(30, 1, 'Brazil', 'BRA', 'BR'),
(31, 1, 'British Indian Ocean Territory', 'IOT', 'IO'),
(32, 1, 'Brunei Darussalam', 'BRN', 'BN'),
(33, 1, 'Bulgaria', 'BGR', 'BG'),
(34, 1, 'Burkina Faso', 'BFA', 'BF'),
(35, 1, 'Burundi', 'BDI', 'BI'),
(36, 1, 'Cambodia', 'KHM', 'KH'),
(37, 1, 'Cameroon', 'CMR', 'CM'),
(38, 1, 'Canada', 'CAN', 'CA'),
(39, 1, 'Cape Verde', 'CPV', 'CV'),
(40, 1, 'Cayman Islands', 'CYM', 'KY'),
(41, 1, 'Central African Republic', 'CAF', 'CF'),
(42, 1, 'Chad', 'TCD', 'TD'),
(43, 1, 'Chile', 'CHL', 'CL'),
(44, 1, 'China', 'CHN', 'CN'),
(45, 1, 'Christmas Island', 'CXR', 'CX'),
(46, 1, 'Cocos (Keeling) Islands', 'CCK', 'CC'),
(47, 1, 'Colombia', 'COL', 'CO'),
(48, 1, 'Comoros', 'COM', 'KM'),
(49, 1, 'Congo', 'COG', 'CG'),
(50, 1, 'Cook Islands', 'COK', 'CK'),
(51, 1, 'Costa Rica', 'CRI', 'CR'),
(52, 1, 'Cote D''Ivoire', 'CIV', 'CI'),
(53, 1, 'Croatia', 'HRV', 'HR'),
(54, 1, 'Cuba', 'CUB', 'CU'),
(55, 1, 'Cyprus', 'CYP', 'CY'),
(56, 1, 'Czech Republic', 'CZE', 'CZ'),
(57, 1, 'Denmark', 'DNK', 'DK'),
(58, 1, 'Djibouti', 'DJI', 'DJ'),
(59, 1, 'Dominica', 'DMA', 'DM'),
(60, 1, 'Dominican Republic', 'DOM', 'DO'),
(61, 1, 'East Timor', 'TMP', 'TP'),
(62, 1, 'Ecuador', 'ECU', 'EC'),
(63, 1, 'Egypt', 'EGY', 'EG'),
(64, 1, 'El Salvador', 'SLV', 'SV'),
(65, 1, 'Equatorial Guinea', 'GNQ', 'GQ'),
(66, 1, 'Eritrea', 'ERI', 'ER'),
(67, 1, 'Estonia', 'EST', 'EE'),
(68, 1, 'Ethiopia', 'ETH', 'ET'),
(69, 1, 'Falkland Islands (Malvinas)', 'FLK', 'FK'),
(70, 1, 'Faroe Islands', 'FRO', 'FO'),
(71, 1, 'Fiji', 'FJI', 'FJ'),
(72, 1, 'Finland', 'FIN', 'FI'),
(73, 1, 'France', 'FRA', 'FR'),
(74, 1, 'France, Metropolitan', 'FXX', 'FX'),
(75, 1, 'French Guiana', 'GUF', 'GF'),
(76, 1, 'French Polynesia', 'PYF', 'PF'),
(77, 1, 'French Southern Territories', 'ATF', 'TF'),
(78, 1, 'Gabon', 'GAB', 'GA'),
(79, 1, 'Gambia', 'GMB', 'GM'),
(80, 1, 'Georgia', 'GEO', 'GE'),
(81, 1, 'Germany', 'DEU', 'DE'),
(82, 1, 'Ghana', 'GHA', 'GH'),
(83, 1, 'Gibraltar', 'GIB', 'GI'),
(84, 1, 'Greece', 'GRC', 'GR'),
(85, 1, 'Greenland', 'GRL', 'GL'),
(86, 1, 'Grenada', 'GRD', 'GD'),
(87, 1, 'Guadeloupe', 'GLP', 'GP'),
(88, 1, 'Guam', 'GUM', 'GU'),
(89, 1, 'Guatemala', 'GTM', 'GT'),
(90, 1, 'Guinea', 'GIN', 'GN'),
(91, 1, 'Guinea-bissau', 'GNB', 'GW'),
(92, 1, 'Guyana', 'GUY', 'GY'),
(93, 1, 'Haiti', 'HTI', 'HT'),
(94, 1, 'Heard and Mc Donald Islands', 'HMD', 'HM'),
(95, 1, 'Honduras', 'HND', 'HN'),
(96, 1, 'Hong Kong', 'HKG', 'HK'),
(97, 1, 'Hungary', 'HUN', 'HU'),
(98, 1, 'Iceland', 'ISL', 'IS'),
(99, 1, 'India', 'IND', 'IN'),
(100, 1, 'Indonesia', 'IDN', 'ID'),
(101, 1, 'Iran (Islamic Republic of)', 'IRN', 'IR'),
(102, 1, 'Iraq', 'IRQ', 'IQ'),
(103, 1, 'Ireland', 'IRL', 'IE'),
(104, 1, 'Israel', 'ISR', 'IL'),
(105, 1, 'Italy', 'ITA', 'IT'),
(106, 1, 'Jamaica', 'JAM', 'JM'),
(107, 1, 'Japan', 'JPN', 'JP'),
(108, 1, 'Jordan', 'JOR', 'JO'),
(109, 1, 'Kazakhstan', 'KAZ', 'KZ'),
(110, 1, 'Kenya', 'KEN', 'KE'),
(111, 1, 'Kiribati', 'KIR', 'KI'),
(112, 1, 'Korea, Democratic People''s Republic of', 'PRK', 'KP'),
(113, 1, 'Korea, Republic of', 'KOR', 'KR'),
(114, 1, 'Kuwait', 'KWT', 'KW'),
(115, 1, 'Kyrgyzstan', 'KGZ', 'KG'),
(116, 1, 'Lao People''s Democratic Republic', 'LAO', 'LA'),
(117, 1, 'Latvia', 'LVA', 'LV'),
(118, 1, 'Lebanon', 'LBN', 'LB'),
(119, 1, 'Lesotho', 'LSO', 'LS'),
(120, 1, 'Liberia', 'LBR', 'LR'),
(121, 1, 'Libyan Arab Jamahiriya', 'LBY', 'LY'),
(122, 1, 'Liechtenstein', 'LIE', 'LI'),
(123, 1, 'Lithuania', 'LTU', 'LT'),
(124, 1, 'Luxembourg', 'LUX', 'LU'),
(125, 1, 'Macau', 'MAC', 'MO'),
(126, 1, 'Macedonia, The Former Yugoslav Republic of', 'MKD', 'MK'),
(127, 1, 'Madagascar', 'MDG', 'MG'),
(128, 1, 'Malawi', 'MWI', 'MW'),
(129, 1, 'Malaysia', 'MYS', 'MY'),
(130, 1, 'Maldives', 'MDV', 'MV'),
(131, 1, 'Mali', 'MLI', 'ML'),
(132, 1, 'Malta', 'MLT', 'MT'),
(133, 1, 'Marshall Islands', 'MHL', 'MH'),
(134, 1, 'Martinique', 'MTQ', 'MQ'),
(135, 1, 'Mauritania', 'MRT', 'MR'),
(136, 1, 'Mauritius', 'MUS', 'MU'),
(137, 1, 'Mayotte', 'MYT', 'YT'),
(138, 1, 'Mexico', 'MEX', 'MX'),
(139, 1, 'Micronesia, Federated States of', 'FSM', 'FM'),
(140, 1, 'Moldova, Republic of', 'MDA', 'MD'),
(141, 1, 'Monaco', 'MCO', 'MC'),
(142, 1, 'Mongolia', 'MNG', 'MN'),
(143, 1, 'Montserrat', 'MSR', 'MS'),
(144, 1, 'Morocco', 'MAR', 'MA'),
(145, 1, 'Mozambique', 'MOZ', 'MZ'),
(146, 1, 'Myanmar', 'MMR', 'MM'),
(147, 1, 'Namibia', 'NAM', 'NA'),
(148, 1, 'Nauru', 'NRU', 'NR'),
(149, 1, 'Nepal', 'NPL', 'NP'),
(150, 1, 'Netherlands', 'NLD', 'NL'),
(151, 1, 'Netherlands Antilles', 'ANT', 'AN'),
(152, 1, 'New Caledonia', 'NCL', 'NC'),
(153, 1, 'New Zealand', 'NZL', 'NZ'),
(154, 1, 'Nicaragua', 'NIC', 'NI'),
(155, 1, 'Niger', 'NER', 'NE'),
(156, 1, 'Nigeria', 'NGA', 'NG'),
(157, 1, 'Niue', 'NIU', 'NU'),
(158, 1, 'Norfolk Island', 'NFK', 'NF'),
(159, 1, 'Northern Mariana Islands', 'MNP', 'MP'),
(160, 1, 'Norway', 'NOR', 'NO'),
(161, 1, 'Oman', 'OMN', 'OM'),
(162, 1, 'Pakistan', 'PAK', 'PK'),
(163, 1, 'Palau', 'PLW', 'PW'),
(164, 1, 'Panama', 'PAN', 'PA'),
(165, 1, 'Papua New Guinea', 'PNG', 'PG'),
(166, 1, 'Paraguay', 'PRY', 'PY'),
(167, 1, 'Peru', 'PER', 'PE'),
(168, 1, 'Philippines', 'PHL', 'PH'),
(169, 1, 'Pitcairn', 'PCN', 'PN'),
(170, 1, 'Poland', 'POL', 'PL'),
(171, 1, 'Portugal', 'PRT', 'PT'),
(172, 1, 'Puerto Rico', 'PRI', 'PR'),
(173, 1, 'Qatar', 'QAT', 'QA'),
(174, 1, 'Reunion', 'REU', 'RE'),
(175, 1, 'Romania', 'ROM', 'RO'),
(176, 1, 'Russian Federation', 'RUS', 'RU'),
(177, 1, 'Rwanda', 'RWA', 'RW'),
(178, 1, 'Saint Kitts and Nevis', 'KNA', 'KN'),
(179, 1, 'Saint Lucia', 'LCA', 'LC'),
(180, 1, 'Saint Vincent and the Grenadines', 'VCT', 'VC'),
(181, 1, 'Samoa', 'WSM', 'WS'),
(182, 1, 'San Marino', 'SMR', 'SM'),
(183, 1, 'Sao Tome and Principe', 'STP', 'ST'),
(184, 1, 'Saudi Arabia', 'SAU', 'SA'),
(185, 1, 'Senegal', 'SEN', 'SN'),
(186, 1, 'Seychelles', 'SYC', 'SC'),
(187, 1, 'Sierra Leone', 'SLE', 'SL'),
(188, 1, 'Singapore', 'SGP', 'SG'),
(189, 1, 'Slovakia (Slovak Republic)', 'SVK', 'SK'),
(190, 1, 'Slovenia', 'SVN', 'SI'),
(191, 1, 'Solomon Islands', 'SLB', 'SB'),
(192, 1, 'Somalia', 'SOM', 'SO'),
(193, 1, 'South Africa', 'ZAF', 'ZA'),
(194, 1, 'South Georgia and the South Sandwich Islands', 'SGS', 'GS'),
(195, 1, 'Spain', 'ESP', 'ES'),
(196, 1, 'Sri Lanka', 'LKA', 'LK'),
(197, 1, 'St. Helena', 'SHN', 'SH'),
(198, 1, 'St. Pierre and Miquelon', 'SPM', 'PM'),
(199, 1, 'Sudan', 'SDN', 'SD'),
(200, 1, 'Suriname', 'SUR', 'SR'),
(201, 1, 'Svalbard and Jan Mayen Islands', 'SJM', 'SJ'),
(202, 1, 'Swaziland', 'SWZ', 'SZ'),
(203, 1, 'Sweden', 'SWE', 'SE'),
(204, 1, 'Switzerland', 'CHE', 'CH'),
(205, 1, 'Syrian Arab Republic', 'SYR', 'SY'),
(206, 1, 'Taiwan', 'TWN', 'TW'),
(207, 1, 'Tajikistan', 'TJK', 'TJ'),
(208, 1, 'Tanzania, United Republic of', 'TZA', 'TZ'),
(209, 1, 'Thailand', 'THA', 'TH'),
(210, 1, 'Togo', 'TGO', 'TG'),
(211, 1, 'Tokelau', 'TKL', 'TK'),
(212, 1, 'Tonga', 'TON', 'TO'),
(213, 1, 'Trinidad and Tobago', 'TTO', 'TT'),
(214, 1, 'Tunisia', 'TUN', 'TN'),
(215, 1, 'Turkey', 'TUR', 'TR'),
(216, 1, 'Turkmenistan', 'TKM', 'TM'),
(217, 1, 'Turks and Caicos Islands', 'TCA', 'TC'),
(218, 1, 'Tuvalu', 'TUV', 'TV'),
(219, 1, 'Uganda', 'UGA', 'UG'),
(220, 1, 'Ukraine', 'UKR', 'UA'),
(221, 1, 'United Arab Emirates', 'ARE', 'AE'),
(222, 1, 'United Kingdom', 'GBR', 'GB'),
(223, 1, 'United States', 'USA', 'US'),
(224, 1, 'United States Minor Outlying Islands', 'UMI', 'UM'),
(225, 1, 'Uruguay', 'URY', 'UY'),
(226, 1, 'Uzbekistan', 'UZB', 'UZ'),
(227, 1, 'Vanuatu', 'VUT', 'VU'),
(228, 1, 'Vatican City State (Holy See)', 'VAT', 'VA'),
(229, 1, 'Venezuela', 'VEN', 'VE'),
(230, 1, 'Viet Nam', 'VNM', 'VN'),
(231, 1, 'Virgin Islands (British)', 'VGB', 'VG'),
(232, 1, 'Virgin Islands (U.S.)', 'VIR', 'VI'),
(233, 1, 'Wallis and Futuna Islands', 'WLF', 'WF'),
(234, 1, 'Western Sahara', 'ESH', 'EH'),
(235, 1, 'Yemen', 'YEM', 'YE'),
(236, 1, 'Serbia', 'SRB', 'RS'),
(237, 1, 'The Democratic Republic of Congo', 'DRC', 'DC'),
(238, 1, 'Zambia', 'ZMB', 'ZM'),
(239, 1, 'Zimbabwe', 'ZWE', 'ZW'),
(240, 1, 'East Timor', 'XET', 'XE'),
(241, 1, 'Jersey', 'XJE', 'XJ'),
(242, 1, 'St. Barthelemy', 'XSB', 'XB'),
(243, 1, 'St. Eustatius', 'XSE', 'XU'),
(244, 1, 'Canary Islands', 'XCA', 'XC'),
(245, 1, 'Montenegro', 'MNE', 'ME');

-- --------------------------------------------------------

--
-- Table structure for table`jos_vm_coupons`
--

CREATE TABLE `jos_vm_coupons` (
  `coupon_id` int(16) NOT NULL AUTO_INCREMENT,
  `coupon_code` varchar(32) NOT NULL DEFAULT '',
  `percent_or_total` enum('percent','total') NOT NULL DEFAULT 'percent',
  `coupon_type` enum('gift','permanent') NOT NULL DEFAULT 'gift',
  `coupon_value` decimal(12,2) NOT NULL DEFAULT '0.00',
  PRIMARY KEY (`coupon_id`)
) ENGINE=MyISAM  DEFAULT CHARSET=latin1 COMMENT='Used to store coupon codes' AUTO_INCREMENT=5 ;

--
-- Dumping data for table 'jos_vm_coupons'
--

INSERT INTO `jos_vm_coupons` VALUES
(1, 'test1', 'total', 'gift', 6.00),
(2, 'test2', 'percent', 'permanent', 15.00),
(3, 'test3', 'total', 'permanent', 4.00),
(4, 'test4', 'total', 'gift', 15.00);

-- --------------------------------------------------------

--
-- Table structure for table`jos_vm_creditcard`
--

CREATE TABLE `jos_vm_creditcard` (
  `creditcard_id` int(11) NOT NULL AUTO_INCREMENT,
  `vendor_id` int(11) NOT NULL DEFAULT '0',
  `creditcard_name` varchar(70) NOT NULL DEFAULT '',
  `creditcard_code` varchar(30) NOT NULL DEFAULT '',
  PRIMARY KEY (`creditcard_id`)
) ENGINE=MyISAM  DEFAULT CHARSET=latin1 COMMENT='Used to store credit card types' AUTO_INCREMENT=8 ;

--
-- Dumping data for table 'jos_vm_creditcard'
--

INSERT INTO `jos_vm_creditcard` VALUES
(1, 1, 'Visa', 'VISA'),
(2, 1, 'MasterCard', 'MC'),
(3, 1, 'American Express', 'amex'),
(4, 1, 'Discover Card', 'discover'),
(5, 1, 'Diners Club', 'diners'),
(6, 1, 'JCB', 'jcb'),
(7, 1, 'Australian Bankcard', 'australian_bc');

-- --------------------------------------------------------

--
-- Table structure for table`jos_vm_csv`
--

CREATE TABLE `jos_vm_csv` (
  `field_id` int(11) NOT NULL AUTO_INCREMENT,
  `field_name` varchar(128) NOT NULL DEFAULT '',
  `field_default_value` text,
  `field_ordering` int(3) NOT NULL DEFAULT '0',
  `field_required` char(1) DEFAULT 'N',
  PRIMARY KEY (`field_id`)
) ENGINE=MyISAM  DEFAULT CHARSET=latin1 COMMENT='Holds all fields which are used on CVS Ex-/Import' AUTO_INCREMENT=26 ;

--
-- Dumping data for table 'jos_vm_csv'
--

INSERT INTO `jos_vm_csv` VALUES
(1, 'product_sku', '', 1, 'Y'),
(2, 'product_s_desc', '', 5, 'N'),
(3, 'product_desc', '', 6, 'N'),
(4, 'product_thumb_image', '', 7, 'N'),
(5, 'product_full_image', '', 8, 'N'),
(6, 'product_weight', '', 9, 'N'),
(7, 'product_weight_uom', 'KG', 10, 'N'),
(8, 'product_length', '', 11, 'N'),
(9, 'product_width', '', 12, 'N'),
(10, 'product_height', '', 13, 'N'),
(11, 'product_lwh_uom', '', 14, 'N'),
(12, 'product_in_stock', '0', 15, 'N'),
(13, 'product_available_date', '', 16, 'N'),
(14, 'product_discount_id', '', 17, 'N'),
(15, 'product_name', '', 2, 'Y'),
(16, 'product_price', '', 4, 'N'),
(17, 'category_path', '', 3, 'Y'),
(18, 'manufacturer_id', '', 18, 'N'),
(19, 'product_tax_id', '', 19, 'N'),
(20, 'product_sales', '', 20, 'N'),
(21, 'product_parent_id', '0', 21, 'N'),
(22, 'attribute', '', 22, 'N'),
(23, 'custom_attribute', '', 23, 'N'),
(24, 'attributes', '', 24, 'N'),
(25, 'attribute_values', '', 25, 'N');

-- --------------------------------------------------------

--
-- Table structure for table`jos_vm_currency`
--

CREATE TABLE `jos_vm_currency` (
  `currency_id` int(11) NOT NULL AUTO_INCREMENT,
  `currency_name` varchar(64) DEFAULT NULL,
  `currency_code` char(3) DEFAULT NULL,
  PRIMARY KEY (`currency_id`),
  KEY `idx_currency_name` (`currency_name`)
) ENGINE=MyISAM  DEFAULT CHARSET=latin1 COMMENT='Used to store currencies' AUTO_INCREMENT=159 ;

--
-- Dumping data for table 'jos_vm_currency'
--

INSERT INTO `jos_vm_currency` VALUES
(1, 'Andorran Peseta', 'ADP'),
(2, 'United Arab Emirates Dirham', 'AED'),
(3, 'Afghanistan Afghani', 'AFA'),
(4, 'Albanian Lek', 'ALL'),
(5, 'Netherlands Antillian Guilder', 'ANG'),
(6, 'Angolan Kwanza', 'AOK'),
(7, 'Argentine Peso', 'ARS'),
(9, 'Australian Dollar', 'AUD'),
(10, 'Aruban Florin', 'AWG'),
(11, 'Barbados Dollar', 'BBD'),
(12, 'Bangladeshi Taka', 'BDT'),
(14, 'Bulgarian Lev', 'BGL'),
(15, 'Bahraini Dinar', 'BHD'),
(16, 'Burundi Franc', 'BIF'),
(17, 'Bermudian Dollar', 'BMD'),
(18, 'Brunei Dollar', 'BND'),
(19, 'Bolivian Boliviano', 'BOB'),
(20, 'Brazilian Real', 'BRL'),
(21, 'Bahamian Dollar', 'BSD'),
(22, 'Bhutan Ngultrum', 'BTN'),
(23, 'Burma Kyat', 'BUK'),
(24, 'Botswanian Pula', 'BWP'),
(25, 'Belize Dollar', 'BZD'),
(26, 'Canadian Dollar', 'CAD'),
(27, 'Swiss Franc', 'CHF'),
(28, 'Chilean Unidades de Fomento', 'CLF'),
(29, 'Chilean Peso', 'CLP'),
(30, 'Yuan (Chinese) Renminbi', 'CNY'),
(31, 'Colombian Peso', 'COP'),
(32, 'Costa Rican Colon', 'CRC'),
(33, 'Czech Koruna', 'CZK'),
(34, 'Cuban Peso', 'CUP'),
(35, 'Cape Verde Escudo', 'CVE'),
(36, 'Cyprus Pound', 'CYP'),
(40, 'Danish Krone', 'DKK'),
(41, 'Dominican Peso', 'DOP'),
(42, 'Algerian Dinar', 'DZD'),
(43, 'Ecuador Sucre', 'ECS'),
(44, 'Egyptian Pound', 'EGP'),
(46, 'Ethiopian Birr', 'ETB'),
(47, 'Euro', 'EUR'),
(49, 'Fiji Dollar', 'FJD'),
(50, 'Falkland Islands Pound', 'FKP'),
(52, 'British Pound', 'GBP'),
(53, 'Ghanaian Cedi', 'GHC'),
(54, 'Gibraltar Pound', 'GIP'),
(55, 'Gambian Dalasi', 'GMD'),
(56, 'Guinea Franc', 'GNF'),
(58, 'Guatemalan Quetzal', 'GTQ'),
(59, 'Guinea-Bissau Peso', 'GWP'),
(60, 'Guyanan Dollar', 'GYD'),
(61, 'Hong Kong Dollar', 'HKD'),
(62, 'Honduran Lempira', 'HNL'),
(63, 'Haitian Gourde', 'HTG'),
(64, 'Hungarian Forint', 'HUF'),
(65, 'Indonesian Rupiah', 'IDR'),
(66, 'Irish Punt', 'IEP'),
(67, 'Israeli Shekel', 'ILS'),
(68, 'Indian Rupee', 'INR'),
(69, 'Iraqi Dinar', 'IQD'),
(70, 'Iranian Rial', 'IRR'),
(73, 'Jamaican Dollar', 'JMD'),
(74, 'Jordanian Dinar', 'JOD'),
(75, 'Japanese Yen', 'JPY'),
(76, 'Kenyan Shilling', 'KES'),
(77, 'Kampuchean (Cambodian) Riel', 'KHR'),
(78, 'Comoros Franc', 'KMF'),
(79, 'North Korean Won', 'KPW'),
(80, '(South) Korean Won', 'KRW'),
(81, 'Kuwaiti Dinar', 'KWD'),
(82, 'Cayman Islands Dollar', 'KYD'),
(83, 'Lao Kip', 'LAK'),
(84, 'Lebanese Pound', 'LBP'),
(85, 'Sri Lanka Rupee', 'LKR'),
(86, 'Liberian Dollar', 'LRD'),
(87, 'Lesotho Loti', 'LSL'),
(89, 'Libyan Dinar', 'LYD'),
(90, 'Moroccan Dirham', 'MAD'),
(91, 'Malagasy Franc', 'MGF'),
(92, 'Mongolian Tugrik', 'MNT'),
(93, 'Macau Pataca', 'MOP'),
(94, 'Mauritanian Ouguiya', 'MRO'),
(95, 'Maltese Lira', 'MTL'),
(96, 'Mauritius Rupee', 'MUR'),
(97, 'Maldive Rufiyaa', 'MVR'),
(98, 'Malawi Kwacha', 'MWK'),
(99, 'Mexican Peso', 'MXP'),
(100, 'Malaysian Ringgit', 'MYR'),
(101, 'Mozambique Metical', 'MZM'),
(102, 'Nigerian Naira', 'NGN'),
(103, 'Nicaraguan Cordoba', 'NIC'),
(105, 'Norwegian Kroner', 'NOK'),
(106, 'Nepalese Rupee', 'NPR'),
(107, 'New Zealand Dollar', 'NZD'),
(108, 'Omani Rial', 'OMR'),
(109, 'Panamanian Balboa', 'PAB'),
(110, 'Peruvian Nuevo Sol', 'PEN'),
(111, 'Papua New Guinea Kina', 'PGK'),
(112, 'Philippine Peso', 'PHP'),
(113, 'Pakistan Rupee', 'PKR'),
(114, 'Polish Z?oty', 'PLN'),
(116, 'Paraguay Guarani', 'PYG'),
(117, 'Qatari Rial', 'QAR'),
(118, 'Romanian Leu', 'RON'),
(119, 'Rwanda Franc', 'RWF'),
(120, 'Saudi Arabian Riyal', 'SAR'),
(121, 'Solomon Islands Dollar', 'SBD'),
(122, 'Seychelles Rupee', 'SCR'),
(123, 'Sudanese Pound', 'SDP'),
(124, 'Swedish Krona', 'SEK'),
(125, 'Singapore Dollar', 'SGD'),
(126, 'St. Helena Pound', 'SHP'),
(127, 'Sierra Leone Leone', 'SLL'),
(128, 'Somali Shilling', 'SOS'),
(129, 'Suriname Guilder', 'SRG'),
(130, 'Sao Tome and Principe Dobra', 'STD'),
(131, 'Russian Ruble', 'RUB'),
(132, 'El Salvador Colon', 'SVC'),
(133, 'Syrian Potmd', 'SYP'),
(134, 'Swaziland Lilangeni', 'SZL'),
(135, 'Thai Bath', 'THB'),
(136, 'Tunisian Dinar', 'TND'),
(137, 'Tongan Pa''anga', 'TOP'),
(138, 'East Timor Escudo', 'TPE'),
(139, 'Turkish Lira', 'TRY'),
(140, 'Trinidad and Tobago Dollar', 'TTD'),
(141, 'Taiwan Dollar', 'TWD'),
(142, 'Tanzanian Shilling', 'TZS'),
(143, 'Uganda Shilling', 'UGS'),
(144, 'US Dollar', 'USD'),
(145, 'Uruguayan Peso', 'UYP'),
(146, 'Venezualan Bolivar', 'VEB'),
(147, 'Vietnamese Dong', 'VND'),
(148, 'Vanuatu Vatu', 'VUV'),
(149, 'Samoan Tala', 'WST'),
(150, 'Democratic Yemeni Dinar', 'YDD'),
(151, 'Yemeni Rial', 'YER'),
(152, 'Dinar', 'RSD'),
(153, 'South African Rand', 'ZAR'),
(154, 'Zambian Kwacha', 'ZMK'),
(155, 'Zaire Zaire', 'ZRZ'),
(156, 'Zimbabwe Dollar', 'ZWD'),
(157, 'Slovak Koruna', 'SKK'),
(158, 'Armenian Dram', 'AMD');

-- --------------------------------------------------------

--
-- Table structure for table`jos_vm_export`
--

CREATE TABLE `jos_vm_export` (
  `export_id` int(11) NOT NULL AUTO_INCREMENT,
  `vendor_id` int(11) DEFAULT NULL,
  `export_name` varchar(255) DEFAULT NULL,
  `export_desc` text NOT NULL,
  `export_class` varchar(50) NOT NULL,
  `export_enabled` char(1) NOT NULL DEFAULT 'N',
  `export_config` text NOT NULL,
  `iscore` tinyint(3) NOT NULL DEFAULT '0',
  PRIMARY KEY (`export_id`)
) ENGINE=MyISAM DEFAULT CHARSET=latin1 COMMENT='Export Modules' AUTO_INCREMENT=1 ;

-- --------------------------------------------------------

--
-- Table structure for table`jos_vm_function`
--

CREATE TABLE `jos_vm_function` (
  `function_id` int(11) NOT NULL AUTO_INCREMENT,
  `module_id` int(11) DEFAULT NULL,
  `function_name` varchar(32) DEFAULT NULL,
  `function_class` varchar(32) DEFAULT NULL,
  `function_method` varchar(32) DEFAULT NULL,
  `function_description` text,
  `function_perms` varchar(255) DEFAULT NULL,
  PRIMARY KEY (`function_id`),
  KEY `idx_function_module_id` (`module_id`),
  KEY `idx_function_name` (`function_name`)
) ENGINE=MyISAM  DEFAULT CHARSET=latin1 COMMENT='Used to map a function alias to a ''real'' class::function' AUTO_INCREMENT=195 ;

--
-- Dumping data for table 'jos_vm_function'
--

INSERT INTO `jos_vm_function` VALUES
(1, 1, 'userAdd', 'ps_user', 'add', '', 'admin,storeadmin'),
(2, 1, 'userDelete', 'ps_user', 'delete', '', 'admin,storeadmin'),
(3, 1, 'userUpdate', 'ps_user', 'update', '', 'admin,storeadmin'),
(31, 2, 'productAdd', 'ps_product', 'add', '', 'admin,storeadmin'),
(6, 1, 'functionAdd', 'ps_function', 'add', '', 'admin'),
(7, 1, 'functionUpdate', 'ps_function', 'update', '', 'admin'),
(8, 1, 'functionDelete', 'ps_function', 'delete', '', 'admin'),
(9, 1, 'userLogout', 'ps_user', 'logout', '', 'none'),
(10, 1, 'userAddressAdd', 'ps_user_address', 'add', '', 'admin,storeadmin,shopper,demo'),
(11, 1, 'userAddressUpdate', 'ps_user_address', 'update', '', 'admin,storeadmin,shopper'),
(12, 1, 'userAddressDelete', 'ps_user_address', 'delete', '', 'admin,storeadmin,shopper'),
(13, 1, 'moduleAdd', 'ps_module', 'add', '', 'admin'),
(14, 1, 'moduleUpdate', 'ps_module', 'update', '', 'admin'),
(15, 1, 'moduleDelete', 'ps_module', 'delete', '', 'admin'),
(16, 1, 'userLogin', 'ps_user', 'login', '', 'none'),
(17, 3, 'vendorAdd', 'ps_vendor', 'add', '', 'admin'),
(18, 3, 'vendorUpdate', 'ps_vendor', 'update', '', 'admin,storeadmin'),
(19, 3, 'vendorDelete', 'ps_vendor', 'delete', '', 'admin'),
(20, 3, 'vendorCategoryAdd', 'ps_vendor_category', 'add', '', 'admin'),
(21, 3, 'vendorCategoryUpdate', 'ps_vendor_category', 'update', '', 'admin'),
(22, 3, 'vendorCategoryDelete', 'ps_vendor_category', 'delete', '', 'admin'),
(23, 4, 'shopperAdd', 'ps_shopper', 'add', '', 'none'),
(24, 4, 'shopperDelete', 'ps_shopper', 'delete', '', 'admin,storeadmin'),
(25, 4, 'shopperUpdate', 'ps_shopper', 'update', '', 'admin,storeadmin,shopper'),
(26, 4, 'shopperGroupAdd', 'ps_shopper_group', 'add', '', 'admin,storeadmin'),
(27, 4, 'shopperGroupUpdate', 'ps_shopper_group', 'update', '', 'admin,storeadmin'),
(28, 4, 'shopperGroupDelete', 'ps_shopper_group', 'delete', '', 'admin,storeadmin'),
(30, 5, 'orderStatusSet', 'ps_order', 'order_status_update', '', 'admin,storeadmin'),
(32, 2, 'productDelete', 'ps_product', 'delete', '', 'admin,storeadmin'),
(33, 2, 'productUpdate', 'ps_product', 'update', '', 'admin,storeadmin'),
(34, 2, 'productCategoryAdd', 'ps_product_category', 'add', '', 'admin,storeadmin'),
(35, 2, 'productCategoryUpdate', 'ps_product_category', 'update', '', 'admin,storeadmin'),
(36, 2, 'productCategoryDelete', 'ps_product_category', 'delete', '', 'admin,storeadmin'),
(37, 2, 'productPriceAdd', 'ps_product_price', 'add', '', 'admin,storeadmin'),
(38, 2, 'productPriceUpdate', 'ps_product_price', 'update', '', 'admin,storeadmin'),
(39, 2, 'productPriceDelete', 'ps_product_price', 'delete', '', 'admin,storeadmin'),
(40, 2, 'productAttributeAdd', 'ps_product_attribute', 'add', '', 'admin,storeadmin'),
(41, 2, 'productAttributeUpdate', 'ps_product_attribute', 'update', '', 'admin,storeadmin'),
(42, 2, 'productAttributeDelete', 'ps_product_attribute', 'delete', '', 'admin,storeadmin'),
(43, 7, 'cartAdd', 'ps_cart', 'add', '', 'none'),
(44, 7, 'cartUpdate', 'ps_cart', 'update', '', 'none'),
(45, 7, 'cartDelete', 'ps_cart', 'delete', '', 'none'),
(46, 10, 'checkoutComplete', 'ps_checkout', 'add', '', 'shopper,storeadmin,admin'),
(48, 8, 'paymentMethodUpdate', 'ps_payment_method', 'update', '', 'admin,storeadmin'),
(49, 8, 'paymentMethodAdd', 'ps_payment_method', 'add', '', 'admin,storeadmin'),
(50, 8, 'paymentMethodDelete', 'ps_payment_method', 'delete', '', 'admin,storeadmin'),
(51, 5, 'orderDelete', 'ps_order', 'delete', '', 'admin,storeadmin'),
(52, 11, 'addTaxRate', 'ps_tax', 'add', '', 'admin,storeadmin'),
(53, 11, 'updateTaxRate', 'ps_tax', 'update', '', 'admin,storeadmin'),
(54, 11, 'deleteTaxRate', 'ps_tax', 'delete', '', 'admin,storeadmin'),
(55, 10, 'checkoutValidateST', 'ps_checkout', 'validate_shipto', '', 'none'),
(59, 5, 'orderStatusUpdate', 'ps_order_status', 'update', '', 'admin,storeadmin'),
(60, 5, 'orderStatusAdd', 'ps_order_status', 'add', '', 'storeadmin,admin'),
(61, 5, 'orderStatusDelete', 'ps_order_status', 'delete', '', 'admin,storeadmin'),
(62, 1, 'currencyAdd', 'ps_currency', 'add', 'add a currency', 'storeadmin,admin'),
(63, 1, 'currencyUpdate', 'ps_currency', 'update', '        update a currency', 'storeadmin,admin'),
(64, 1, 'currencyDelete', 'ps_currency', 'delete', 'delete a currency', 'storeadmin,admin'),
(65, 1, 'countryAdd', 'ps_country', 'add', 'Add a country ', 'storeadmin,admin'),
(66, 1, 'countryUpdate', 'ps_country', 'update', 'Update a country record', 'storeadmin,admin'),
(67, 1, 'countryDelete', 'ps_country', 'delete', 'Delete a country record', 'storeadmin,admin'),
(68, 2, 'product_csv', 'ps_csv', 'upload_csv', '', 'admin'),
(110, 7, 'waitingListAdd', 'zw_waiting_list', 'add', '', 'none'),
(111, 13, 'addzone', 'ps_zone', 'add', 'This will add a zone', 'admin,storeadmin'),
(112, 13, 'updatezone', 'ps_zone', 'update', 'This will update a zone', 'admin,storeadmin'),
(113, 13, 'deletezone', 'ps_zone', 'delete', 'This will delete a zone', 'admin,storeadmin'),
(114, 13, 'zoneassign', 'ps_zone', 'assign', 'This will assign a country to a zone', 'admin,storeadmin'),
(115, 1, 'writeConfig', 'ps_config', 'writeconfig', 'This will write the configuration details to virtuemart.cfg.php', 'admin'),
(116, 12839, 'carrierAdd', 'ps_shipping', 'add', '', 'admin,storeadmin'),
(117, 12839, 'carrierDelete', 'ps_shipping', 'delete', '', 'admin,storeadmin'),
(118, 12839, 'carrierUpdate', 'ps_shipping', 'update', '', 'admin,storeadmin'),
(119, 12839, 'rateAdd', 'ps_shipping', 'rate_add', '', 'admin,storeadmin'),
(120, 12839, 'rateUpdate', 'ps_shipping', 'rate_update', '', 'admin,shopadmin'),
(121, 12839, 'rateDelete', 'ps_shipping', 'rate_delete', '', 'admin,storeadmin'),
(122, 10, 'checkoutProcess', 'ps_checkout', 'process', '', 'none'),
(123, 5, 'downloadRequest', 'ps_order', 'download_request', 'This checks if the download request is valid and sends the file to the browser as file download if the request was successful, otherwise echoes an error', 'none'),
(128, 99, 'manufacturerAdd', 'ps_manufacturer', 'add', '', 'admin,storeadmin'),
(129, 99, 'manufacturerUpdate', 'ps_manufacturer', 'update', '', 'admin,storeadmin'),
(130, 99, 'manufacturerDelete', 'ps_manufacturer', 'delete', '', 'admin,storeadmin'),
(131, 99, 'manufacturercategoryAdd', 'ps_manufacturer_category', 'add', '', 'admin,storeadmin'),
(132, 99, 'manufacturercategoryUpdate', 'ps_manufacturer_category', 'update', '', 'admin,storeadmin'),
(133, 99, 'manufacturercategoryDelete', 'ps_manufacturer_category', 'delete', '', 'admin,storeadmin'),
(134, 7, 'addReview', 'ps_reviews', 'process_review', 'This lets the user add a review and rating to a product.', 'admin,storeadmin,shopper,demo'),
(135, 7, 'productReviewDelete', 'ps_reviews', 'delete_review', 'This deletes a review and from a product.', 'admin,storeadmin'),
(136, 8, 'creditcardAdd', 'ps_creditcard', 'add', 'Adds a Credit Card entry.', 'admin,storeadmin'),
(137, 8, 'creditcardUpdate', 'ps_creditcard', 'update', 'Updates a Credit Card entry.', 'admin,storeadmin'),
(138, 8, 'creditcardDelete', 'ps_creditcard', 'delete', 'Deletes a Credit Card entry.', 'admin,storeadmin'),
(139, 2, 'changePublishState', 'vmAbstractObject.class', 'handlePublishState', 'Changes the publish field of an item, so that it can be published or unpublished easily.', 'admin,storeadmin'),
(140, 2, 'export_csv', 'ps_csv', 'export_csv', 'This function exports all relevant product data to CSV.', 'admin,storeadmin'),
(141, 2, 'reorder', 'ps_product_category', 'reorder', 'Changes the list order of a category.', 'admin,storeadmin'),
(142, 2, 'discountAdd', 'ps_product_discount', 'add', 'Adds a discount.', 'admin,storeadmin'),
(143, 2, 'discountUpdate', 'ps_product_discount', 'update', 'Updates a discount.', 'admin,storeadmin'),
(144, 2, 'discountDelete', 'ps_product_discount', 'delete', 'Deletes a discount.', 'admin,storeadmin'),
(145, 8, 'shippingmethodSave', 'ps_shipping_method', 'save', '', 'admin,storeadmin'),
(146, 2, 'uploadProductFile', 'ps_product_files', 'add', 'Uploads and Adds a Product Image/File.', 'admin,storeadmin'),
(147, 2, 'updateProductFile', 'ps_product_files', 'update', 'Updates a Product Image/File.', 'admin,storeadmin'),
(148, 2, 'deleteProductFile', 'ps_product_files', 'delete', 'Deletes a Product Image/File.', 'admin,storeadmin'),
(149, 12843, 'couponAdd', 'ps_coupon', 'add_coupon_code', 'Adds a Coupon.', 'admin,storeadmin'),
(150, 12843, 'couponUpdate', 'ps_coupon', 'update_coupon', 'Updates a Coupon.', 'admin,storeadmin'),
(151, 12843, 'couponDelete', 'ps_coupon', 'remove_coupon_code', 'Deletes a Coupon.', 'admin,storeadmin'),
(152, 12843, 'couponProcess', 'ps_coupon', 'process_coupon_code', 'Processes a Coupon.', 'admin,storeadmin,shopper,demo'),
(153, 2, 'ProductTypeAdd', 'ps_product_type', 'add', 'Function add a Product Type and create new table product_type_<id>.', 'admin'),
(154, 2, 'ProductTypeUpdate', 'ps_product_type', 'update', 'Update a Product Type.', 'admin'),
(155, 2, 'ProductTypeDelete', 'ps_product_type', 'delete', 'Delete a Product Type and drop table product_type_<id>.', 'admin'),
(156, 2, 'ProductTypeReorder', 'ps_product_type', 'reorder', 'Changes the list order of a Product Type.', 'admin'),
(157, 2, 'ProductTypeAddParam', 'ps_product_type_parameter', 'add_parameter', 'Function add a Parameter into a Product Type and create new column in table product_type_<id>.', 'admin'),
(158, 2, 'ProductTypeUpdateParam', 'ps_product_type_parameter', 'update_parameter', 'Function update a Parameter in a Product Type and a column in table product_type_<id>.', 'admin'),
(159, 2, 'ProductTypeDeleteParam', 'ps_product_type_parameter', 'delete_parameter', 'Function delete a Parameter from a Product Type and drop a column in table product_type_<id>.', 'admin'),
(160, 2, 'ProductTypeReorderParam', 'ps_product_type_parameter', 'reorder_parameter', 'Changes the list order of a Parameter.', 'admin'),
(161, 2, 'productProductTypeAdd', 'ps_product_product_type', 'add', 'Add a Product into a Product Type.', 'admin,storeadmin'),
(162, 2, 'productProductTypeDelete', 'ps_product_product_type', 'delete', 'Delete a Product from a Product Type.', 'admin,storeadmin'),
(163, 1, 'stateAdd', 'ps_country', 'addState', 'Add a State ', 'storeadmin,admin'),
(164, 1, 'stateUpdate', 'ps_country', 'updateState', 'Update a state record', 'storeadmin,admin'),
(165, 1, 'stateDelete', 'ps_country', 'deleteState', 'Delete a state record', 'storeadmin,admin'),
(166, 2, 'csvFieldAdd', 'ps_csv', 'add', 'Add a CSV Field ', 'storeadmin,admin'),
(167, 2, 'csvFieldUpdate', 'ps_csv', 'update', 'Update a CSV Field', 'storeadmin,admin'),
(168, 2, 'csvFieldDelete', 'ps_csv', 'delete', 'Delete a CSV Field', 'storeadmin,admin'),
(169, 1, 'userfieldSave', 'ps_userfield', 'savefield', 'add or edit a user field', 'admin'),
(170, 1, 'userfieldDelete', 'ps_userfield', 'deletefield', '', 'admin'),
(171, 1, 'changeordering', 'vmAbstractObject.class', 'handleordering', '', 'admin'),
(172, 2, 'moveProduct', 'ps_product', 'move', 'Move products from one category to another.', 'admin,storeadmin'),
(173, 7, 'productAsk', 'ps_communication', 'mail_question', 'Lets the customer send a question about a specific product.', 'none'),
(174, 7, 'recommendProduct', 'ps_communication', 'sendRecommendation', 'Lets the customer send a recommendation about a specific product to a friend.', 'none'),
(175, 2, 'reviewUpdate', 'ps_reviews', 'update', 'Modify a review about a specific product.', 'admin'),
(176, 8, 'ExportUpdate', 'ps_export', 'update', '', 'admin,storeadmin'),
(177, 8, 'ExportAdd', 'ps_export', 'add', '', 'admin,storeadmin'),
(178, 8, 'ExportDelete', 'ps_export', 'delete', '', 'admin,storeadmin'),
(179, 1, 'writeThemeConfig', 'ps_config', 'writeThemeConfig', 'Writes a theme configuration file.', 'admin'),
(180, 1, 'usergroupAdd', 'usergroup.class', 'add', 'Add a new user group', 'admin'),
(181, 1, 'usergroupUpdate', 'usergroup.class', 'update', 'Update an user group', 'admin'),
(182, 1, 'usergroupDelete', 'usergroup.class', 'delete', 'Delete an user group', 'admin'),
(183, 1, 'setModulePermissions', 'ps_module', 'update_permissions', '', 'admin'),
(184, 1, 'setFunctionPermissions', 'ps_function', 'update_permissions', '', 'admin'),
(185, 2, 'insertDownloadsForProduct', 'ps_order', 'insert_downloads_for_product', '', 'admin'),
(186, 5, 'mailDownloadId', 'ps_order', 'mail_download_id', '', 'storeadmin,admin'),
(187, 7, 'replaceSavedCart', 'ps_cart', 'replaceCart', 'Replace cart with saved cart', 'none'),
(188, 7, 'mergeSavedCart', 'ps_cart', 'mergeSaved', 'Merge saved cart with cart', 'none'),
(189, 7, 'deleteSavedCart', 'ps_cart', 'deleteCart', 'Delete saved cart', 'none'),
(190, 7, 'savedCartDelete', 'ps_cart', 'deleteSaved', 'Delete items from saved cart', 'none'),
(191, 7, 'savedCartUpdate', 'ps_cart', 'updateSaved', 'Update saved cart items', 'none'),
(192, 1, 'getupdatepackage', 'update.class', 'getPatchPackage', 'Retrieves the Patch Package from the virtuemart.net Servers.', 'admin'),
(193, 1, 'applypatchpackage', 'update.class', 'applyPatch', 'Applies the Patch using the instructions from the update.xml file in the downloaded patch.', 'admin'),
(194, 1, 'removePatchPackage', 'update.class', 'removePackageFile', 'Removes  a Patch Package File and its extracted contents.', 'admin');

-- --------------------------------------------------------

--
-- Table structure for table`jos_vm_manufacturer`
--

CREATE TABLE `jos_vm_manufacturer` (
  `manufacturer_id` int(11) NOT NULL AUTO_INCREMENT,
  `mf_name` varchar(64) DEFAULT NULL,
  `mf_email` varchar(255) DEFAULT NULL,
  `mf_desc` text,
  `mf_category_id` int(11) DEFAULT NULL,
  `mf_url` varchar(255) NOT NULL DEFAULT '',
  PRIMARY KEY (`manufacturer_id`)
) ENGINE=MyISAM  DEFAULT CHARSET=latin1 COMMENT='Manufacturers are those who create products' AUTO_INCREMENT=2 ;

--
-- Dumping data for table 'jos_vm_manufacturer'
--

INSERT INTO `jos_vm_manufacturer` VALUES
(1, 'Manufacturer', 'info@manufacturer.com', 'An example for a manufacturer', 1, 'http://www.a-url.com');

-- --------------------------------------------------------

--
-- Table structure for table`jos_vm_manufacturer_category`
--

CREATE TABLE `jos_vm_manufacturer_category` (
  `mf_category_id` int(11) NOT NULL AUTO_INCREMENT,
  `mf_category_name` varchar(64) DEFAULT NULL,
  `mf_category_desc` text,
  PRIMARY KEY (`mf_category_id`),
  KEY `idx_manufacturer_category_category_name` (`mf_category_name`)
) ENGINE=MyISAM  DEFAULT CHARSET=latin1 COMMENT='Manufacturers are assigned to these categories' AUTO_INCREMENT=2 ;

--
-- Dumping data for table 'jos_vm_manufacturer_category'
--

INSERT INTO `jos_vm_manufacturer_category` VALUES
(1, '-default-', 'This is the default manufacturer category');

-- --------------------------------------------------------

--
-- Table structure for table`jos_vm_module`
--

CREATE TABLE `jos_vm_module` (
  `module_id` int(11) NOT NULL AUTO_INCREMENT,
  `module_name` varchar(255) DEFAULT NULL,
  `module_description` text,
  `module_perms` varchar(255) DEFAULT NULL,
  `module_publish` char(1) DEFAULT NULL,
  `list_order` int(11) DEFAULT NULL,
  PRIMARY KEY (`module_id`),
  KEY `idx_module_name` (`module_name`),
  KEY `idx_module_list_order` (`list_order`)
) ENGINE=MyISAM  DEFAULT CHARSET=latin1 COMMENT='VirtueMart Core Modules, not: Joomla modules' AUTO_INCREMENT=12844 ;

--
-- Dumping data for table 'jos_vm_module'
--

INSERT INTO `jos_vm_module` VALUES
(1, 'admin', '<h4>ADMINISTRATIVE USERS ONLY</h4>\r\n\r\n<p>Only used for the following:</p>\r\n<OL>\r\n\r\n<LI>User Maintenance</LI>\r\n<LI>Module Maintenance</LI>\r\n<LI>Function Maintenance</LI>\r\n</OL>\r\n', 'admin', 'Y', 1),
(2, 'product', '<p>Here you can adminster your online catalog of products.  The Product Administrator allows you to create product categories, create new products, edit product attributes, and add product items for each attribute value.</p>', 'storeadmin,admin', 'Y', 4),
(3, 'vendor', '<h4>ADMINISTRATIVE USERS ONLY</h4>\r\n<p>Here you can manage the vendors on the phpShop system.</p>', 'admin', 'Y', 6),
(4, 'shopper', '<p>Manage shoppers in your store.  Allows you to create shopper groups.  Shopper groups can be used when setting the price for a product.  This allows you to create different prices for different types of users.  An example of this would be to have a ''wholesale'' group and a ''retail'' group. </p>', 'admin,storeadmin', 'Y', 4),
(5, 'order', '<p>View Order and Update Order Status.</p>', 'admin,storeadmin', 'Y', 5),
(6, 'msgs', 'This module is unprotected an used for displaying system messages to users.  We need to have an area that does not require authorization when things go wrong.', 'none', 'N', 99),
(7, 'shop', 'This is the Washupito store module.  This is the demo store included with the phpShop distribution.', 'none', 'Y', 99),
(8, 'store', '', 'storeadmin,admin', 'Y', 2),
(9, 'account', 'This module allows shoppers to update their account information and view previously placed orders.', 'shopper,storeadmin,admin,demo', 'N', 99),
(10, 'checkout', '', 'none', 'N', 99),
(11, 'tax', 'The tax module allows you to set tax rates for states or regions within a country.  The rate is set as a decimal figure.  For example, 2 percent tax would be 0.02.', 'admin,storeadmin', 'Y', 8),
(12, 'reportbasic', 'The report basic module allows you to do queries on all orders.', 'admin,storeadmin', 'Y', 7),
(13, 'zone', 'This is the zone-shipping module. Here you can manage your shipping costs according to Zones.', 'admin,storeadmin', 'N', 9),
(12839, 'shipping', '<h4>Shipping</h4><p>Let this module calculate the shipping fees for your customers.<br>Create carriers for shipping areas and weight groups.</p>', 'admin,storeadmin', 'Y', 10),
(99, 'manufacturer', 'Manage the manufacturers of products in your store.', 'storeadmin,admin', 'Y', 12),
(12842, 'help', 'Help Module', 'admin,storeadmin', 'Y', 13),
(12843, 'coupon', 'Coupon Management', 'admin,storeadmin', 'Y', 11);

-- --------------------------------------------------------

--
-- Table structure for table`jos_vm_orders`
--

CREATE TABLE `jos_vm_orders` (
  `order_id` int(11) NOT NULL AUTO_INCREMENT,
  `user_id` int(11) NOT NULL DEFAULT '0',
  `vendor_id` int(11) NOT NULL DEFAULT '0',
  `order_number` varchar(32) DEFAULT NULL,
  `user_info_id` varchar(32) DEFAULT NULL,
  `order_total` decimal(15,5) NOT NULL DEFAULT '0.00000',
  `order_subtotal` decimal(15,5) DEFAULT NULL,
  `order_tax` decimal(10,2) DEFAULT NULL,
  `order_tax_details` text NOT NULL,
  `order_shipping` decimal(10,2) DEFAULT NULL,
  `order_shipping_tax` decimal(10,2) DEFAULT NULL,
  `coupon_discount` decimal(12,2) NOT NULL DEFAULT '0.00',
  `coupon_code` varchar(32) DEFAULT NULL,
  `order_discount` decimal(12,2) NOT NULL DEFAULT '0.00',
  `order_currency` varchar(16) DEFAULT NULL,
  `order_status` char(1) DEFAULT NULL,
  `cdate` int(11) DEFAULT NULL,
  `mdate` int(11) DEFAULT NULL,
  `ship_method_id` varchar(255) DEFAULT NULL,
  `customer_note` text NOT NULL,
  `ip_address` varchar(15) NOT NULL DEFAULT '',
  PRIMARY KEY (`order_id`),
  KEY `idx_orders_user_id` (`user_id`),
  KEY `idx_orders_vendor_id` (`vendor_id`),
  KEY `idx_orders_order_number` (`order_number`),
  KEY `idx_orders_user_info_id` (`user_info_id`),
  KEY `idx_orders_ship_method_id` (`ship_method_id`)
) ENGINE=MyISAM DEFAULT CHARSET=latin1 COMMENT='Used to store all orders' AUTO_INCREMENT=1 ;

-- --------------------------------------------------------

--
-- Table structure for table`jos_vm_order_history`
--

CREATE TABLE `jos_vm_order_history` (
  `order_status_history_id` int(11) NOT NULL AUTO_INCREMENT,
  `order_id` int(11) NOT NULL DEFAULT '0',
  `order_status_code` char(1) NOT NULL DEFAULT '0',
  `date_added` datetime NOT NULL DEFAULT '0000-00-00 00:00:00',
  `customer_notified` int(1) DEFAULT '0',
  `comments` text,
  PRIMARY KEY (`order_status_history_id`)
) ENGINE=MyISAM DEFAULT CHARSET=latin1 COMMENT='Stores all actions and changes that occur to an order' AUTO_INCREMENT=1 ;

-- --------------------------------------------------------

--
-- Table structure for table`jos_vm_order_item`
--

CREATE TABLE `jos_vm_order_item` (
  `order_item_id` int(11) NOT NULL AUTO_INCREMENT,
  `order_id` int(11) DEFAULT NULL,
  `user_info_id` varchar(32) DEFAULT NULL,
  `vendor_id` int(11) DEFAULT NULL,
  `product_id` int(11) DEFAULT NULL,
  `order_item_sku` varchar(64) NOT NULL DEFAULT '',
  `order_item_name` varchar(64) NOT NULL DEFAULT '',
  `product_quantity` int(11) DEFAULT NULL,
  `product_item_price` decimal(15,5) DEFAULT NULL,
  `product_final_price` decimal(12,2) NOT NULL DEFAULT '0.00',
  `order_item_currency` varchar(16) DEFAULT NULL,
  `order_status` char(1) DEFAULT NULL,
  `cdate` int(11) DEFAULT NULL,
  `mdate` int(11) DEFAULT NULL,
  `product_attribute` text,
  PRIMARY KEY (`order_item_id`),
  KEY `idx_order_item_order_id` (`order_id`),
  KEY `idx_order_item_user_info_id` (`user_info_id`),
  KEY `idx_order_item_vendor_id` (`vendor_id`)
) ENGINE=MyISAM DEFAULT CHARSET=latin1 COMMENT='Stores all items (products) which are part of an order' AUTO_INCREMENT=1 ;

-- --------------------------------------------------------

--
-- Table structure for table`jos_vm_order_payment`
--

CREATE TABLE `jos_vm_order_payment` (
  `order_id` int(11) NOT NULL DEFAULT '0',
  `payment_method_id` int(11) DEFAULT NULL,
  `order_payment_code` varchar(30) NOT NULL DEFAULT '',
  `order_payment_number` blob,
  `order_payment_expire` int(11) DEFAULT NULL,
  `order_payment_name` varchar(255) DEFAULT NULL,
  `order_payment_log` text,
  `order_payment_trans_id` text NOT NULL,
  KEY `idx_order_payment_order_id` (`order_id`),
  KEY `idx_order_payment_method_id` (`payment_method_id`)
) ENGINE=MyISAM DEFAULT CHARSET=latin1 COMMENT='The payment method that was chosen for a specific order';

-- --------------------------------------------------------

--
-- Table structure for table`jos_vm_order_status`
--

CREATE TABLE `jos_vm_order_status` (
  `order_status_id` int(11) NOT NULL AUTO_INCREMENT,
  `order_status_code` char(1) NOT NULL DEFAULT '',
  `order_status_name` varchar(64) DEFAULT NULL,
  `order_status_description` text NOT NULL,
  `list_order` int(11) DEFAULT NULL,
  `vendor_id` int(11) DEFAULT NULL,
  PRIMARY KEY (`order_status_id`),
  KEY `idx_order_status_list_order` (`list_order`),
  KEY `idx_order_status_vendor_id` (`vendor_id`)
) ENGINE=MyISAM  DEFAULT CHARSET=latin1 COMMENT='All available order statuses' AUTO_INCREMENT=6 ;

--
-- Dumping data for table 'jos_vm_order_status'
--

INSERT INTO `jos_vm_order_status` VALUES
(1, 'P', 'Pending', '', 1, 1),
(2, 'C', 'Confirmed', '', 2, 1),
(3, 'X', 'Cancelled', '', 3, 1),
(4, 'R', 'Refunded', '', 4, 1),
(5, 'S', 'Shipped', '', 5, 1);

-- --------------------------------------------------------

--
-- Table structure for table`jos_vm_order_user_info`
--

CREATE TABLE `jos_vm_order_user_info` (
  `order_info_id` int(11) NOT NULL AUTO_INCREMENT,
  `order_id` int(11) NOT NULL DEFAULT '0',
  `user_id` int(11) NOT NULL DEFAULT '0',
  `address_type` char(2) DEFAULT NULL,
  `address_type_name` varchar(32) DEFAULT NULL,
  `company` varchar(64) DEFAULT NULL,
  `title` varchar(32) DEFAULT NULL,
  `last_name` varchar(32) DEFAULT NULL,
  `first_name` varchar(32) DEFAULT NULL,
  `middle_name` varchar(32) DEFAULT NULL,
  `phone_1` varchar(32) DEFAULT NULL,
  `phone_2` varchar(32) DEFAULT NULL,
  `fax` varchar(32) DEFAULT NULL,
  `address_1` varchar(64) NOT NULL DEFAULT '',
  `address_2` varchar(64) DEFAULT NULL,
  `city` varchar(32) NOT NULL DEFAULT '',
  `state` varchar(32) NOT NULL DEFAULT '',
  `country` varchar(32) NOT NULL DEFAULT 'US',
  `zip` varchar(32) NOT NULL DEFAULT '',
  `user_email` varchar(255) DEFAULT NULL,
  `extra_field_1` varchar(255) DEFAULT NULL,
  `extra_field_2` varchar(255) DEFAULT NULL,
  `extra_field_3` varchar(255) DEFAULT NULL,
  `extra_field_4` char(1) DEFAULT NULL,
  `extra_field_5` char(1) DEFAULT NULL,
  `bank_account_nr` varchar(32) NOT NULL DEFAULT '',
  `bank_name` varchar(32) NOT NULL DEFAULT '',
  `bank_sort_code` varchar(16) NOT NULL DEFAULT '',
  `bank_iban` varchar(64) NOT NULL DEFAULT '',
  `bank_account_holder` varchar(48) NOT NULL DEFAULT '',
  `bank_account_type` enum('Checking','Business Checking','Savings') NOT NULL DEFAULT 'Checking',
  PRIMARY KEY (`order_info_id`),
  KEY `idx_order_info_order_id` (`order_id`)
) ENGINE=MyISAM DEFAULT CHARSET=latin1 COMMENT='Stores the BillTo and ShipTo Information at order time' AUTO_INCREMENT=1 ;

-- --------------------------------------------------------

--
-- Table structure for table`jos_vm_payment_method`
--

CREATE TABLE `jos_vm_payment_method` (
  `payment_method_id` int(11) NOT NULL AUTO_INCREMENT,
  `vendor_id` int(11) DEFAULT NULL,
  `payment_method_name` varchar(255) DEFAULT NULL,
  `payment_class` varchar(50) NOT NULL DEFAULT '',
  `shopper_group_id` int(11) DEFAULT NULL,
  `payment_method_discount` decimal(12,2) DEFAULT NULL,
  `payment_method_discount_is_percent` tinyint(1) NOT NULL,
  `payment_method_discount_max_amount` decimal(10,2) NOT NULL,
  `payment_method_discount_min_amount` decimal(10,2) NOT NULL,
  `list_order` int(11) DEFAULT NULL,
  `payment_method_code` varchar(8) DEFAULT NULL,
  `enable_processor` char(1) DEFAULT NULL,
  `is_creditcard` tinyint(1) NOT NULL DEFAULT '0',
  `payment_enabled` char(1) NOT NULL DEFAULT 'N',
  `accepted_creditcards` varchar(128) NOT NULL DEFAULT '',
  `payment_extrainfo` text NOT NULL,
  `payment_passkey` blob NOT NULL,
  PRIMARY KEY (`payment_method_id`),
  KEY `idx_payment_method_vendor_id` (`vendor_id`),
  KEY `idx_payment_method_name` (`payment_method_name`),
  KEY `idx_payment_method_list_order` (`list_order`),
  KEY `idx_payment_method_shopper_group_id` (`shopper_group_id`)
) ENGINE=MyISAM  DEFAULT CHARSET=latin1 COMMENT='The payment methods of your store' AUTO_INCREMENT=20 ;

--
-- Dumping data for table 'jos_vm_payment_method'
--

INSERT INTO `jos_vm_payment_method` VALUES
(1, 1, 'Purchase Order', '', 6, 0.00, 0, 0.00, 0.00, 4, 'PO', 'N', 0, 'Y', '', '', ''),
(2, 1, 'Cash On Delivery', '', 5, -2.00, 0, 0.00, 0.00, 5, 'COD', 'N', 0, 'Y', '', '', ''),
(3, 1, 'Credit Card', 'ps_authorize', 5, 0.00, 0, 0.00, 0.00, 0, 'AN', 'Y', 0, 'Y', '1,2,6,7,', '', ''),
(4, 1, 'PayPal (new API)', 'ps_paypal_api', 5, 0.00, 0, 0.00, 0.00, 0, 'PP_API', 'P', 0, 'Y', '', '', ''),
(5, 1, 'PayMate', 'ps_paymate', 5, 0.00, 0, 0.00, 0.00, 0, 'PM', 'P', 0, 'N', '', '<script type="text/javascript" language="javascript">\n  function openExpress(){\n      var url = ''https://www.paymate.com/PayMate/ExpressPayment?mid=<?php echo PAYMATE_USERNAME.\n          "&amt=".$db->f("order_total").\n   "&currency=".$_SESSION[''vendor_currency''].\n       "&ref=".$db->f("order_id").\n      "&pmt_sender_email=".$user->email.\n         "&pmt_contact_firstname=".$user->first_name.\n       "&pmt_contact_surname=".$user->last_name.\n          "&regindi_address1=".$user->address_1.\n     "&regindi_address2=".$user->address_2.\n     "&regindi_sub=".$user->city.\n       "&regindi_pcode=".$user->zip;?>''\n        var newWin = window.open(url, ''wizard'', ''height=640,width=500,scrollbars=0,toolbar=no'');\n  self.name = ''parent'';\n       newWin.focus();\n  }\n  </script>\n  <div align="center">\n  <p>\n  <a href="javascript:openExpress();">\n  <img src="https://www.paymate.com/homepage/images/butt_PayNow.gif" border="0" alt="Pay with Paymate Express">\n  <br />click here to pay your account</a>\n  </p>\n  </div>', ''),
(6, 1, 'WorldPay', 'ps_worldpay', 5, 0.00, 0, 0.00, 0.00, 0, 'WP', 'P', 0, 'N', '', '<form action="https://select.worldpay.com/wcc/purchase" method="post">\n                                                <input type=hidden name="testMode" value="100"> \n                                                  <input type="hidden" name="instId" value="<?php echo WORLDPAY_INST_ID ?>" />\n                                            <input type="hidden" name="cartId" value="<?php echo $db->f("order_id") ?>" />\n                                               <input type="hidden" name="amount" value="<?php echo $db->f("order_total") ?>" />\n                                            <input type="hidden" name="currency" value="<?php echo $_SESSION[''vendor_currency''] ?>" />\n                                           <input type="hidden" name="desc" value="Products" />\n                                            <input type="hidden" name="email" value="<?php echo $user->email?>" />\n                                                 <input type="hidden" name="address" value="<?php echo $user->address_1?>&#10<?php echo $user->address_2?>&#10<?php echo\n                                                $user->city?>&#10<?php echo $user->state?>" />\n                                             <input type="hidden" name="name" value="<?php echo $user->title?><?php echo $user->first_name?>. <?php echo $user->middle_name?><?php echo $user->last_name?>" />\n                                           <input type="hidden" name="country" value="<?php echo $user->country?>"/>\n                                              <input type="hidden" name="postcode" value="<?php echo $user->zip?>" />\n                                                <input type="hidden" name="tel"  value="<?php echo $user->phone_1?>">\n                                                  <input type="hidden" name="withDelivery"  value="true">\n                                                 <br />\n                                                <input type="submit" value ="PROCEED TO PAYMENT PAGE" />\n                                                  </form>', ''),
(7, 1, '2Checkout', 'ps_twocheckout', 5, 0.00, 0, 0.00, 0.00, 0, '2CO', 'P', 0, 'N', '', '<?php\n      $q  = "SELECT * FROM #__users WHERE user_info_id=''".$db->f("user_info_id")."''"; \n    $dbbt = new ps_DB;\n   $dbbt->setQuery($q);\n        $dbbt->query();\n      $dbbt->next_record(); \n       // Get ship_to information\n    if( $db->f("user_info_id") != $dbbt->f("user_info_id")) {\n         $q2  = "SELECT * FROM #__vm_user_info WHERE user_info_id=''".$db->f("user_info_id")."''"; \n    $dbst = new ps_DB;\n   $dbst->setQuery($q2);\n       $dbst->query();\n      $dbst->next_record();\n      }\n     else  {\n         $dbst = $dbbt;\n    }\n                     \n      //Authnet vars to send\n        $formdata = array (\n   ''x_login'' => TWOCO_LOGIN,\n   ''x_email_merchant'' => ((TWOCO_MERCHANT_EMAIL == ''True'') ? ''TRUE'' : ''FALSE''),\n                  \n      // Customer Name and Billing Address\n  ''x_first_name'' => $dbbt->f("first_name"),\n        ''x_last_name'' => $dbbt->f("last_name"),\n  ''x_company'' => $dbbt->f("company"),\n      ''x_address'' => $dbbt->f("address_1"),\n    ''x_city'' => $dbbt->f("city"),\n    ''x_state'' => $dbbt->f("state"),\n  ''x_zip'' => $dbbt->f("zip"),\n      ''x_country'' => $dbbt->f("country"),\n      ''x_phone'' => $dbbt->f("phone_1"),\n        ''x_fax'' => $dbbt->f("fax"),\n      ''x_email'' => $dbbt->f("email"),\n \n       // Customer Shipping Address\n  ''x_ship_to_first_name'' => $dbst->f("first_name"),\n        ''x_ship_to_last_name'' => $dbst->f("last_name"),\n  ''x_ship_to_company'' => $dbst->f("company"),\n      ''x_ship_to_address'' => $dbst->f("address_1"),\n    ''x_ship_to_city'' => $dbst->f("city"),\n    ''x_ship_to_state'' => $dbst->f("state"),\n  ''x_ship_to_zip'' => $dbst->f("zip"),\n      ''x_ship_to_country'' => $dbst->f("country"),\n     \n       ''x_invoice_num'' => $db->f("order_number"),\n       ''x_receipt_link_url'' => SECUREURL."2checkout_notify.php"\n  );\n    \n     if( TWOCO_TESTMODE == "Y" )\n   $formdata[''demo''] = "Y";\n       \n       $version = "2";\n    $url = "https://www2.2checkout.com/2co/buyer/purchase";\n    $formdata[''x_amount''] = number_format($db->f("order_total"), 2, ''.'', '''');\n \n       //build the post string\n       $poststring = '''';\n  foreach($formdata AS $key => $val){\n          $poststring .= "<input type=''hidden'' name=''$key'' value=''$val'' />\n ";\n    }\n    \n      ?>\n    <form action="<?php echo $url ?>" method="post" target="_blank">\n       <?php echo $poststring ?>\n    <p>Click on the Image below to pay...</p>\n     <input type="image" name="submit" src="https://www.2checkout.com/images/buy_logo.gif" border="0" alt="Make payments with 2Checkout, it''s fast and secure!" title="Pay your Order with 2Checkout, it''s fast and secure!" />\n      </form>', ''),
(8, 1, 'NoChex', 'ps_nochex', 5, 0.00, 0, 0.00, 0.00, 0, 'NOCHEX', 'P', 0, 'N', '', '<form action="https://www.nochex.com/nochex.dll/checkout" method=post target="_blank"> \n                                                                                     <input type="hidden" name="email" value="<?php echo NOCHEX_EMAIL ?>" />\n                                                                                 <input type="hidden" name="amount" value="<?php printf("%.2f", $db->f("order_total"))?>" />\n                                                                                        <input type="hidden" name="ordernumber" value="<?php $db->p("order_id") ?>" />\n                                                                                       <input type="hidden" name="logo" value="<?php echo $vendor_image_url ?>" />\n                                                                                    <input type="hidden" name="returnurl" value="<?php echo SECUREURL ."index.php?option=com_virtuemart&amp;page=checkout.result&amp;order_id=".$db->f("order_id") ?>" />\n                                                                                      <input type="image" name="submit" src="http://www.nochex.com/web/images/paymeanimated.gif"> \n                                                                                    </form>', ''),
(9, 1, 'Credit Card (PayMeNow)', 'ps_paymenow', 5, 0.00, 0, 0.00, 0.00, 0, 'PN', 'Y', 0, 'N', '1,2,3,', '', ''),
(10, 1, 'eWay', 'ps_eway', 5, 0.00, 0, 0.00, 0.00, 0, 'EWAY', 'Y', 0, 'N', '', '', ''),
(11, 1, 'eCheck.net', 'ps_echeck', 5, 0.00, 0, 0.00, 0.00, 0, 'ECK', 'B', 0, 'N', '', '', ''),
(12, 1, 'Credit Card (eProcessingNetwork)', 'ps_epn', 5, 0.00, 0, 0.00, 0.00, 0, 'EPN', 'Y', 0, 'N', '1,2,3,', '', ''),
(13, 1, 'iKobo', '', 5, 0.00, 0, 0.00, 0.00, 0, 'IK', 'P', 0, 'N', '', '<form action="https://www.iKobo.com/store/index.php" method="post"> \n  <input type="hidden" name="cmd" value="cart" />Click on the image below to Pay with iKobo\n  <input type="image" src="https://www.ikobo.com/merchant/buttons/ikobo_pay1.gif" name="submit" alt="Pay with iKobo" /> \n  <input type="hidden" name="poid" value="USER_ID" /> \n  <input type="hidden" name="item" value="Order: <?php $db->p("order_id") ?>" /> \n  <input type="hidden" name="price" value="<?php printf("%.2f", $db->f("order_total"))?>" /> \n  <input type="hidden" name="firstname" value="<?php echo $user->first_name?>" /> \n  <input type="hidden" name="lastname" value="<?php echo $user->last_name?>" /> \n  <input type="hidden" name="address" value="<?php echo $user->address_1?>&#10<?php echo $user->address_2?>" /> \n  <input type="hidden" name="city" value="<?php echo $user->city?>" /> \n  <input type="hidden" name="state" value="<?php echo $user->state?>" /> \n  <input type="hidden" name="zip" value="<?php echo $user->zip?>" /> \n  <input type="hidden" name="phone" value="<?php echo $user->phone_1?>" /> \n  <input type="hidden" name="email" value="<?php echo $user->email?>" /> \n  </form> >', ''),
(14, 1, 'iTransact', '', 5, 0.00, 0, 0.00, 0.00, 0, 'ITR', 'P', 0, 'N', '', '<?php\n  //your iTransact account details\n  $vendorID = "XXXXX";\n  global $vendor_name;\n  $mername = $vendor_name;\n  \n  //order details\n  $total = $db->f("order_total");$first_name = $user->first_name;$last_name = $user->last_name;$address = $user->address_1;$city = $user->city;$state = $user->state;$zip = $user->zip;$country = $user->country;$email = $user->email;$phone = $user->phone_1;$home_page = $mosConfig_live_site."/index.php";$ret_addr = $mosConfig_live_site."/index.php";$cc_payment_image = $mosConfig_live_site."/components/com_virtuemart/shop_image/ps_image/cc_payment.jpg";\n  ?>\n  <form action="https://secure.paymentclearing.com/cgi-bin/mas/split.cgi" method="POST"> \n                <input type="hidden" name="vendor_id" value="<?php echo $vendorID; ?>" />\n              <input type="hidden" name="home_page" value="<?php echo $home_page; ?>" />\n             <input type="hidden" name="ret_addr" value="<?php echo $ret_addr; ?>" />\n               <input type="hidden" name="mername" value="<?php echo $mername; ?>" />\n         <!--Enter text in the next value that should appear on the bottom of the order form.-->\n               <INPUT type="hidden" name="mertext" value="" />\n         <!--If you are accepting checks, enter the number 1 in the next value.  Enter the number 0 if you are not accepting checks.-->\n                <INPUT type="hidden" name="acceptchecks" value="0" />\n           <!--Enter the number 1 in the next value if you want to allow pre-registered customers to pay with a check.  Enter the number 0 if not.-->\n            <INPUT type="hidden" name="allowreg" value="0" />\n               <!--If you are set up with Check Guarantee, enter the number 1 in the next value.  Enter the number 0 if not.-->\n              <INPUT type="hidden" name="checkguar" value="0" />\n              <!--Enter the number 1 in the next value if you are accepting credit card payments.  Enter the number zero if not.-->\n         <INPUT type="hidden" name="acceptcards" value="1">\n              <!--Enter the number 1 in the next value if you want to allow a separate mailing address for credit card orders.  Enter the number 0 if not.-->\n               <INPUT type="hidden" name="altaddr" value="0" />\n                <!--Enter the number 1 in the next value if you want the customer to enter the CVV number for card orders.  Enter the number 0 if not.-->\n             <INPUT type="hidden" name="showcvv" value="1" />\n                \n              <input type="hidden" name="1-desc" value="Order Total" />\n               <input type="hidden" name="1-cost" value="<?php echo $total; ?>" />\n            <input type="hidden" name="1-qty" value="1" />\n          <input type="hidden" name="total" value="<?php echo $total; ?>" />\n             <input type="hidden" name="first_name" value="<?php echo $first_name; ?>" />\n           <input type="hidden" name="last_name" value="<?php echo $last_name; ?>" />\n             <input type="hidden" name="address" value="<?php echo $address; ?>" />\n         <input type="hidden" name="city" value="<?php echo $city; ?>" />\n               <input type="hidden" name="state" value="<?php echo $state; ?>" />\n             <input type="hidden" name="zip" value="<?php echo $zip; ?>" />\n         <input type="hidden" name="country" value="<?php echo $country; ?>" />\n         <input type="hidden" name="phone" value="<?php echo $phone; ?>" />\n             <input type="hidden" name="email" value="<?php echo $email; ?>" />\n             <p><input type="image" alt="Process Secure Credit Card Transaction using iTransact" border="0" height="60" width="210" src="<?php echo $cc_payment_image; ?>" /> </p>\n            </form>', ''),
(15, 1, 'Verisign PayFlow Pro', 'payflow_pro', 5, 0.00, 0, 0.00, 0.00, 0, 'PFP', 'Y', 0, 'Y', '1,2,6,7,', '', ''),
(16, 1, 'Dankort/PBS via ePay', 'ps_epay', 5, 0.00, 0, 0.00, 0.00, 0, 'EPAY', 'P', 0, 'Y', '', '<?php\r\nrequire_once(CLASSPATH ."payment/ps_epay.cfg.php");\r\n$url=basename($mosConfig_live_site);\r\nfunction get_iso_code($code) {\r\nswitch ($code) {\r\ncase "ADP": return "020"; break;\r\ncase "AED": return "784"; break;\r\ncase "AFA": return "004"; break;\r\ncase "ALL": return "008"; break;\r\ncase "AMD": return "051"; break;\r\ncase "ANG": return "532"; break;\r\ncase "AOA": return "973"; break;\r\ncase "ARS": return "032"; break;\r\ncase "AUD": return "036"; break;\r\ncase "AWG": return "533"; break;\r\ncase "AZM": return "031"; break;\r\ncase "BAM": return "977"; break;\r\ncase "BBD": return "052"; break;\r\ncase "BDT": return "050"; break;\r\ncase "BGL": return "100"; break;\r\ncase "BGN": return "975"; break;\r\ncase "BHD": return "048"; break;\r\ncase "BIF": return "108"; break;\r\ncase "BMD": return "060"; break;\r\ncase "BND": return "096"; break;\r\ncase "BOB": return "068"; break;\r\ncase "BOV": return "984"; break;\r\ncase "BRL": return "986"; break;\r\ncase "BSD": return "044"; break;\r\ncase "BTN": return "064"; break;\r\ncase "BWP": return "072"; break;\r\ncase "BYR": return "974"; break;\r\ncase "BZD": return "084"; break;\r\ncase "CAD": return "124"; break;\r\ncase "CDF": return "976"; break;\r\ncase "CHF": return "756"; break;\r\ncase "CLF": return "990"; break;\r\ncase "CLP": return "152"; break;\r\ncase "CNY": return "156"; break;\r\ncase "COP": return "170"; break;\r\ncase "CRC": return "188"; break;\r\ncase "CUP": return "192"; break;\r\ncase "CVE": return "132"; break;\r\ncase "CYP": return "196"; break;\r\ncase "CZK": return "203"; break;\r\ncase "DJF": return "262"; break;\r\ncase "DKK": return "208"; break;\r\ncase "DOP": return "214"; break;\r\ncase "DZD": return "012"; break;\r\ncase "ECS": return "218"; break;\r\ncase "ECV": return "983"; break;\r\ncase "EEK": return "233"; break;\r\ncase "EGP": return "818"; break;\r\ncase "ERN": return "232"; break;\r\ncase "ETB": return "230"; break;\r\ncase "EUR": return "978"; break;\r\ncase "FJD": return "242"; break;\r\ncase "FKP": return "238"; break;\r\ncase "GBP": return "826"; break;\r\ncase "GEL": return "981"; break;\r\ncase "GHC": return "288"; break;\r\ncase "GIP": return "292"; break;\r\ncase "GMD": return "270"; break;\r\ncase "GNF": return "324"; break;\r\ncase "GTQ": return "320"; break;\r\ncase "GWP": return "624"; break;\r\ncase "GYD": return "328"; break;\r\ncase "HKD": return "344"; break;\r\ncase "HNL": return "340"; break;\r\ncase "HRK": return "191"; break;\r\ncase "HTG": return "332"; break;\r\ncase "HUF": return "348"; break;\r\ncase "IDR": return "360"; break;\r\ncase "ILS": return "376"; break;\r\ncase "INR": return "356"; break;\r\ncase "IQD": return "368"; break;\r\ncase "IRR": return "364"; break;\r\ncase "ISK": return "352"; break;\r\ncase "JMD": return "388"; break;\r\ncase "JOD": return "400"; break;\r\ncase "JPY": return "392"; break;\r\ncase "KES": return "404"; break;\r\ncase "KGS": return "417"; break;\r\ncase "KHR": return "116"; break;\r\ncase "KMF": return "174"; break;\r\ncase "KPW": return "408"; break;\r\ncase "KRW": return "410"; break;\r\ncase "KWD": return "414"; break;\r\ncase "KYD": return "136"; break;\r\ncase "KZT": return "398"; break;\r\ncase "LAK": return "418"; break;\r\ncase "LBP": return "422"; break;\r\ncase "LKR": return "144"; break;\r\ncase "LRD": return "430"; break;\r\ncase "LSL": return "426"; break;\r\ncase "LTL": return "440"; break;\r\ncase "LVL": return "428"; break;\r\ncase "LYD": return "434"; break;\r\ncase "MAD": return "504"; break;\r\ncase "MDL": return "498"; break;\r\ncase "MGF": return "450"; break;\r\ncase "MKD": return "807"; break;\r\ncase "MMK": return "104"; break;\r\ncase "MNT": return "496"; break;\r\ncase "MOP": return "446"; break;\r\ncase "MRO": return "478"; break;\r\ncase "MTL": return "470"; break;\r\ncase "MUR": return "480"; break;\r\ncase "MVR": return "462"; break;\r\ncase "MWK": return "454"; break;\r\ncase "MXN": return "484"; break;\r\ncase "MXV": return "979"; break;\r\ncase "MYR": return "458"; break;\r\ncase "MZM": return "508"; break;\r\ncase "NAD": return "516"; break;\r\ncase "NGN": return "566"; break;\r\ncase "NIO": return "558"; break;\r\ncase "NOK": return "578"; break;\r\ncase "NPR": return "524"; break;\r\ncase "NZD": return "554"; break;\r\ncase "OMR": return "512"; break;\r\ncase "PAB": return "590"; break;\r\ncase "PEN": return "604"; break;\r\ncase "PGK": return "598"; break;\r\ncase "PHP": return "608"; break;\r\ncase "PKR": return "586"; break;\r\ncase "PLN": return "985"; break;\r\ncase "PYG": return "600"; break;\r\ncase "QAR": return "634"; break;\r\ncase "ROL": return "642"; break;\r\ncase "RUB": return "643"; break;\r\ncase "RUR": return "810"; break;\r\ncase "RWF": return "646"; break;\r\ncase "SAR": return "682"; break;\r\ncase "SBD": return "090"; break;\r\ncase "SCR": return "690"; break;\r\ncase "SDD": return "736"; break;\r\ncase "SEK": return "752"; break;\r\ncase "SGD": return "702"; break;\r\ncase "SHP": return "654"; break;\r\ncase "SIT": return "705"; break;\r\ncase "SKK": return "703"; break;\r\ncase "SLL": return "694"; break;\r\ncase "SOS": return "706"; break;\r\ncase "SRG": return "740"; break;\r\ncase "STD": return "678"; break;\r\ncase "SVC": return "222"; break;\r\ncase "SYP": return "760"; break;\r\ncase "SZL": return "748"; break;\r\ncase "THB": return "764"; break;\r\ncase "TJS": return "972"; break;\r\ncase "TMM": return "795"; break;\r\ncase "TND": return "788"; break;\r\ncase "TOP": return "776"; break;\r\ncase "TPE": return "626"; break;\r\ncase "TRL": return "792"; break;\r\ncase "TRY": return "949"; break;\r\ncase "TTD": return "780"; break;\r\ncase "TWD": return "901"; break;\r\ncase "TZS": return "834"; break;\r\ncase "UAH": return "980"; break;\r\ncase "UGX": return "800"; break;\r\ncase "USD": return "840"; break;\r\ncase "UYU": return "858"; break;\r\ncase "UZS": return "860"; break;\r\ncase "VEB": return "862"; break;\r\ncase "VND": return "704"; break;\r\ncase "VUV": return "548"; break;\r\ncase "XAF": return "950"; break;\r\ncase "XCD": return "951"; break;\r\ncase "XOF": return "952"; break;\r\ncase "XPF": return "953"; break;\r\ncase "YER": return "886"; break;\r\ncase "YUM": return "891"; break;\r\ncase "ZAR": return "710"; break;\r\ncase "ZMK": return "894"; break;\r\ncase "ZWD": return "716"; break;\r\n}\r\nreturn "XXX"; // return invalid code if the currency is not found \r\n}\r\n\r\nfunction calculateePayCurrency($order_id)\r\n{\r\n$db = new ps_DB;\r\n$currency_code = "208";\r\n$q = "SELECT order_currency FROM #__vm_orders where order_id = " . $order_id;\r\n$db->query($q);\r\nif ($db->next_record()) {\r\n	$currency_code = get_iso_code($db->f("order_currency"));\r\n}\r\nreturn $currency_code;\r\n}\r\n echo $VM_LANG->_(''VM_CHECKOUT_EPAY_PAYMENT_CHECKOUT_HEADER'');\r\n?>\r\n<script type="text/javascript" src="http://www.epay.dk/js/standardwindow.js"></script>\r\n<script type="text/javascript">\r\nfunction printCard(cardId)\r\n{\r\ndocument.write ("<table border=0 cellspacing=10 cellpadding=10>");\r\nswitch (cardId) {\r\ncase 1: document.write ("<input type=hidden name=cardtype value=1>"); break;\r\ncase 2: document.write ("<input type=hidden name=cardtype value=2>"); break;\r\ncase 3: document.write ("<input type=hidden name=cardtype value=3>"); break;\r\ncase 4: document.write ("<input type=hidden name=cardtype value=4>"); break;\r\ncase 5: document.write ("<input type=hidden name=cardtype value=5>"); break;\r\ncase 6: document.write ("<input type=hidden name=cardtype value=6>"); break;\r\ncase 7: document.write ("<input type=hidden name=cardtype value=7>"); break;\r\ncase 8: document.write ("<input type=hidden name=cardtype value=8>"); break;\r\ncase 9: document.write ("<input type=hidden name=cardtype value=9>"); break;\r\ncase 10: document.write ("<input type=hidden name=cardtype value=10>"); break;\r\ncase 12: document.write ("<input type=hidden name=cardtype value=12>"); break;\r\ncase 13: document.write ("<input type=hidden name=cardtype value=13>"); break;\r\ncase 14: document.write ("<input type=hidden name=cardtype value=14>"); break;\r\ncase 15: document.write ("<input type=hidden name=cardtype value=15>"); break;\r\ncase 16: document.write ("<input type=hidden name=cardtype value=16>"); break;\r\ncase 17: document.write ("<input type=hidden name=cardtype value=17>"); break;\r\ncase 18: document.write ("<input type=hidden name=cardtype value=18>"); break;\r\ncase 19: document.write ("<input type=hidden name=cardtype value=19>"); break;\r\ncase 21: document.write ("<input type=hidden name=cardtype value=21>"); break;\r\ncase 22: document.write ("<input type=hidden name=cardtype value=22>"); break;\r\n}\r\ndocument.write ("</table>");\r\n}\r\n</script>\r\n<form action="https://ssl.ditonlinebetalingssystem.dk/popup/default.asp" method="post" name="ePay" target="ePay_window" id="ePay">\r\n<input type="hidden" name="merchantnumber" value="<?php echo EPAY_MERCHANTNUMBER ?>">\r\n<input type="hidden" name="amount" value="<?php echo round($db->f("order_total")*100, 2 ) ?>">\r\n<input type="hidden" name="currency" value="<?php echo calculateePayCurrency($order_id)?>">\r\n<input type="hidden" name="orderid" value="<?php echo $order_id ?>">\r\n<input type="hidden" name="ordretext" value="">\r\n<?php \r\nif (EPAY_CALLBACK == "1")\r\n{\r\n	echo ''<input type="hidden" name="callbackurl" value="'' . $mosConfig_live_site . ''/index.php?page=checkout.epay_result&accept=1&sessionid='' . $sessionid . ''&option=com_virtuemart&Itemid=1">'';\r\n}\r\n?>\r\n<input type="hidden" name="accepturl" value="<?php echo $mosConfig_live_site ?>/index.php?page=checkout.epay_result&accept=1&sessionid=<?php echo $sessionid ?>&option=com_virtuemart&Itemid=1">\r\n<input type="hidden" name="declineurl" value="<?php echo $mosConfig_live_site ?>/index.php?page=checkout.epay_result&accept=0&sessionid=<?php echo $sessionid ?>&option=com_virtuemart&Itemid=1">\r\n<input type="hidden" name="group" value="<?php echo EPAY_GROUP ?>">\r\n<input type="hidden" name="instant" value="<?php echo EPAY_INSTANT_CAPTURE ?>">\r\n<input type="hidden" name="language" value="<?php echo EPAY_LANGUAGE ?>">\r\n<input type="hidden" name="authsms" value="<?php echo EPAY_AUTH_SMS ?>">\r\n<input type="hidden" name="authmail" value="<?php echo EPAY_AUTH_MAIL . (strlen(EPAY_AUTH_MAIL) > 0 && EPAY_AUTHEMAILCUSTOMER == 1 ? ";" : "") . (EPAY_AUTHEMAILCUSTOMER == 1 ? $user->user_email : ""); ?>">\r\n<input type="hidden" name="windowstate" value="<?php echo EPAY_WINDOW_STATE ?>">\r\n<input type="hidden" name="use3D" value="<?php echo EPAY_3DSECURE ?>">\r\n<input type="hidden" name="addfee" value="<?php echo EPAY_ADDFEE ?>">\r\n<input type="hidden" name="subscription" value="<?php echo EPAY_SUBSCRIPTION ?>">\r\n<input type="hidden" name="MD5Key" value="<?php if (EPAY_MD5_TYPE == 2) echo md5( calculateePayCurrency($order_id) . round($db->f("order_total")*100, 2 ) . $order_id  . EPAY_MD5_KEY)?>">\r\n<?php\r\nif (EPAY_CARDTYPES_1 == "1" && EPAY_CARDTYPES_0 != "1") echo "<script>printCard(1)</script>";\r\nif (EPAY_CARDTYPES_2 == "1" && EPAY_CARDTYPES_0 != "1") echo "<script>printCard(2)</script>";\r\nif (EPAY_CARDTYPES_3 == "1" && EPAY_CARDTYPES_0 != "1") echo "<script>printCard(3)</script>";\r\nif (EPAY_CARDTYPES_4 == "1" && EPAY_CARDTYPES_0 != "1") echo "<script>printCard(4)</script>";\r\nif (EPAY_CARDTYPES_5 == "1" && EPAY_CARDTYPES_0 != "1") echo "<script>printCard(5)</script>";\r\nif (EPAY_CARDTYPES_6 == "1" && EPAY_CARDTYPES_0 != "1") echo "<script>printCard(6)</script>";\r\nif (EPAY_CARDTYPES_7 == "1" && EPAY_CARDTYPES_0 != "1") echo "<script>printCard(7)</script>";\r\nif (EPAY_CARDTYPES_8 == "1" && EPAY_CARDTYPES_0 != "1") echo "<script>printCard(8)</script>";\r\nif (EPAY_CARDTYPES_9 == "1" && EPAY_CARDTYPES_0 != "1") echo "<script>printCard(9)</script>";\r\nif (EPAY_CARDTYPES_10 == "1" && EPAY_CARDTYPES_0 != "1") echo "<script>printCard(10)</script>";\r\nif (EPAY_CARDTYPES_11 == "1" && EPAY_CARDTYPES_0 != "1") echo "<script>printCard(11)</script>";\r\nif (EPAY_CARDTYPES_12 == "1" && EPAY_CARDTYPES_0 != "1") echo "<script>printCard(12)</script>";\r\nif (EPAY_CARDTYPES_14 == "1" && EPAY_CARDTYPES_0 != "1") echo "<script>printCard(14)</script>";\r\nif (EPAY_CARDTYPES_15 == "1" && EPAY_CARDTYPES_0 != "1") echo "<script>printCard(15)</script>";\r\nif (EPAY_CARDTYPES_16 == "1" && EPAY_CARDTYPES_0 != "1") echo "<script>printCard(16)</script>";\r\nif (EPAY_CARDTYPES_17 == "1" && EPAY_CARDTYPES_0 != "1") echo "<script>printCard(17)</script>";\r\nif (EPAY_CARDTYPES_18 == "1" && EPAY_CARDTYPES_0 != "1") echo "<script>printCard(18)</script>";\r\nif (EPAY_CARDTYPES_19 == "1" && EPAY_CARDTYPES_0 != "1") echo "<script>printCard(19)</script>";\r\nif (EPAY_CARDTYPES_21 == "1" && EPAY_CARDTYPES_0 != "1") echo "<script>printCard(21)</script>";\r\nif (EPAY_CARDTYPES_22 == "1" && EPAY_CARDTYPES_0 != "1") echo "<script>printCard(22)</script>";;\r\n?>\r\n</form>\r\n<script>open_ePay_window();</script>\r\n<br>\r\n<table border="0" width="100%"><tr><td><input type="button" onClick="open_ePay_window()" value="<?php echo $VM_LANG->_(''VM_CHECKOUT_EPAY_BUTTON_OPEN_WINDOW'') ?>"></td><td width="100%" id="flashLoader"></td></tr></table><br><br><br>\r\n<?php echo $VM_LANG->_(''VM_CHECKOUT_EPAY_PAYMENT_CHECKOUT_FOOTER'') ?>\r\n<br><br>\r\n<img src="components/com_virtuemart/shop_image/ps_image/epay_images/epay_logo.gif" border="0">&nbsp;&nbsp;&nbsp;\r\n<img src="components/com_virtuemart/shop_image/ps_image/epay_images/mastercard_securecode.gif" border="0">&nbsp;&nbsp;&nbsp;\r\n<img src="components/com_virtuemart/shop_image/ps_image/epay_images/pci.gif" border="0">&nbsp;&nbsp;&nbsp;\r\n<img src="components/com_virtuemart/shop_image/ps_image/epay_images/verisign_secure.gif" border="0">&nbsp;&nbsp;&nbsp;\r\n<img src="components/com_virtuemart/shop_image/ps_image/epay_images/visa_secure.gif" border="0">&nbsp;&nbsp;&nbsp;;', ''),
(17, 1, 'PaySbuy', 'ps_paysbuy', 5, 0.00, 0, 0.00, 0.00, 0, 'PSB', 'P', 0, 'N', '', '', ''),
(18, 1, 'PayPal (Legacy)', 'ps_paypal', 5, 0.00, 0, 0.00, 0.00, 0, 'PP', 'P', 0, 'Y', '', '<?php\r\n$db1 = new ps_DB();\r\n$q = \\"SELECT country_2_code FROM #__vm_country WHERE country_3_code=\\''\\".$user->country.\\"\\'' ORDER BY country_2_code ASC\\";\r\n$db1->query($q);\r\n\r\n$url = \\"https://www.paypal.com/cgi-bin/webscr\\";\r\n$tax_total = $db->f(\\"order_tax\\") + $db->f(\\"order_shipping_tax\\");\r\n$discount_total = $db->f(\\"coupon_discount\\") + $db->f(\\"order_discount\\");\r\n$post_variables = Array(\r\n\\"cmd\\" => \\"_ext-enter\\",\r\n\\"redirect_cmd\\" => \\"_xclick\\",\r\n\\"upload\\" => \\"1\\",\r\n\\"business\\" => PAYPAL_EMAIL,\r\n\\"receiver_email\\" => PAYPAL_EMAIL,\r\n\\"item_name\\" => $VM_LANG->_(\\''PHPSHOP_ORDER_PRINT_PO_NUMBER\\'').\\": \\". $db->f(\\"order_id\\"),\r\n\\"order_id\\" => $db->f(\\"order_id\\"),\r\n\\"invoice\\" => $db->f(\\"order_number\\"),\r\n\\"amount\\" => round( $db->f(\\"order_total\\")-$db->f(\\"order_shipping\\"), 2),\r\n\\"shipping\\" => sprintf(\\"%.2f\\", $db->f(\\"order_shipping\\")),\r\n\\"currency_code\\" => $_SESSION[\\''vendor_currency\\''],\r\n\r\n\\"address_override\\" => \\"1\\",\r\n\\"first_name\\" => $dbbt->f(\\''first_name\\''),\r\n\\"last_name\\" => $dbbt->f(\\''last_name\\''),\r\n\\"address1\\" => $dbbt->f(\\''address_1\\''),\r\n\\"address2\\" => $dbbt->f(\\''address_2\\''),\r\n\\"zip\\" => $dbbt->f(\\''zip\\''),\r\n\\"city\\" => $dbbt->f(\\''city\\''),\r\n\\"state\\" => $dbbt->f(\\''state\\''),\r\n\\"country\\" => $db1->f(\\''country_2_code\\''),\r\n\\"email\\" => $dbbt->f(\\''user_email\\''),\r\n\\"night_phone_b\\" => $dbbt->f(\\''phone_1\\''),\r\n\\"cpp_header_image\\" => $vendor_image_url,\r\n\r\n\\"return\\" => SECUREURL .\\"index.php?option=com_virtuemart&page=checkout.result&order_id=\\".$db->f(\\"order_id\\"),\r\n\\"notify_url\\" => SECUREURL .\\"administrator/components/com_virtuemart/notify.php\\",\r\n\\"cancel_return\\" => SECUREURL .\\"index.php\\",\r\n\\"undefined_quantity\\" => \\"0\\",\r\n\r\n\\"test_ipn\\" => PAYPAL_DEBUG,\r\n\\"pal\\" => \\"NRUBJXESJTY24\\",\r\n\\"no_shipping\\" => \\"1\\",\r\n\\"no_note\\" => \\"1\\"\r\n);\r\nif( $page == \\"checkout.thankyou\\" ) {\r\n$query_string = \\"?\\";\r\nforeach( $post_variables as $name => $value ) {\r\n$query_string .= $name. \\"=\\" . urlencode($value) .\\"&\\";\r\n}\r\nvmRedirect( $url . $query_string );\r\n} else {\r\necho \\''<form action=\\"\\''.$url.\\''\\" method=\\"post\\" target=\\"_blank\\">\\'';\r\necho \\''<input type=\\"image\\" name=\\"submit\\" src=\\"https://www.paypal.com/en_US/i/btn/x-click-but6.gif\\" alt=\\"Click to pay with PayPal - it is fast, free and secure!\\" />\\'';\r\n\r\nforeach( $post_variables as $name => $value ) {\r\necho \\''<input type=\\"hidden\\" name=\\"\\''.$name.\\''\\" value=\\"\\''.htmlspecialchars($value).\\''\\" />\\'';\r\n}\r\necho \\''</form>\\'';\r\n\r\n}\r\n?>', ''),
(19, 1, 'MerchantWarrior', 'ps_merchantwarrior', 5, 0.00, 0, 0.00, 0.00, 1, 'MW', 'Y', 1, 'Y', '1,2,3,5,7,', '', '');

-- --------------------------------------------------------

--
-- Table structure for table`jos_vm_product`
--

CREATE TABLE `jos_vm_product` (
  `product_id` int(11) NOT NULL AUTO_INCREMENT,
  `vendor_id` int(11) NOT NULL DEFAULT '0',
  `product_parent_id` int(11) NOT NULL DEFAULT '0',
  `product_sku` varchar(64) NOT NULL DEFAULT '',
  `product_s_desc` varchar(255) DEFAULT NULL,
  `product_desc` text,
  `product_thumb_image` varchar(255) DEFAULT NULL,
  `product_full_image` varchar(255) DEFAULT NULL,
  `product_publish` char(1) DEFAULT NULL,
  `product_weight` decimal(10,4) DEFAULT NULL,
  `product_weight_uom` varchar(32) DEFAULT 'pounds.',
  `product_length` decimal(10,4) DEFAULT NULL,
  `product_width` decimal(10,4) DEFAULT NULL,
  `product_height` decimal(10,4) DEFAULT NULL,
  `product_lwh_uom` varchar(32) DEFAULT 'inches',
  `product_url` varchar(255) DEFAULT NULL,
  `product_in_stock` int(11) NOT NULL DEFAULT '0',
  `product_available_date` int(11) DEFAULT NULL,
  `product_availability` varchar(56) NOT NULL DEFAULT '',
  `product_special` char(1) DEFAULT NULL,
  `product_discount_id` int(11) DEFAULT NULL,
  `ship_code_id` int(11) DEFAULT NULL,
  `cdate` int(11) DEFAULT NULL,
  `mdate` int(11) DEFAULT NULL,
  `product_name` varchar(64) DEFAULT NULL,
  `product_sales` int(11) NOT NULL DEFAULT '0',
  `attribute` text,
  `custom_attribute` text NOT NULL,
  `product_tax_id` int(11) DEFAULT NULL,
  `product_unit` varchar(32) DEFAULT NULL,
  `product_packaging` int(11) DEFAULT NULL,
  `child_options` varchar(45) DEFAULT NULL,
  `quantity_options` varchar(45) DEFAULT NULL,
  `child_option_ids` varchar(45) DEFAULT NULL,
  `product_order_levels` varchar(45) DEFAULT NULL,
  PRIMARY KEY (`product_id`),
  KEY `idx_product_vendor_id` (`vendor_id`),
  KEY `idx_product_product_parent_id` (`product_parent_id`),
  KEY `idx_product_sku` (`product_sku`),
  KEY `idx_product_ship_code_id` (`ship_code_id`),
  KEY `idx_product_name` (`product_name`)
) ENGINE=MyISAM  DEFAULT CHARSET=latin1 COMMENT='All products are stored here.' AUTO_INCREMENT=17 ;

--
-- Dumping data for table 'jos_vm_product'
--

INSERT INTO `jos_vm_product` VALUES
(1, 1, 0, 'G01', '<p>Nice hand shovel to dig with in the yard.</p>\r\n', '\r\n<ul>  <li>Hand crafted handle with maximum grip torque  </li><li>Titanium tipped shovel platter  </li><li>Half degree offset for less accidents  </li><li>Includes HowTo Video narrated by Bob Costas  </li></ul>    <b>Specifications</b><br />  5" Diameter<br />  Tungsten handle tip with 5 point loft<br />\r\n', '8d886c5855770cc01a3b8a2db57f6600.jpg', 'cca3cd5db813ee6badf6a3598832f2fc.jpg', 'Y', 10.0000, 'pounds', 0.0000, 0.0000, 0.0000, 'inches', '', 10, 1072911600, '48h.gif', 'Y', 1, NULL, 950320117, 1084907592, 'Hand Shovel', 0, '', '', 2, '', 0, NULL, NULL, NULL, NULL),
(2, 1, 0, 'G02', 'A really long ladder to reach high places.', '\r\n<ul>  <li>Hand crafted handle with maximum grip torque  </li><li>Titanium tipped shovel platter  </li><li>Half degree offset for less accidents  </li><li>Includes HowTo Video narrated by Bob Costas  </li></ul>    <b>Specifications</b><br />  5" Diameter<br />  Tungsten handle tip with 5 point loft<br />\r\n', 'ffd5d5ace2840232c8c32de59553cd8d.jpg', '8cb8d644ef299639b7eab25829d13dbc.jpg', 'Y', 10.0000, 'pounds', 0.0000, 0.0000, 0.0000, 'inches', '', 76, 1072911600, '3-5d.gif', 'N', 0, NULL, 950320180, 1084907618, 'Ladder', 0, '', '', 2, '', 0, NULL, NULL, NULL, NULL),
(3, 1, 0, 'G03', 'Nice shovel.  You can dig your way to China with this one.', '\r\n<ul>  <li>Hand crafted handle with maximum grip torque  </li><li>Titanium tipped shovel platter  </li><li>Half degree offset for less accidents  </li><li>Includes HowTo Video narrated by Bob Costas  </li></ul>    <b>Specifications</b><br />  5" Diameter<br />  Tungsten handle tip with 5 point loft<br />\r\n', '8147a3a9666aec0296525dbd81f9705e.jpg', '520efefd6d7977f91b16fac1149c7438.jpg', 'Y', 10.0000, 'pounds', 0.0000, 0.0000, 0.0000, 'inches', '', 32, 1072911600, '7d.gif', 'N', 0, NULL, 950320243, 1084907765, 'Shovel', 0, 'Size,XL[+1.99],M,S[-2.99];Colour,Red,Green,Yellow,ExpensiveColor[=24.00]', '', 2, '', 0, NULL, NULL, NULL, NULL),
(4, 1, 0, 'G04', 'This shovel is smaller but you''ll be able to dig real quick.', '\r\n<ul>  <li>Hand crafted handle with maximum grip torque  </li><li>Titanium tipped shovel platter  </li><li>Half degree offset for less accidents  </li><li>Includes HowTo Video narrated by Bob Costas  </li></ul>    <b>Specifications</b><br />  5" Diameter<br />  Tungsten handle tip with 5 point loft<br />\r\n', 'a04395a8aefacd9c1659ebca4dbfd4ba.jpg', '1b0c96d67abdbea648cd0ea96fd6abcb.jpg', 'Y', 10.0000, 'pounds', 0.0000, 0.0000, 0.0000, 'inches', '', 98, 1088632800, 'on-order.gif', 'N', 0, NULL, 950320378, 1084907867, 'Smaller Shovel', 0, 'Size,big[+2.99],medium;Color,red[+0.99],green[-0.99]', '', 2, '', 0, NULL, NULL, NULL, NULL),
(5, 1, 0, 'H01', 'This saw is great for getting cutting through downed limbs.', '\r\n<ul>  <li>Hand crafted handle with maximum grip torque  </li><li>Titanium tipped shovel platter  </li><li>Half degree offset for less accidents  </li><li>Includes HowTo Video narrated by Bob Costas  </li></ul>    <b>Specifications</b><br />  5" Diameter<br />  Tungsten handle tip with 5 point loft<br />\r\n', '1aa8846d3cfe3504b2ccaf7c23bb748f.jpg', 'e614ba08c3ee0c2adc62fd9e5b9440eb.jpg', 'Y', 10.0000, 'pounds', 0.0000, 0.0000, 0.0000, 'inches', '', 32, 1072911600, '1-4w.gif', 'Y', 2, NULL, 950321256, 1084907669, 'Nice Saw', 0, 'Size,big,small,medium;Power,100W,200W,500W', '', 2, '', 0, NULL, NULL, NULL, NULL),
(6, 1, 0, 'H02', 'A great hammer to hammer away with.', '\r\n<ul>  <li>Hand crafted handle with maximum grip torque  </li><li>Titanium tipped shovel platter  </li><li>Half degree offset for less accidents  </li><li>Includes HowTo Video narrated by Bob Costas  </li></ul>    <b>Specifications</b><br />  5" Diameter<br />  Tungsten handle tip with 5 point loft<br />\r\n', 'dccb8223891a17d752bfc1477d320da9.jpg', '578563851019e01264a9b40dcf1c4ab6.jpg', 'Y', 10.0000, 'pounds', 0.0000, 0.0000, 0.0000, 'inches', '', 500, 1072911600, '24h.gif', 'N', 0, NULL, 950321631, 1084907947, 'Hammer', 0, 'Size,big,medium,small;Material,wood and metal,plastic and metal[-0.99]', '', 2, '', 0, NULL, NULL, NULL, NULL),
(7, 1, 0, 'P01', 'Don''t do it with an axe.  Get a chain saw.', '\r\n<ul>  <li>Tool-free tensioner for easy, convenient chain adjustment  </li><li>3-Way Auto Stop; stops chain a fraction of a second  </li><li>Automatic chain oiler regulates oil for proper chain lubrication  </li><li>Small radius guide bar reduces kick-back  </li></ul>  <br />  <b>Specifications</b><br />  12.5 AMPS   <br />   16" Bar Length   <br />   3.5 HP   <br />   8.05 LBS. Weight   <br />\r\n', '8716aefc3b0dce8870360604e6eb8744.jpg', 'c3a5bf074da14f30c849d13a2dd87d2c.jpg', 'Y', 10.0000, 'pounds', 0.0000, 0.0000, 0.0000, 'inches', '', 45, 1088632800, '48h.gif', 'N', 0, NULL, 950321725, 1084907512, 'Chain Saw', 0, '', '', 2, '', 0, NULL, NULL, NULL, NULL),
(8, 1, 0, 'P02', 'Cut rings around wood.  This saw can handle the most delicate projects.', '\r\n<ul>  <li>Patented Sightline; Window provides maximum visibility for straight cuts  </li><li>Adjustable dust chute for cleaner work area  </li><li>Bail handle for controlled cutting in 90° to 45° applications  </li><li>1-1/2 to 2-1/2 lbs. lighter and 40% less noise than the average circular saw                     </li><li><b>Includes:</b>Carbide blade  </li></ul>  <br />  <b>Specifications</b><br />  10.0 AMPS   <br />   4,300 RPM   <br />   Capacity: 2-1/16" at 90°, 1-3/4" at 45°<br />\r\n', 'b4a748303d0d996b29d5a1e1d1112537.jpg', '9a4448bb13e2f7699613b2cfd7cd51ad.jpg', 'Y', 10.0000, 'pounds', 0.0000, 0.0000, 0.0000, 'inches', '', 33, 1072911600, '3-5d.gif', 'Y', 1, NULL, 950321795, 1084907537, 'Circular Saw', 0, 'Size,XL[+1],M,S[-2];Power,strong,middle,poor[=24]', '', 2, '', 0, NULL, NULL, NULL, NULL),
(9, 1, 0, 'P03', 'Drill through anything.  This drill has the power you need for those demanding hole boring duties.', '\r\n<font color="#000000" size="3"><ul><li>High power motor and double gear reduction for increased durability and improved performance  </li><li>Mid-handle design and two finger trigger for increased balance and comfort  </li><li>Variable speed switch with lock-on button for continuous use  </li><li><b>Includes:</b> Chuck key &amp; holder  </li></ul>  <br />  <b>Specifications</b><br />  4.0 AMPS   <br />   0-1,350 RPM   <br />   Capacity: 3/8" Steel, 1" Wood   <br /><br />  </font>\r\n', 'c70a3f47baf9a4020aeeee919eb3fda4.jpg', '1ff5f2527907ca86103288e1b7cc3446.jpg', 'Y', 10.0000, 'pounds', 0.0000, 0.0000, 0.0000, 'inches', '', 3, 1072911600, '2-3d.gif', 'N', 0, NULL, 950321879, 1084907557, 'Drill', 0, '', '', 2, '', 0, NULL, NULL, NULL, NULL),
(10, 1, 0, 'P04', 'Blast away that paint job from the past.  Use this power sander to really show them you mean business.', '\r\n<ul>  <li>Lever activated paper clamps for simple sandpaper changes  </li><li>Dust sealed rocker switch extends product life and keeps dust out of motor  </li><li>Flush sands on three sides to get into corners  </li><li>Front handle for extra control  </li><li>Dust extraction port for cleaner work environment   </li></ul>  <br />  <b>Specifications</b><br />  1.2 AMPS    <br />   10,000 OPM    <br />\r\n', '7a36a05526e93964a086f2ddf17fc609.jpg', '480655b410d98a5cc3bef3927e786866.jpg', 'Y', 10.0000, 'pounds', 0.0000, 0.0000, 0.0000, 'inches', '', 2, 1072911600, '1-2m.gif', 'N', 2, NULL, 950321963, 1084907719, 'Power Sander', 0, 'Size,big,medium,small;Power,100W,200W,300W', '', 2, '', 0, NULL, NULL, NULL, NULL),
(11, 1, 1, 'G01-01', '', '', '', '', 'Y', 10.0000, 'pounds', 0.0000, 0.0000, 0.0000, 'inches', '', 0, 0, '', '', 0, NULL, 955696949, 960372163, 'Hand Shovel', 0, NULL, '', 0, '', 0, NULL, NULL, NULL, NULL),
(12, 1, 1, 'G01-02', '', '', '', '', 'Y', 10.0000, '', 0.0000, 0.0000, 0.0000, '', '', 0, 0, '', '', 0, NULL, 955697006, 960372187, 'Hand Shovel', 0, NULL, '', 0, '', 0, NULL, NULL, NULL, NULL),
(13, 1, 1, 'G01-03', '', '', '', '', 'Y', 10.0000, '', 0.0000, 0.0000, 0.0000, '', '', 0, 0, '', '', 0, NULL, 955697044, 960372206, 'Hand Shovel', 0, NULL, '', 0, '', 0, NULL, NULL, NULL, NULL),
(14, 1, 2, 'L01', '', '', '', '', 'Y', 10.0000, 'pounds', 0.0000, 0.0000, 0.0000, 'inches', '', 22, 1072911600, '', 'N', 0, NULL, 962351149, 1084902820, 'Metal Ladder', 0, NULL, '', 2, '', 0, NULL, NULL, NULL, NULL),
(15, 1, 2, 'L02', '', '', '', '', 'Y', 10.0000, 'pounds', 0.0000, 0.0000, 0.0000, 'inches', '', 0, 0, '', '', 0, NULL, 962351165, 962351165, 'Wooden Ladder', 0, NULL, '', 0, '', 0, NULL, NULL, NULL, NULL),
(16, 1, 2, 'L03', '', '', '', '', 'Y', 10.0000, 'pounds', 0.0000, 0.0000, 0.0000, 'inches', '', 0, 0, '', '', 0, NULL, 962351180, 962351180, 'Plastic Ladder', 0, NULL, '', 0, '', 0, NULL, NULL, NULL, NULL);

-- --------------------------------------------------------

--
-- Table structure for table`jos_vm_product_attribute`
--

CREATE TABLE `jos_vm_product_attribute` (
  `attribute_id` int(11) NOT NULL AUTO_INCREMENT,
  `product_id` int(11) NOT NULL DEFAULT '0',
  `attribute_name` char(255) NOT NULL DEFAULT '',
  `attribute_value` char(255) NOT NULL DEFAULT '',
  PRIMARY KEY (`attribute_id`),
  KEY `idx_product_attribute_product_id` (`product_id`),
  KEY `idx_product_attribute_name` (`attribute_name`)
) ENGINE=MyISAM  DEFAULT CHARSET=latin1 COMMENT='Stores attributes + their specific values for Child Products' AUTO_INCREMENT=10 ;

--
-- Dumping data for table 'jos_vm_product_attribute'
--

INSERT INTO `jos_vm_product_attribute` VALUES
(1, 11, 'Color', 'Red'),
(2, 12, 'Color', 'Green'),
(3, 13, 'Color', 'Blue'),
(4, 11, 'Size', 'Small'),
(5, 12, 'Size', 'Medium'),
(6, 13, 'Size', 'Large'),
(7, 14, 'Material', 'Metal'),
(8, 15, 'Material', 'Wood'),
(9, 16, 'Material', 'Plastic');

-- --------------------------------------------------------

--
-- Table structure for table`jos_vm_product_attribute_sku`
--

CREATE TABLE `jos_vm_product_attribute_sku` (
  `product_id` int(11) NOT NULL DEFAULT '0',
  `attribute_name` char(255) NOT NULL DEFAULT '',
  `attribute_list` int(11) NOT NULL DEFAULT '0',
  KEY `idx_product_attribute_sku_product_id` (`product_id`),
  KEY `idx_product_attribute_sku_attribute_name` (`attribute_name`),
  KEY `idx_product_attribute_list` (`attribute_list`)
) ENGINE=MyISAM DEFAULT CHARSET=latin1 COMMENT='Attributes for a Parent Product used by its Child Products';

--
-- Dumping data for table 'jos_vm_product_attribute_sku'
--

INSERT INTO `jos_vm_product_attribute_sku` VALUES
(1, 'Color', 1),
(1, 'Size', 2),
(2, 'Material', 1);

-- --------------------------------------------------------

--
-- Table structure for table`jos_vm_product_category_xref`
--

CREATE TABLE `jos_vm_product_category_xref` (
  `category_id` int(11) NOT NULL DEFAULT '0',
  `product_id` int(11) NOT NULL DEFAULT '0',
  `product_list` int(11) DEFAULT NULL,
  KEY `idx_product_category_xref_category_id` (`category_id`),
  KEY `idx_product_category_xref_product_id` (`product_id`),
  KEY `idx_product_category_xref_product_list` (`product_list`)
) ENGINE=MyISAM DEFAULT CHARSET=latin1 COMMENT='Maps Products to Categories';

--
-- Dumping data for table 'jos_vm_product_category_xref'
--

INSERT INTO `jos_vm_product_category_xref` VALUES
(1, 1, NULL),
(3, 2, NULL),
(3, 3, NULL),
(3, 4, NULL),
(1, 5, NULL),
(1, 6, NULL),
(4, 7, NULL),
(2, 8, NULL),
(5, 9, NULL),
(2, 10, NULL);

-- --------------------------------------------------------

--
-- Table structure for table`jos_vm_product_discount`
--

CREATE TABLE `jos_vm_product_discount` (
  `discount_id` int(11) NOT NULL AUTO_INCREMENT,
  `amount` decimal(12,2) NOT NULL DEFAULT '0.00',
  `is_percent` tinyint(1) NOT NULL DEFAULT '0',
  `start_date` int(11) NOT NULL DEFAULT '0',
  `end_date` int(11) NOT NULL DEFAULT '0',
  PRIMARY KEY (`discount_id`)
) ENGINE=MyISAM  DEFAULT CHARSET=latin1 COMMENT='Discounts that can be assigned to products' AUTO_INCREMENT=3 ;

--
-- Dumping data for table 'jos_vm_product_discount'
--

INSERT INTO `jos_vm_product_discount` VALUES
(1, 20.00, 1, 1097704800, 1194390000),
(2, 2.00, 0, 1098655200, 0);

-- --------------------------------------------------------

--
-- Table structure for table`jos_vm_product_download`
--

CREATE TABLE `jos_vm_product_download` (
  `product_id` int(11) NOT NULL DEFAULT '0',
  `user_id` int(11) NOT NULL DEFAULT '0',
  `order_id` int(11) NOT NULL DEFAULT '0',
  `end_date` int(11) NOT NULL DEFAULT '0',
  `download_max` int(11) NOT NULL DEFAULT '0',
  `download_id` varchar(32) NOT NULL DEFAULT '',
  `file_name` varchar(255) NOT NULL DEFAULT '',
  PRIMARY KEY (`download_id`)
) ENGINE=MyISAM DEFAULT CHARSET=latin1 COMMENT='Active downloads for selling downloadable goods';

-- --------------------------------------------------------

--
-- Table structure for table`jos_vm_product_files`
--

CREATE TABLE `jos_vm_product_files` (
  `file_id` int(19) NOT NULL AUTO_INCREMENT,
  `file_product_id` int(11) NOT NULL DEFAULT '0',
  `file_name` varchar(128) NOT NULL DEFAULT '',
  `file_title` varchar(128) NOT NULL DEFAULT '',
  `file_description` mediumtext NOT NULL,
  `file_extension` varchar(128) NOT NULL DEFAULT '',
  `file_mimetype` varchar(64) NOT NULL DEFAULT '',
  `file_url` varchar(254) NOT NULL DEFAULT '',
  `file_published` tinyint(1) NOT NULL DEFAULT '0',
  `file_is_image` tinyint(1) NOT NULL DEFAULT '0',
  `file_image_height` int(11) NOT NULL DEFAULT '0',
  `file_image_width` int(11) NOT NULL DEFAULT '0',
  `file_image_thumb_height` int(11) NOT NULL DEFAULT '50',
  `file_image_thumb_width` int(11) NOT NULL DEFAULT '0',
  PRIMARY KEY (`file_id`)
) ENGINE=MyISAM DEFAULT CHARSET=latin1 COMMENT='Additional Images and Files which are assigned to products' AUTO_INCREMENT=1 ;

-- --------------------------------------------------------

--
-- Table structure for table`jos_vm_product_mf_xref`
--

CREATE TABLE `jos_vm_product_mf_xref` (
  `product_id` int(11) DEFAULT NULL,
  `manufacturer_id` int(11) DEFAULT NULL,
  KEY `idx_product_mf_xref_product_id` (`product_id`),
  KEY `idx_product_mf_xref_manufacturer_id` (`manufacturer_id`)
) ENGINE=MyISAM DEFAULT CHARSET=latin1 COMMENT='Maps a product to a manufacturer';

--
-- Dumping data for table 'jos_vm_product_mf_xref'
--

INSERT INTO `jos_vm_product_mf_xref` VALUES
(1, 1),
(2, 1),
(3, 1),
(4, 1),
(5, 1),
(6, 1),
(7, 1),
(8, 1),
(9, 1),
(10, 1),
(11, 1),
(12, 1),
(13, 1),
(14, 1),
(15, 1),
(16, 1);

-- --------------------------------------------------------

--
-- Table structure for table`jos_vm_product_price`
--

CREATE TABLE `jos_vm_product_price` (
  `product_price_id` int(11) NOT NULL AUTO_INCREMENT,
  `product_id` int(11) NOT NULL DEFAULT '0',
  `product_price` decimal(12,5) DEFAULT NULL,
  `product_currency` char(16) DEFAULT NULL,
  `product_price_vdate` int(11) DEFAULT NULL,
  `product_price_edate` int(11) DEFAULT NULL,
  `cdate` int(11) DEFAULT NULL,
  `mdate` int(11) DEFAULT NULL,
  `shopper_group_id` int(11) DEFAULT NULL,
  `price_quantity_start` int(11) unsigned NOT NULL DEFAULT '0',
  `price_quantity_end` int(11) unsigned NOT NULL DEFAULT '0',
  PRIMARY KEY (`product_price_id`),
  KEY `idx_product_price_product_id` (`product_id`),
  KEY `idx_product_price_shopper_group_id` (`shopper_group_id`)
) ENGINE=MyISAM  DEFAULT CHARSET=latin1 COMMENT='Holds price records for a product' AUTO_INCREMENT=17 ;

--
-- Dumping data for table 'jos_vm_product_price'
--

INSERT INTO `jos_vm_product_price` VALUES
(1, 5, 24.99000, 'USD', 0, 0, 950321309, 950321309, 5, 0, 0),
(2, 1, 4.99000, 'USD', 0, 0, 950321324, 950321324, 5, 0, 0),
(3, 2, 49.99000, 'USD', 0, 0, 950321340, 950321340, 5, 0, 0),
(4, 3, 24.99000, 'USD', 0, 0, 950321368, 950321368, 5, 0, 0),
(5, 4, 19.99000, 'USD', 0, 0, 950321385, 950321385, 5, 0, 0),
(6, 6, 1.00000, 'USD', 0, 0, 950321686, 963808699, 5, 0, 0),
(7, 7, 149.99000, 'USD', 0, 0, 950321754, 966506270, 5, 0, 0),
(8, 8, 220.90000, 'USD', 0, 0, 950321833, 955614388, 5, 0, 0),
(9, 9, 48.12000, 'USD', 0, 0, 950321933, 950321933, 5, 0, 0),
(10, 10, 74.99000, 'USD', 0, 0, 950322005, 950322005, 5, 0, 0),
(11, 1, 2.99000, 'USD', 0, 0, 955626841, 955626841, 6, 0, 0),
(12, 13, 14.99000, 'USD', 0, 0, 955697213, 955697213, 5, 0, 0),
(13, 14, 79.99000, 'USD', 0, 0, 962351197, 962351271, 5, 0, 0),
(14, 15, 49.99000, 'USD', 0, 0, 962351233, 962351233, 5, 0, 0),
(15, 16, 59.99000, 'USD', 0, 0, 962351259, 962351259, 5, 0, 0),
(16, 7, 2.99000, 'USD', 0, 0, 966589140, 966589140, 6, 0, 0);

-- --------------------------------------------------------

--
-- Table structure for table`jos_vm_product_product_type_xref`
--

CREATE TABLE `jos_vm_product_product_type_xref` (
  `product_id` int(11) NOT NULL DEFAULT '0',
  `product_type_id` int(11) NOT NULL DEFAULT '0',
  KEY `idx_product_product_type_xref_product_id` (`product_id`),
  KEY `idx_product_product_type_xref_product_type_id` (`product_type_id`)
) ENGINE=MyISAM DEFAULT CHARSET=latin1 COMMENT='Maps products to a product type';

-- --------------------------------------------------------

--
-- Table structure for table`jos_vm_product_relations`
--

CREATE TABLE `jos_vm_product_relations` (
  `product_id` int(11) NOT NULL DEFAULT '0',
  `related_products` text,
  PRIMARY KEY (`product_id`)
) ENGINE=MyISAM DEFAULT CHARSET=latin1;

-- --------------------------------------------------------

--
-- Table structure for table`jos_vm_product_reviews`
--

CREATE TABLE `jos_vm_product_reviews` (
  `review_id` int(11) NOT NULL AUTO_INCREMENT,
  `product_id` int(11) NOT NULL DEFAULT '0',
  `comment` text NOT NULL,
  `userid` int(11) NOT NULL DEFAULT '0',
  `time` int(11) NOT NULL DEFAULT '0',
  `user_rating` tinyint(1) NOT NULL DEFAULT '0',
  `review_ok` int(11) NOT NULL DEFAULT '0',
  `review_votes` int(11) NOT NULL DEFAULT '0',
  `published` char(1) NOT NULL DEFAULT 'Y',
  PRIMARY KEY (`review_id`),
  UNIQUE KEY `product_id` (`product_id`,`userid`)
) ENGINE=MyISAM DEFAULT CHARSET=latin1 AUTO_INCREMENT=1 ;

-- --------------------------------------------------------

--
-- Table structure for table`jos_vm_product_type`
--

CREATE TABLE `jos_vm_product_type` (
  `product_type_id` int(11) NOT NULL AUTO_INCREMENT,
  `product_type_name` varchar(255) NOT NULL DEFAULT '',
  `product_type_description` text,
  `product_type_publish` char(1) DEFAULT NULL,
  `product_type_browsepage` varchar(255) DEFAULT NULL,
  `product_type_flypage` varchar(255) DEFAULT NULL,
  `product_type_list_order` int(11) DEFAULT NULL,
  PRIMARY KEY (`product_type_id`)
) ENGINE=MyISAM DEFAULT CHARSET=latin1 AUTO_INCREMENT=1 ;

-- --------------------------------------------------------

--
-- Table structure for table`jos_vm_product_type_parameter`
--

CREATE TABLE `jos_vm_product_type_parameter` (
  `product_type_id` int(11) NOT NULL DEFAULT '0',
  `parameter_name` varchar(255) NOT NULL DEFAULT '',
  `parameter_label` varchar(255) NOT NULL DEFAULT '',
  `parameter_description` text,
  `parameter_list_order` int(11) NOT NULL DEFAULT '0',
  `parameter_type` char(1) NOT NULL DEFAULT 'T',
  `parameter_values` varchar(255) DEFAULT NULL,
  `parameter_multiselect` char(1) DEFAULT NULL,
  `parameter_default` varchar(255) DEFAULT NULL,
  `parameter_unit` varchar(32) DEFAULT NULL,
  PRIMARY KEY (`product_type_id`,`parameter_name`),
  KEY `idx_product_type_parameter_product_type_id` (`product_type_id`),
  KEY `idx_product_type_parameter_parameter_order` (`parameter_list_order`)
) ENGINE=MyISAM DEFAULT CHARSET=latin1 COMMENT='Parameters which are part of a product type';

-- --------------------------------------------------------

--
-- Table structure for table`jos_vm_product_votes`
--

CREATE TABLE `jos_vm_product_votes` (
  `product_id` int(255) NOT NULL DEFAULT '0',
  `votes` text NOT NULL,
  `allvotes` int(11) NOT NULL DEFAULT '0',
  `rating` tinyint(1) NOT NULL DEFAULT '0',
  `lastip` varchar(50) NOT NULL DEFAULT '0',
  PRIMARY KEY (`product_id`)
) ENGINE=MyISAM DEFAULT CHARSET=latin1 COMMENT='Stores all votes for a product';

-- --------------------------------------------------------

--
-- Table structure for table`jos_vm_shipping_carrier`
--

CREATE TABLE `jos_vm_shipping_carrier` (
  `shipping_carrier_id` int(11) NOT NULL AUTO_INCREMENT,
  `shipping_carrier_name` char(80) NOT NULL DEFAULT '',
  `shipping_carrier_list_order` int(11) NOT NULL DEFAULT '0',
  PRIMARY KEY (`shipping_carrier_id`)
) ENGINE=MyISAM  DEFAULT CHARSET=latin1 COMMENT='Shipping Carriers as used by the Standard Shipping Module' AUTO_INCREMENT=3 ;

--
-- Dumping data for table 'jos_vm_shipping_carrier'
--

INSERT INTO `jos_vm_shipping_carrier` VALUES
(1, 'DHL', 0),
(2, 'UPS', 1);

-- --------------------------------------------------------

--
-- Table structure for table`jos_vm_shipping_label`
--

CREATE TABLE `jos_vm_shipping_label` (
  `order_id` int(11) NOT NULL DEFAULT '0',
  `shipper_class` varchar(32) DEFAULT NULL,
  `ship_date` varchar(32) DEFAULT NULL,
  `service_code` varchar(32) DEFAULT NULL,
  `special_service` varchar(32) DEFAULT NULL,
  `package_type` varchar(16) DEFAULT NULL,
  `order_weight` decimal(10,2) DEFAULT NULL,
  `is_international` tinyint(1) DEFAULT NULL,
  `additional_protection_type` varchar(16) DEFAULT NULL,
  `additional_protection_value` decimal(10,2) DEFAULT NULL,
  `duty_value` decimal(10,2) DEFAULT NULL,
  `content_desc` varchar(255) DEFAULT NULL,
  `label_is_generated` tinyint(1) NOT NULL DEFAULT '0',
  `tracking_number` varchar(32) DEFAULT NULL,
  `label_image` blob,
  `have_signature` tinyint(1) NOT NULL DEFAULT '0',
  `signature_image` blob,
  PRIMARY KEY (`order_id`)
) ENGINE=MyISAM DEFAULT CHARSET=latin1 COMMENT='Stores information used in generating shipping labels';

-- --------------------------------------------------------

--
-- Table structure for table`jos_vm_shipping_rate`
--

CREATE TABLE `jos_vm_shipping_rate` (
  `shipping_rate_id` int(11) NOT NULL AUTO_INCREMENT,
  `shipping_rate_name` varchar(255) NOT NULL DEFAULT '',
  `shipping_rate_carrier_id` int(11) NOT NULL DEFAULT '0',
  `shipping_rate_country` text NOT NULL,
  `shipping_rate_zip_start` varchar(32) NOT NULL DEFAULT '',
  `shipping_rate_zip_end` varchar(32) NOT NULL DEFAULT '',
  `shipping_rate_weight_start` decimal(10,3) NOT NULL DEFAULT '0.000',
  `shipping_rate_weight_end` decimal(10,3) NOT NULL DEFAULT '0.000',
  `shipping_rate_value` decimal(10,2) NOT NULL DEFAULT '0.00',
  `shipping_rate_package_fee` decimal(10,2) NOT NULL DEFAULT '0.00',
  `shipping_rate_currency_id` int(11) NOT NULL DEFAULT '0',
  `shipping_rate_vat_id` int(11) NOT NULL DEFAULT '0',
  `shipping_rate_list_order` int(11) NOT NULL DEFAULT '0',
  PRIMARY KEY (`shipping_rate_id`)
) ENGINE=MyISAM  DEFAULT CHARSET=latin1 COMMENT='Shipping Rates, used by the Standard Shipping Module' AUTO_INCREMENT=22 ;

--
-- Dumping data for table 'jos_vm_shipping_rate'
--

INSERT INTO `jos_vm_shipping_rate` VALUES
(1, 'Inland > 4kg', 1, 'DEU', '00000', '99999', 0.000, 4.000, 5.62, 2.00, 47, 0, 1),
(2, 'Inland > 8kg', 1, 'DEU', '00000', '99999', 4.000, 8.000, 6.39, 2.00, 47, 0, 2),
(3, 'Inland > 12kg', 1, 'DEU', '00000', '99999', 8.000, 12.000, 7.16, 2.00, 47, 0, 3),
(4, 'Inland > 20kg', 1, 'DEU', '00000', '99999', 12.000, 20.000, 8.69, 2.00, 47, 0, 4),
(5, 'EU+ >  4kg', 1, 'AND;BEL;DNK;FRO;FIN;FRA;GRC;GRL;GBR;IRL;ITA;LIE;LUX;MCO;NLD;AUT;POL;PRT;SMR;SWE;CHE;SVK;ESP;CZE', '00000', '99999', 0.000, 4.000, 14.57, 2.00, 47, 0, 5),
(6, 'EU+ >  8kg', 1, 'AND;BEL;DNK;FRO;FIN;FRA;GRC;GRL;GBR;IRL;ITA;LIE;LUX;MCO;NLD;AUT;POL;PRT;SMR;SWE;CHE;SVK;ESP;CZE', '00000', '99999', 4.000, 8.000, 18.66, 2.00, 47, 0, 6),
(7, 'EU+ > 12kg', 1, 'AND;BEL;DNK;FRO;FIN;FRA;GRC;GRL;GBR;IRL;ITA;LIE;LUX;MCO;NLD;AUT;POL;PRT;SMR;SWE;CHE;SVK;ESP;CZE', '00000', '99999', 8.000, 12.000, 22.57, 2.00, 47, 0, 7),
(8, 'EU+ > 20kg', 1, 'AND;BEL;DNK;FRO;FIN;FRA;GRC;GRL;GBR;IRL;ITA;LIE;LUX;MCO;NLD;AUT;POL;PRT;SMR;SWE;CHE;SVK;ESP;CZE', '00000', '99999', 12.000, 20.000, 30.93, 2.00, 47, 0, 8),
(9, 'Europe > 4kg', 1, 'ALB;ARM;AZE;BLR;BIH;BGR;EST;GEO;GIB;ISL;YUG;KAZ;HRV;LVA;LTU;MLT;MKD;MDA;NOR;ROM;RUS;SVN;TUR;UKR;HUN;BLR;CYP', '00000', '99999', 0.000, 4.000, 23.78, 2.00, 47, 0, 9),
(10, 'Europe >  8kg', 1, 'ALB;ARM;AZE;BLR;BIH;BGR;EST;GEO;GIB;ISL;YUG;KAZ;HRV;LVA;LTU;MLT;MKD;MDA;NOR;ROM;RUS;SVN;TUR;UKR;HUN;BLR;CYP', '00000', '99999', 4.000, 8.000, 29.91, 2.00, 47, 0, 10),
(11, 'Europe > 12kg', 1, 'ALB;ARM;AZE;BLR;BIH;BGR;EST;GEO;GIB;ISL;YUG;KAZ;HRV;LVA;LTU;MLT;MKD;MDA;NOR;ROM;RUS;SVN;TUR;UKR;HUN;BLR;CYP', '00000', '99999', 8.000, 12.000, 36.05, 2.00, 47, 0, 11),
(12, 'Europe > 20kg', 1, 'ALB;ARM;AZE;BLR;BIH;BGR;EST;GEO;GIB;ISL;YUG;KAZ;HRV;LVA;LTU;MLT;MKD;MDA;NOR;ROM;RUS;SVN;TUR;UKR;HUN;BLR;CYP', '00000', '99999', 12.000, 20.000, 48.32, 2.00, 47, 0, 12),
(13, 'World_1 >  4kg', 1, 'EGY;DZA;BHR;IRQ;IRN;ISR;YEM;JOR;CAN;QAT;KWT;LBN;LBY;MAR;OMN;SAU;SYR;TUN;ARE;USA', '00000', '99999', 0.000, 4.000, 26.84, 2.00, 47, 0, 13),
(14, 'World_1 > 8kg', 1, 'EGY;DZA;BHR;IRQ;IRN;ISR;YEM;JOR;CAN;QAT;KWT;LBN;LBY;MAR;OMN;SAU;SYR;TUN;ARE;USA', '00000', '99999', 4.000, 8.000, 35.02, 2.00, 47, 0, 14),
(15, 'World_1 > 12kg', 1, 'EGY;DZA;BHR;IRQ;IRN;ISR;YEM;JOR;CAN;QAT;KWT;LBN;LBY;MAR;OMN;SAU;SYR;TUN;ARE;USA', '00000', '99999', 8.000, 12.000, 43.20, 2.00, 47, 0, 15),
(16, 'World_1 > 20kg', 1, 'EGY;DZA;BHR;IRQ;IRN;ISR;YEM;JOR;CAN;QAT;KWT;LBN;LBY;MAR;OMN;SAU;SYR;TUN;ARE;USA', '00000', '99999', 12.000, 20.000, 59.57, 2.00, 47, 0, 16),
(17, 'World_2 > 4kg', 1, '', '00000', '99999', 0.000, 4.000, 32.98, 2.00, 47, 0, 17),
(18, 'World_2 > 8kg', 1, '', '00000', '99999', 4.000, 8.000, 47.29, 2.00, 47, 0, 18),
(19, 'World_2 > 12kg', 1, '', '00000', '99999', 8.000, 12.000, 61.61, 2.00, 47, 0, 19),
(20, 'World_2 > 20kg', 1, '', '00000', '99999', 12.000, 20.000, 90.24, 2.00, 47, 0, 20),
(21, 'UPS Express', 2, 'AND;BEL;DNK;FRO;FIN;FRA;GRC;GRL;GBR;IRL;ITA;LIE;LUX;MCO;NLD;AUT;POL;PRT;SMR;SWE;CHE;SVK;ESP;CZE', '00000', '99999', 0.000, 20.000, 5.24, 2.00, 47, 0, 21);

-- --------------------------------------------------------

--
-- Table structure for table`jos_vm_shopper_group`
--

CREATE TABLE `jos_vm_shopper_group` (
  `shopper_group_id` int(11) NOT NULL AUTO_INCREMENT,
  `vendor_id` int(11) DEFAULT NULL,
  `shopper_group_name` varchar(32) DEFAULT NULL,
  `shopper_group_desc` text,
  `shopper_group_discount` decimal(5,2) NOT NULL DEFAULT '0.00',
  `show_price_including_tax` tinyint(1) NOT NULL DEFAULT '1',
  `default` tinyint(1) NOT NULL DEFAULT '0',
  PRIMARY KEY (`shopper_group_id`),
  KEY `idx_shopper_group_vendor_id` (`vendor_id`),
  KEY `idx_shopper_group_name` (`shopper_group_name`)
) ENGINE=MyISAM  DEFAULT CHARSET=latin1 COMMENT='Shopper Groups that users can be assigned to' AUTO_INCREMENT=8 ;

--
-- Dumping data for table 'jos_vm_shopper_group'
--

INSERT INTO `jos_vm_shopper_group` VALUES
(5, 1, '-default-', 'This is the default shopper group.', 0.00, 1, 1),
(6, 1, 'Gold Level', 'Gold Level Shoppers.', 0.00, 1, 0),
(7, 1, 'Wholesale', 'Shoppers that can buy at wholesale.', 0.00, 0, 0);

-- --------------------------------------------------------

--
-- Table structure for table`jos_vm_shopper_vendor_xref`
--

CREATE TABLE `jos_vm_shopper_vendor_xref` (
  `user_id` int(11) DEFAULT NULL,
  `vendor_id` int(11) DEFAULT NULL,
  `shopper_group_id` int(11) DEFAULT NULL,
  `customer_number` varchar(32) DEFAULT NULL,
  KEY `idx_shopper_vendor_xref_user_id` (`user_id`),
  KEY `idx_shopper_vendor_xref_vendor_id` (`vendor_id`),
  KEY `idx_shopper_vendor_xref_shopper_group_id` (`shopper_group_id`)
) ENGINE=MyISAM DEFAULT CHARSET=latin1 COMMENT='Maps a user to a Shopper Group of a Vendor';

--
-- Dumping data for table 'jos_vm_shopper_vendor_xref'
--

INSERT INTO `jos_vm_shopper_vendor_xref` VALUES
(62, 1, 5, ''),
(63, 1, 5, ''),
(64, 1, 5, ''),
(65, 1, 5, ''),
(66, 1, 5, '');

-- --------------------------------------------------------

--
-- Table structure for table`jos_vm_state`
--

CREATE TABLE `jos_vm_state` (
  `state_id` int(11) NOT NULL AUTO_INCREMENT,
  `country_id` int(11) NOT NULL DEFAULT '1',
  `state_name` varchar(64) DEFAULT NULL,
  `state_3_code` char(3) DEFAULT NULL,
  `state_2_code` char(2) DEFAULT NULL,
  PRIMARY KEY (`state_id`),
  UNIQUE KEY `state_3_code` (`country_id`,`state_3_code`),
  UNIQUE KEY `state_2_code` (`country_id`,`state_2_code`),
  KEY `idx_country_id` (`country_id`)
) ENGINE=MyISAM  DEFAULT CHARSET=latin1 COMMENT='States that are assigned to a country' AUTO_INCREMENT=449 ;

--
-- Dumping data for table 'jos_vm_state'
--

INSERT INTO `jos_vm_state` VALUES
(1, 223, 'Alabama', 'ALA', 'AL'),
(2, 223, 'Alaska', 'ALK', 'AK'),
(3, 223, 'Arizona', 'ARZ', 'AZ'),
(4, 223, 'Arkansas', 'ARK', 'AR'),
(5, 223, 'California', 'CAL', 'CA'),
(6, 223, 'Colorado', 'COL', 'CO'),
(7, 223, 'Connecticut', 'CCT', 'CT'),
(8, 223, 'Delaware', 'DEL', 'DE'),
(9, 223, 'District Of Columbia', 'DOC', 'DC'),
(10, 223, 'Florida', 'FLO', 'FL'),
(11, 223, 'Georgia', 'GEA', 'GA'),
(12, 223, 'Hawaii', 'HWI', 'HI'),
(13, 223, 'Idaho', 'IDA', 'ID'),
(14, 223, 'Illinois', 'ILL', 'IL'),
(15, 223, 'Indiana', 'IND', 'IN'),
(16, 223, 'Iowa', 'IOA', 'IA'),
(17, 223, 'Kansas', 'KAS', 'KS'),
(18, 223, 'Kentucky', 'KTY', 'KY'),
(19, 223, 'Louisiana', 'LOA', 'LA'),
(20, 223, 'Maine', 'MAI', 'ME'),
(21, 223, 'Maryland', 'MLD', 'MD'),
(22, 223, 'Massachusetts', 'MSA', 'MA'),
(23, 223, 'Michigan', 'MIC', 'MI'),
(24, 223, 'Minnesota', 'MIN', 'MN'),
(25, 223, 'Mississippi', 'MIS', 'MS'),
(26, 223, 'Missouri', 'MIO', 'MO'),
(27, 223, 'Montana', 'MOT', 'MT'),
(28, 223, 'Nebraska', 'NEB', 'NE'),
(29, 223, 'Nevada', 'NEV', 'NV'),
(30, 223, 'New Hampshire', 'NEH', 'NH'),
(31, 223, 'New Jersey', 'NEJ', 'NJ'),
(32, 223, 'New Mexico', 'NEM', 'NM'),
(33, 223, 'New York', 'NEY', 'NY'),
(34, 223, 'North Carolina', 'NOC', 'NC'),
(35, 223, 'North Dakota', 'NOD', 'ND'),
(36, 223, 'Ohio', 'OHI', 'OH'),
(37, 223, 'Oklahoma', 'OKL', 'OK'),
(38, 223, 'Oregon', 'ORN', 'OR'),
(39, 223, 'Pennsylvania', 'PEA', 'PA'),
(40, 223, 'Rhode Island', 'RHI', 'RI'),
(41, 223, 'South Carolina', 'SOC', 'SC'),
(42, 223, 'South Dakota', 'SOD', 'SD'),
(43, 223, 'Tennessee', 'TEN', 'TN'),
(44, 223, 'Texas', 'TXS', 'TX'),
(45, 223, 'Utah', 'UTA', 'UT'),
(46, 223, 'Vermont', 'VMT', 'VT'),
(47, 223, 'Virginia', 'VIA', 'VA'),
(48, 223, 'Washington', 'WAS', 'WA'),
(49, 223, 'West Virginia', 'WEV', 'WV'),
(50, 223, 'Wisconsin', 'WIS', 'WI'),
(51, 223, 'Wyoming', 'WYO', 'WY'),
(52, 38, 'Alberta', 'ALB', 'AB'),
(53, 38, 'British Columbia', 'BRC', 'BC'),
(54, 38, 'Manitoba', 'MAB', 'MB'),
(55, 38, 'New Brunswick', 'NEB', 'NB'),
(56, 38, 'Newfoundland and Labrador', 'NFL', 'NL'),
(57, 38, 'Northwest Territories', 'NWT', 'NT'),
(58, 38, 'Nova Scotia', 'NOS', 'NS'),
(59, 38, 'Nunavut', 'NUT', 'NU'),
(60, 38, 'Ontario', 'ONT', 'ON'),
(61, 38, 'Prince Edward Island', 'PEI', 'PE'),
(62, 38, 'Quebec', 'QEC', 'QC'),
(63, 38, 'Saskatchewan', 'SAK', 'SK'),
(64, 38, 'Yukon', 'YUT', 'YT'),
(65, 222, 'England', 'ENG', 'EN'),
(66, 222, 'Northern Ireland', 'NOI', 'NI'),
(67, 222, 'Scotland', 'SCO', 'SD'),
(68, 222, 'Wales', 'WLS', 'WS'),
(69, 13, 'Australian Capital Territory', 'ACT', 'AC'),
(70, 13, 'New South Wales', 'NSW', 'NS'),
(71, 13, 'Northern Territory', 'NOT', 'NT'),
(72, 13, 'Queensland', 'QLD', 'QL'),
(73, 13, 'South Australia', 'SOA', 'SA'),
(74, 13, 'Tasmania', 'TAS', 'TS'),
(75, 13, 'Victoria', 'VIC', 'VI'),
(76, 13, 'Western Australia', 'WEA', 'WA'),
(77, 138, 'Aguascalientes', 'AGS', 'AG'),
(78, 138, 'Baja California Norte', 'BCN', 'BN'),
(79, 138, 'Baja California Sur', 'BCS', 'BS'),
(80, 138, 'Campeche', 'CAM', 'CA'),
(81, 138, 'Chiapas', 'CHI', 'CS'),
(82, 138, 'Chihuahua', 'CHA', 'CH'),
(83, 138, 'Coahuila', 'COA', 'CO'),
(84, 138, 'Colima', 'COL', 'CM'),
(85, 138, 'Distrito Federal', 'DFM', 'DF'),
(86, 138, 'Durango', 'DGO', 'DO'),
(87, 138, 'Guanajuato', 'GTO', 'GO'),
(88, 138, 'Guerrero', 'GRO', 'GU'),
(89, 138, 'Hidalgo', 'HGO', 'HI'),
(90, 138, 'Jalisco', 'JAL', 'JA'),
(91, 138, 'México (Estado de)', 'EDM', 'EM'),
(92, 138, 'Michoacán', 'MCN', 'MI'),
(93, 138, 'Morelos', 'MOR', 'MO'),
(94, 138, 'Nayarit', 'NAY', 'NY'),
(95, 138, 'Nuevo León', 'NUL', 'NL'),
(96, 138, 'Oaxaca', 'OAX', 'OA'),
(97, 138, 'Puebla', 'PUE', 'PU'),
(98, 138, 'Querétaro', 'QRO', 'QU'),
(99, 138, 'Quintana Roo', 'QUR', 'QR'),
(100, 138, 'San Luis Potosí', 'SLP', 'SP'),
(101, 138, 'Sinaloa', 'SIN', 'SI'),
(102, 138, 'Sonora', 'SON', 'SO'),
(103, 138, 'Tabasco', 'TAB', 'TA'),
(104, 138, 'Tamaulipas', 'TAM', 'TM'),
(105, 138, 'Tlaxcala', 'TLX', 'TX'),
(106, 138, 'Veracruz', 'VER', 'VZ'),
(107, 138, 'Yucatán', 'YUC', 'YU'),
(108, 138, 'Zacatecas', 'ZAC', 'ZA'),
(109, 30, 'Acre', 'ACR', 'AC'),
(110, 30, 'Alagoas', 'ALG', 'AL'),
(111, 30, 'Amapá', 'AMP', 'AP'),
(112, 30, 'Amazonas', 'AMZ', 'AM'),
(113, 30, 'Bahía', 'BAH', 'BA'),
(114, 30, 'Ceará', 'CEA', 'CE'),
(115, 30, 'Distrito Federal', 'DFB', 'DF'),
(116, 30, 'Espirito Santo', 'ESS', 'ES'),
(117, 30, 'Goiás', 'GOI', 'GO'),
(118, 30, 'Maranhão', 'MAR', 'MA'),
(119, 30, 'Mato Grosso', 'MAT', 'MT'),
(120, 30, 'Mato Grosso do Sul', 'MGS', 'MS'),
(121, 30, 'Minas Geraís', 'MIG', 'MG'),
(122, 30, 'Paraná', 'PAR', 'PR'),
(123, 30, 'Paraíba', 'PRB', 'PB'),
(124, 30, 'Pará', 'PAB', 'PA'),
(125, 30, 'Pernambuco', 'PER', 'PE'),
(126, 30, 'Piauí', 'PIA', 'PI'),
(127, 30, 'Rio Grande do Norte', 'RGN', 'RN'),
(128, 30, 'Rio Grande do Sul', 'RGS', 'RS'),
(129, 30, 'Rio de Janeiro', 'RDJ', 'RJ'),
(130, 30, 'Rondônia', 'RON', 'RO'),
(131, 30, 'Roraima', 'ROR', 'RR'),
(132, 30, 'Santa Catarina', 'SAC', 'SC'),
(133, 30, 'Sergipe', 'SER', 'SE'),
(134, 30, 'São Paulo', 'SAP', 'SP'),
(135, 30, 'Tocantins', 'TOC', 'TO'),
(136, 44, 'Anhui', 'ANH', '34'),
(137, 44, 'Beijing', 'BEI', '11'),
(138, 44, 'Chongqing', 'CHO', '50'),
(139, 44, 'Fujian', 'FUJ', '35'),
(140, 44, 'Gansu', 'GAN', '62'),
(141, 44, 'Guangdong', 'GUA', '44'),
(142, 44, 'Guangxi Zhuang', 'GUZ', '45'),
(143, 44, 'Guizhou', 'GUI', '52'),
(144, 44, 'Hainan', 'HAI', '46'),
(145, 44, 'Hebei', 'HEB', '13'),
(146, 44, 'Heilongjiang', 'HEI', '23'),
(147, 44, 'Henan', 'HEN', '41'),
(148, 44, 'Hubei', 'HUB', '42'),
(149, 44, 'Hunan', 'HUN', '43'),
(150, 44, 'Jiangsu', 'JIA', '32'),
(151, 44, 'Jiangxi', 'JIX', '36'),
(152, 44, 'Jilin', 'JIL', '22'),
(153, 44, 'Liaoning', 'LIA', '21'),
(154, 44, 'Nei Mongol', 'NML', '15'),
(155, 44, 'Ningxia Hui', 'NIH', '64'),
(156, 44, 'Qinghai', 'QIN', '63'),
(157, 44, 'Shandong', 'SNG', '37'),
(158, 44, 'Shanghai', 'SHH', '31'),
(159, 44, 'Shaanxi', 'SHX', '61'),
(160, 44, 'Sichuan', 'SIC', '51'),
(161, 44, 'Tianjin', 'TIA', '12'),
(162, 44, 'Xinjiang Uygur', 'XIU', '65'),
(163, 44, 'Xizang', 'XIZ', '54'),
(164, 44, 'Yunnan', 'YUN', '53'),
(165, 44, 'Zhejiang', 'ZHE', '33'),
(166, 104, 'Israel', 'ISL', 'IL'),
(167, 104, 'Gaza Strip', 'GZS', 'GZ'),
(168, 104, 'West Bank', 'WBK', 'WB'),
(169, 151, 'St. Maarten', 'STM', 'SM'),
(170, 151, 'Bonaire', 'BNR', 'BN'),
(171, 151, 'Curacao', 'CUR', 'CR'),
(172, 175, 'Alba', 'ABA', 'AB'),
(173, 175, 'Arad', 'ARD', 'AR'),
(174, 175, 'Arges', 'ARG', 'AG'),
(175, 175, 'Bacau', 'BAC', 'BC'),
(176, 175, 'Bihor', 'BIH', 'BH'),
(177, 175, 'Bistrita-Nasaud', 'BIS', 'BN'),
(178, 175, 'Botosani', 'BOT', 'BT'),
(179, 175, 'Braila', 'BRL', 'BR'),
(180, 175, 'Brasov', 'BRA', 'BV'),
(181, 175, 'Bucuresti', 'BUC', 'B'),
(182, 175, 'Buzau', 'BUZ', 'BZ'),
(183, 175, 'Calarasi', 'CAL', 'CL'),
(184, 175, 'Caras Severin', 'CRS', 'CS'),
(185, 175, 'Cluj', 'CLJ', 'CJ'),
(186, 175, 'Constanta', 'CST', 'CT'),
(187, 175, 'Covasna', 'COV', 'CV'),
(188, 175, 'Dambovita', 'DAM', 'DB'),
(189, 175, 'Dolj', 'DLJ', 'DJ'),
(190, 175, 'Galati', 'GAL', 'GL'),
(191, 175, 'Giurgiu', 'GIU', 'GR'),
(192, 175, 'Gorj', 'GOR', 'GJ'),
(193, 175, 'Hargita', 'HRG', 'HR'),
(194, 175, 'Hunedoara', 'HUN', 'HD'),
(195, 175, 'Ialomita', 'IAL', 'IL'),
(196, 175, 'Iasi', 'IAS', 'IS'),
(197, 175, 'Ilfov', 'ILF', 'IF'),
(198, 175, 'Maramures', 'MAR', 'MM'),
(199, 175, 'Mehedinti', 'MEH', 'MH'),
(200, 175, 'Mures', 'MUR', 'MS'),
(201, 175, 'Neamt', 'NEM', 'NT'),
(202, 175, 'Olt', 'OLT', 'OT'),
(203, 175, 'Prahova', 'PRA', 'PH'),
(204, 175, 'Salaj', 'SAL', 'SJ'),
(205, 175, 'Satu Mare', 'SAT', 'SM'),
(206, 175, 'Sibiu', 'SIB', 'SB'),
(207, 175, 'Suceava', 'SUC', 'SV'),
(208, 175, 'Teleorman', 'TEL', 'TR'),
(209, 175, 'Timis', 'TIM', 'TM'),
(210, 175, 'Tulcea', 'TUL', 'TL'),
(211, 175, 'Valcea', 'VAL', 'VL'),
(212, 175, 'Vaslui', 'VAS', 'VS'),
(213, 175, 'Vrancea', 'VRA', 'VN'),
(214, 105, 'Agrigento', 'AGR', 'AG'),
(215, 105, 'Alessandria', 'ALE', 'AL'),
(216, 105, 'Ancona', 'ANC', 'AN'),
(217, 105, 'Aosta', 'AOS', 'AO'),
(218, 105, 'Arezzo', 'ARE', 'AR'),
(219, 105, 'Ascoli Piceno', 'API', 'AP'),
(220, 105, 'Asti', 'AST', 'AT'),
(221, 105, 'Avellino', 'AVE', 'AV'),
(222, 105, 'Bari', 'BAR', 'BA'),
(223, 105, 'Belluno', 'BEL', 'BL'),
(224, 105, 'Benevento', 'BEN', 'BN'),
(225, 105, 'Bergamo', 'BEG', 'BG'),
(226, 105, 'Biella', 'BIE', 'BI'),
(227, 105, 'Bologna', 'BOL', 'BO'),
(228, 105, 'Bolzano', 'BOZ', 'BZ'),
(229, 105, 'Brescia', 'BRE', 'BS'),
(230, 105, 'Brindisi', 'BRI', 'BR'),
(231, 105, 'Cagliari', 'CAG', 'CA'),
(232, 105, 'Caltanissetta', 'CAL', 'CL'),
(233, 105, 'Campobasso', 'CBO', 'CB'),
(234, 105, 'Carbonia-Iglesias', 'CAR', 'CI'),
(235, 105, 'Caserta', 'CAS', 'CE'),
(236, 105, 'Catania', 'CAT', 'CT'),
(237, 105, 'Catanzaro', 'CTZ', 'CZ'),
(238, 105, 'Chieti', 'CHI', 'CH'),
(239, 105, 'Como', 'COM', 'CO'),
(240, 105, 'Cosenza', 'COS', 'CS'),
(241, 105, 'Cremona', 'CRE', 'CR'),
(242, 105, 'Crotone', 'CRO', 'KR'),
(243, 105, 'Cuneo', 'CUN', 'CN'),
(244, 105, 'Enna', 'ENN', 'EN'),
(245, 105, 'Ferrara', 'FER', 'FE'),
(246, 105, 'Firenze', 'FIR', 'FI'),
(247, 105, 'Foggia', 'FOG', 'FG'),
(248, 105, 'Forli-Cesena', 'FOC', 'FC'),
(249, 105, 'Frosinone', 'FRO', 'FR'),
(250, 105, 'Genova', 'GEN', 'GE'),
(251, 105, 'Gorizia', 'GOR', 'GO'),
(252, 105, 'Grosseto', 'GRO', 'GR'),
(253, 105, 'Imperia', 'IMP', 'IM'),
(254, 105, 'Isernia', 'ISE', 'IS'),
(255, 105, 'L''Aquila', 'AQU', 'AQ'),
(256, 105, 'La Spezia', 'LAS', 'SP'),
(257, 105, 'Latina', 'LAT', 'LT'),
(258, 105, 'Lecce', 'LEC', 'LE'),
(259, 105, 'Lecco', 'LCC', 'LC'),
(260, 105, 'Livorno', 'LIV', 'LI'),
(261, 105, 'Lodi', 'LOD', 'LO'),
(262, 105, 'Lucca', 'LUC', 'LU'),
(263, 105, 'Macerata', 'MAC', 'MC'),
(264, 105, 'Mantova', 'MAN', 'MN'),
(265, 105, 'Massa-Carrara', 'MAS', 'MS'),
(266, 105, 'Matera', 'MAA', 'MT'),
(267, 105, 'Medio Campidano', 'MED', 'VS'),
(268, 105, 'Messina', 'MES', 'ME'),
(269, 105, 'Milano', 'MIL', 'MI'),
(270, 105, 'Modena', 'MOD', 'MO'),
(271, 105, 'Napoli', 'NAP', 'NA'),
(272, 105, 'Novara', 'NOV', 'NO'),
(273, 105, 'Nuoro', 'NUR', 'NU'),
(274, 105, 'Ogliastra', 'OGL', 'OG'),
(275, 105, 'Olbia-Tempio', 'OLB', 'OT'),
(276, 105, 'Oristano', 'ORI', 'OR'),
(277, 105, 'Padova', 'PDA', 'PD'),
(278, 105, 'Palermo', 'PAL', 'PA'),
(279, 105, 'Parma', 'PAA', 'PR'),
(280, 105, 'Pavia', 'PAV', 'PV'),
(281, 105, 'Perugia', 'PER', 'PG'),
(282, 105, 'Pesaro e Urbino', 'PES', 'PU'),
(283, 105, 'Pescara', 'PSC', 'PE'),
(284, 105, 'Piacenza', 'PIA', 'PC'),
(285, 105, 'Pisa', 'PIS', 'PI'),
(286, 105, 'Pistoia', 'PIT', 'PT'),
(287, 105, 'Pordenone', 'POR', 'PN'),
(288, 105, 'Potenza', 'PTZ', 'PZ'),
(289, 105, 'Prato', 'PRA', 'PO'),
(290, 105, 'Ragusa', 'RAG', 'RG'),
(291, 105, 'Ravenna', 'RAV', 'RA'),
(292, 105, 'Reggio Calabria', 'REG', 'RC'),
(293, 105, 'Reggio Emilia', 'REE', 'RE'),
(294, 105, 'Rieti', 'RIE', 'RI'),
(295, 105, 'Rimini', 'RIM', 'RN'),
(296, 105, 'Roma', 'ROM', 'RM'),
(297, 105, 'Rovigo', 'ROV', 'RO'),
(298, 105, 'Salerno', 'SAL', 'SA'),
(299, 105, 'Sassari', 'SAS', 'SS'),
(300, 105, 'Savona', 'SAV', 'SV'),
(301, 105, 'Siena', 'SIE', 'SI'),
(302, 105, 'Siracusa', 'SIR', 'SR'),
(303, 105, 'Sondrio', 'SOO', 'SO'),
(304, 105, 'Taranto', 'TAR', 'TA'),
(305, 105, 'Teramo', 'TER', 'TE'),
(306, 105, 'Terni', 'TRN', 'TR'),
(307, 105, 'Torino', 'TOR', 'TO'),
(308, 105, 'Trapani', 'TRA', 'TP'),
(309, 105, 'Trento', 'TRE', 'TN'),
(310, 105, 'Treviso', 'TRV', 'TV'),
(311, 105, 'Trieste', 'TRI', 'TS'),
(312, 105, 'Udine', 'UDI', 'UD'),
(313, 105, 'Varese', 'VAR', 'VA'),
(314, 105, 'Venezia', 'VEN', 'VE'),
(315, 105, 'Verbano Cusio Ossola', 'VCO', 'VB'),
(316, 105, 'Vercelli', 'VER', 'VC'),
(317, 105, 'Verona', 'VRN', 'VR'),
(318, 105, 'Vibo Valenzia', 'VIV', 'VV'),
(319, 105, 'Vicenza', 'VII', 'VI'),
(320, 105, 'Viterbo', 'VIT', 'VT'),
(321, 195, 'A Coruña', 'ACO', '15'),
(322, 195, 'Alava', 'ALA', '01'),
(323, 195, 'Albacete', 'ALB', '02'),
(324, 195, 'Alicante', 'ALI', '03'),
(325, 195, 'Almeria', 'ALM', '04'),
(326, 195, 'Asturias', 'AST', '33'),
(327, 195, 'Avila', 'AVI', '05'),
(328, 195, 'Badajoz', 'BAD', '06'),
(329, 195, 'Baleares', 'BAL', '07'),
(330, 195, 'Barcelona', 'BAR', '08'),
(331, 195, 'Burgos', 'BUR', '09'),
(332, 195, 'Caceres', 'CAC', '10'),
(333, 195, 'Cadiz', 'CAD', '11'),
(334, 195, 'Cantabria', 'CAN', '39'),
(335, 195, 'Castellon', 'CAS', '12'),
(336, 195, 'Ceuta', 'CEU', '51'),
(337, 195, 'Ciudad Real', 'CIU', '13'),
(338, 195, 'Cordoba', 'COR', '14'),
(339, 195, 'Cuenca', 'CUE', '16'),
(340, 195, 'Girona', 'GIR', '17'),
(341, 195, 'Granada', 'GRA', '18'),
(342, 195, 'Guadalajara', 'GUA', '19'),
(343, 195, 'Guipuzcoa', 'GUI', '20'),
(344, 195, 'Huelva', 'HUL', '21'),
(345, 195, 'Huesca', 'HUS', '22'),
(346, 195, 'Jaen', 'JAE', '23'),
(347, 195, 'La Rioja', 'LRI', '26'),
(348, 195, 'Las Palmas', 'LPA', '35'),
(349, 195, 'Leon', 'LEO', '24'),
(350, 195, 'Lleida', 'LLE', '25'),
(351, 195, 'Lugo', 'LUG', '27'),
(352, 195, 'Madrid', 'MAD', '28'),
(353, 195, 'Malaga', 'MAL', '29'),
(354, 195, 'Melilla', 'MEL', '52'),
(355, 195, 'Murcia', 'MUR', '30'),
(356, 195, 'Navarra', 'NAV', '31'),
(357, 195, 'Ourense', 'OUR', '32'),
(358, 195, 'Palencia', 'PAL', '34'),
(359, 195, 'Pontevedra', 'PON', '36'),
(360, 195, 'Salamanca', 'SAL', '37'),
(361, 195, 'Santa Cruz de Tenerife', 'SCT', '38'),
(362, 195, 'Segovia', 'SEG', '40'),
(363, 195, 'Sevilla', 'SEV', '41'),
(364, 195, 'Soria', 'SOR', '42'),
(365, 195, 'Tarragona', 'TAR', '43'),
(366, 195, 'Teruel', 'TER', '44'),
(367, 195, 'Toledo', 'TOL', '45'),
(368, 195, 'Valencia', 'VAL', '46'),
(369, 195, 'Valladolid', 'VLL', '47'),
(370, 195, 'Vizcaya', 'VIZ', '48'),
(371, 195, 'Zamora', 'ZAM', '49'),
(372, 195, 'Zaragoza', 'ZAR', '50'),
(373, 11, 'Aragatsotn', 'ARG', 'AG'),
(374, 11, 'Ararat', 'ARR', 'AR'),
(375, 11, 'Armavir', 'ARM', 'AV'),
(376, 11, 'Gegharkunik', 'GEG', 'GR'),
(377, 11, 'Kotayk', 'KOT', 'KT'),
(378, 11, 'Lori', 'LOR', 'LO'),
(379, 11, 'Shirak', 'SHI', 'SH'),
(380, 11, 'Syunik', 'SYU', 'SU'),
(381, 11, 'Tavush', 'TAV', 'TV'),
(382, 11, 'Vayots-Dzor', 'VAD', 'VD'),
(383, 11, 'Yerevan', 'YER', 'ER'),
(384, 99, 'Andaman & Nicobar Islands', 'ANI', 'AI'),
(385, 99, 'Andhra Pradesh', 'AND', 'AN'),
(386, 99, 'Arunachal Pradesh', 'ARU', 'AR'),
(387, 99, 'Assam', 'ASS', 'AS'),
(388, 99, 'Bihar', 'BIH', 'BI'),
(389, 99, 'Chandigarh', 'CHA', 'CA'),
(390, 99, 'Chhatisgarh', 'CHH', 'CH'),
(391, 99, 'Dadra & Nagar Haveli', 'DAD', 'DD'),
(392, 99, 'Daman & Diu', 'DAM', 'DA'),
(393, 99, 'Delhi', 'DEL', 'DE'),
(394, 99, 'Goa', 'GOA', 'GO'),
(395, 99, 'Gujarat', 'GUJ', 'GU'),
(396, 99, 'Haryana', 'HAR', 'HA'),
(397, 99, 'Himachal Pradesh', 'HIM', 'HI'),
(398, 99, 'Jammu & Kashmir', 'JAM', 'JA'),
(399, 99, 'Jharkhand', 'JHA', 'JH'),
(400, 99, 'Karnataka', 'KAR', 'KA'),
(401, 99, 'Kerala', 'KER', 'KE'),
(402, 99, 'Lakshadweep', 'LAK', 'LA'),
(403, 99, 'Madhya Pradesh', 'MAD', 'MD'),
(404, 99, 'Maharashtra', 'MAH', 'MH'),
(405, 99, 'Manipur', 'MAN', 'MN'),
(406, 99, 'Meghalaya', 'MEG', 'ME'),
(407, 99, 'Mizoram', 'MIZ', 'MI'),
(408, 99, 'Nagaland', 'NAG', 'NA'),
(409, 99, 'Orissa', 'ORI', 'OR'),
(410, 99, 'Pondicherry', 'PON', 'PO'),
(411, 99, 'Punjab', 'PUN', 'PU'),
(412, 99, 'Rajasthan', 'RAJ', 'RA'),
(413, 99, 'Sikkim', 'SIK', 'SI'),
(414, 99, 'Tamil Nadu', 'TAM', 'TA'),
(415, 99, 'Tripura', 'TRI', 'TR'),
(416, 99, 'Uttaranchal', 'UAR', 'UA'),
(417, 99, 'Uttar Pradesh', 'UTT', 'UT'),
(418, 99, 'West Bengal', 'WES', 'WE'),
(419, 101, 'Ahmadi va Kohkiluyeh', 'BOK', 'BO'),
(420, 101, 'Ardabil', 'ARD', 'AR'),
(421, 101, 'Azarbayjan-e Gharbi', 'AZG', 'AG'),
(422, 101, 'Azarbayjan-e Sharqi', 'AZS', 'AS'),
(423, 101, 'Bushehr', 'BUS', 'BU'),
(424, 101, 'Chaharmahal va Bakhtiari', 'CMB', 'CM'),
(425, 101, 'Esfahan', 'ESF', 'ES'),
(426, 101, 'Fars', 'FAR', 'FA'),
(427, 101, 'Gilan', 'GIL', 'GI'),
(428, 101, 'Gorgan', 'GOR', 'GO'),
(429, 101, 'Hamadan', 'HAM', 'HA'),
(430, 101, 'Hormozgan', 'HOR', 'HO'),
(431, 101, 'Ilam', 'ILA', 'IL'),
(432, 101, 'Kerman', 'KER', 'KE'),
(433, 101, 'Kermanshah', 'BAK', 'BA'),
(434, 101, 'Khorasan-e Junoubi', 'KHJ', 'KJ'),
(435, 101, 'Khorasan-e Razavi', 'KHR', 'KR'),
(436, 101, 'Khorasan-e Shomali', 'KHS', 'KS'),
(437, 101, 'Khuzestan', 'KHU', 'KH'),
(438, 101, 'Kordestan', 'KOR', 'KO'),
(439, 101, 'Lorestan', 'LOR', 'LO'),
(440, 101, 'Markazi', 'MAR', 'MR'),
(441, 101, 'Mazandaran', 'MAZ', 'MZ'),
(442, 101, 'Qazvin', 'QAS', 'QA'),
(443, 101, 'Qom', 'QOM', 'QO'),
(444, 101, 'Semnan', 'SEM', 'SE'),
(445, 101, 'Sistan va Baluchestan', 'SBA', 'SB'),
(446, 101, 'Tehran', 'TEH', 'TE'),
(447, 101, 'Yazd', 'YAZ', 'YA'),
(448, 101, 'Zanjan', 'ZAN', 'ZA');

-- --------------------------------------------------------

--
-- Table structure for table`jos_vm_tax_rate`
--

CREATE TABLE `jos_vm_tax_rate` (
  `tax_rate_id` int(11) NOT NULL AUTO_INCREMENT,
  `vendor_id` int(11) DEFAULT NULL,
  `tax_state` varchar(64) DEFAULT NULL,
  `tax_country` varchar(64) DEFAULT NULL,
  `mdate` int(11) DEFAULT NULL,
  `tax_rate` decimal(10,5) DEFAULT NULL,
  PRIMARY KEY (`tax_rate_id`),
  KEY `idx_tax_rate_vendor_id` (`vendor_id`)
) ENGINE=MyISAM  DEFAULT CHARSET=latin1 COMMENT='The tax rates for your store' AUTO_INCREMENT=3 ;

--
-- Dumping data for table 'jos_vm_tax_rate'
--

INSERT INTO `jos_vm_tax_rate` VALUES
(2, 1, 'CA', 'USA', 964565926, 0.09750);

-- --------------------------------------------------------

--
-- Table structure for table`jos_vm_userfield`
--

CREATE TABLE `jos_vm_userfield` (
  `fieldid` int(11) NOT NULL AUTO_INCREMENT,
  `name` varchar(50) NOT NULL DEFAULT '',
  `title` varchar(255) NOT NULL,
  `description` mediumtext NOT NULL,
  `type` varchar(50) NOT NULL DEFAULT '',
  `maxlength` int(11) DEFAULT NULL,
  `size` int(11) DEFAULT NULL,
  `required` tinyint(4) DEFAULT '0',
  `ordering` int(11) DEFAULT NULL,
  `cols` int(11) DEFAULT NULL,
  `rows` int(11) DEFAULT NULL,
  `value` varchar(50) DEFAULT NULL,
  `default` int(11) DEFAULT NULL,
  `published` tinyint(1) NOT NULL DEFAULT '1',
  `registration` tinyint(1) NOT NULL DEFAULT '0',
  `shipping` tinyint(1) NOT NULL DEFAULT '0',
  `account` tinyint(1) NOT NULL DEFAULT '1',
  `readonly` tinyint(1) NOT NULL DEFAULT '0',
  `calculated` tinyint(1) NOT NULL DEFAULT '0',
  `sys` tinyint(4) NOT NULL DEFAULT '0',
  `vendor_id` int(11) DEFAULT NULL,
  `params` mediumtext,
  PRIMARY KEY (`fieldid`)
) ENGINE=MyISAM  DEFAULT CHARSET=latin1 COMMENT='Holds the fields for the user information' AUTO_INCREMENT=36 ;



-- --------------------------------------------------------

--
-- Table structure for table`jos_vm_userfield_values`
--

CREATE TABLE `jos_vm_userfield_values` (
  `fieldvalueid` int(11) NOT NULL AUTO_INCREMENT,
  `fieldid` int(11) NOT NULL DEFAULT '0',
  `fieldtitle` varchar(255) NOT NULL DEFAULT '',
  `fieldvalue` varchar(255) NOT NULL,
  `ordering` int(11) NOT NULL DEFAULT '0',
  `sys` tinyint(4) NOT NULL DEFAULT '0',
  PRIMARY KEY (`fieldvalueid`)
) ENGINE=MyISAM  DEFAULT CHARSET=latin1 COMMENT='Holds the different values for dropdown and radio lists' AUTO_INCREMENT=4 ;

--
-- Dumping data for table 'jos_vm_userfield_values'
--

INSERT INTO `jos_vm_userfield_values` VALUES
(1, 25, 'PHPSHOP_ACCOUNT_LBL_ACCOUNT_TYPE_BUSINESSCHECKING', 'Checking', 1, 1),
(2, 25, 'PHPSHOP_ACCOUNT_LBL_ACCOUNT_TYPE_CHECKING', 'Business Checking', 2, 1),
(3, 25, 'PHPSHOP_ACCOUNT_LBL_ACCOUNT_TYPE_SAVINGS', 'Savings', 3, 1);

-- --------------------------------------------------------

--
-- Table structure for table`jos_vm_user_info`
--

CREATE TABLE `jos_vm_user_info` (
  `user_info_id` varchar(32) NOT NULL DEFAULT '',
  `user_id` int(11) NOT NULL DEFAULT '0',
  `address_type` char(2) DEFAULT NULL,
  `address_type_name` varchar(32) DEFAULT NULL,
  `company` varchar(64) DEFAULT NULL,
  `title` varchar(32) DEFAULT NULL,
  `last_name` varchar(32) DEFAULT NULL,
  `first_name` varchar(32) DEFAULT NULL,
  `middle_name` varchar(32) DEFAULT NULL,
  `phone_1` varchar(32) DEFAULT NULL,
  `phone_2` varchar(32) DEFAULT NULL,
  `fax` varchar(32) DEFAULT NULL,
  `address_1` varchar(64) NOT NULL DEFAULT '',
  `address_2` varchar(64) DEFAULT NULL,
  `city` varchar(32) NOT NULL DEFAULT '',
  `state` varchar(32) NOT NULL DEFAULT '',
  `country` varchar(32) NOT NULL DEFAULT 'US',
  `zip` varchar(32) NOT NULL DEFAULT '',
  `user_email` varchar(255) DEFAULT NULL,
  `extra_field_1` varchar(255) DEFAULT NULL,
  `extra_field_2` varchar(255) DEFAULT NULL,
  `extra_field_3` varchar(255) DEFAULT NULL,
  `extra_field_4` char(1) DEFAULT NULL,
  `extra_field_5` char(1) DEFAULT NULL,
  `cdate` int(11) DEFAULT NULL,
  `mdate` int(11) DEFAULT NULL,
  `perms` varchar(40) NOT NULL DEFAULT 'shopper',
  `bank_account_nr` varchar(32) NOT NULL DEFAULT '',
  `bank_name` varchar(32) NOT NULL DEFAULT '',
  `bank_sort_code` varchar(16) NOT NULL DEFAULT '',
  `bank_iban` varchar(64) NOT NULL DEFAULT '',
  `bank_account_holder` varchar(48) NOT NULL DEFAULT '',
  `bank_account_type` enum('Checking','Business Checking','Savings') NOT NULL DEFAULT 'Checking',
  PRIMARY KEY (`user_info_id`),
  KEY `idx_user_info_user_id` (`user_id`)
) ENGINE=MyISAM DEFAULT CHARSET=latin1 COMMENT='Customer Information, BT = BillTo and ST = ShipTo';

--
-- Dumping data for table 'jos_vm_user_info'
--

INSERT INTO `jos_vm_user_info` VALUES
('d8f9e6668c2f56e795d01a7dcba850ec', 62, 'BT', NULL, NULL, NULL, NULL, NULL, NULL, NULL, NULL, NULL, '', NULL, '', '', 'US', '', 'admin@boredbrains.net', NULL, NULL, NULL, NULL, NULL, 1290378663, 1292993323, 'shopper', '', '', '', '', '', 'Checking'),
('0ecc4d6d2901d726af3be579fd7e1102', 63, 'BT', NULL, NULL, NULL, NULL, NULL, NULL, NULL, NULL, NULL, '', NULL, '', '', 'US', '', 'benreag@yahoo.com', NULL, NULL, NULL, NULL, NULL, 1290409373, 0, 'shopper', '', '', '', '', '', 'Checking'),
('93df46e0ef1f4d8f8e7c8c1e8370d8eb', 64, 'BT', NULL, NULL, NULL, NULL, NULL, NULL, NULL, NULL, NULL, '', NULL, '', '', 'US', '', 'daniel@moquinpress.com', NULL, NULL, NULL, NULL, NULL, 1290447347, 0, 'shopper', '', '', '', '', '', 'Checking'),
('15eb565d7e4e84ed704c22376f928e61', 65, 'BT', NULL, NULL, NULL, NULL, NULL, NULL, NULL, NULL, NULL, '', NULL, '', '', 'US', '', 'rhys@myredrabbit.com', NULL, NULL, NULL, NULL, NULL, 1290449959, 0, 'shopper', '', '', '', '', '', 'Checking'),
('61f8e79c2b3c370604e76eb2a97c6970', 66, 'BT', NULL, NULL, NULL, NULL, NULL, NULL, NULL, NULL, NULL, '', NULL, '', '', 'US', '', 'newtalk@sbcglobal.net', NULL, NULL, NULL, NULL, NULL, 1291595099, 0, 'shopper', '', '', '', '', '', 'Checking');

-- --------------------------------------------------------

--
-- Table structure for table`jos_vm_vendor`
--

CREATE TABLE `jos_vm_vendor` (
  `vendor_id` int(11) NOT NULL AUTO_INCREMENT,
  `vendor_name` varchar(64) DEFAULT NULL,
  `contact_last_name` varchar(32) NOT NULL DEFAULT '',
  `contact_first_name` varchar(32) NOT NULL DEFAULT '',
  `contact_middle_name` varchar(32) DEFAULT NULL,
  `contact_title` varchar(32) DEFAULT NULL,
  `contact_phone_1` varchar(32) NOT NULL DEFAULT '',
  `contact_phone_2` varchar(32) DEFAULT NULL,
  `contact_fax` varchar(32) DEFAULT NULL,
  `contact_email` varchar(255) DEFAULT NULL,
  `vendor_phone` varchar(32) DEFAULT NULL,
  `vendor_address_1` varchar(64) NOT NULL DEFAULT '',
  `vendor_address_2` varchar(64) DEFAULT NULL,
  `vendor_city` varchar(32) NOT NULL DEFAULT '',
  `vendor_state` varchar(32) NOT NULL DEFAULT '',
  `vendor_country` varchar(32) NOT NULL DEFAULT 'US',
  `vendor_zip` varchar(32) NOT NULL DEFAULT '',
  `vendor_store_name` varchar(128) NOT NULL DEFAULT '',
  `vendor_store_desc` text,
  `vendor_category_id` int(11) DEFAULT NULL,
  `vendor_thumb_image` varchar(255) DEFAULT NULL,
  `vendor_full_image` varchar(255) DEFAULT NULL,
  `vendor_currency` varchar(16) DEFAULT NULL,
  `cdate` int(11) DEFAULT NULL,
  `mdate` int(11) DEFAULT NULL,
  `vendor_image_path` varchar(255) DEFAULT NULL,
  `vendor_terms_of_service` text NOT NULL,
  `vendor_url` varchar(255) NOT NULL DEFAULT '',
  `vendor_min_pov` decimal(10,2) DEFAULT NULL,
  `vendor_freeshipping` decimal(10,2) NOT NULL DEFAULT '0.00',
  `vendor_currency_display_style` varchar(64) NOT NULL DEFAULT '',
  `vendor_accepted_currencies` text NOT NULL,
  `vendor_address_format` text NOT NULL,
  `vendor_date_format` varchar(255) NOT NULL,
  PRIMARY KEY (`vendor_id`),
  KEY `idx_vendor_name` (`vendor_name`),
  KEY `idx_vendor_category_id` (`vendor_category_id`)
) ENGINE=MyISAM  DEFAULT CHARSET=latin1 COMMENT='Vendors manage their products in your store' AUTO_INCREMENT=2 ;

--
-- Dumping data for table 'jos_vm_vendor'
--

INSERT INTO `jos_vm_vendor` VALUES
(1, 'Washupito''s Tiendita', 'Owner', 'Demo', 'Store', 'Mr.', '555-555-1212', '555-555-1212', '555-555-1212', 'admin@boredbrains.net', '555-555-1212', '100 Washupito Avenue, N.W.', '', 'Lake Forest', 'CA', 'USA', '92630', 'Washupito''s Tiendita', '<p>We have the best tools for do-it-yourselfers.  Check us out! </p>\r\n		<p>We were established in 1969 in a time when getting good tools was expensive, but the quality was good.  Now that only a select few of those authentic tools survive, we have dedicated this store to bringing the experience alive for collectors and master mechanics everywhere.</p>\r\n		<p>You can easily find products selecting the category you would like to browse above.</p>', 0, '', 'c19970d6f2970cb0d1b13bea3af3144a.gif', 'USD', 950302468, 968309845, 'shop_image/', '<h5>You haven''t configured any terms of service yet. Click <a href=administrator/index2.php?page=store.store_form&option=com_virtuemart>here</a> to change this text.</h5>', 'http://boredbrains.net/dir', 0.00, 0.00, '1|$|2|.| |2|1', 'USD', '{storename}\n{address_1}\n{address_2}\n{city}, {zip}', '%A, %d %B %Y %H:%M');

-- --------------------------------------------------------

--
-- Table structure for table`jos_vm_vendor_category`
--

CREATE TABLE `jos_vm_vendor_category` (
  `vendor_category_id` int(11) NOT NULL AUTO_INCREMENT,
  `vendor_category_name` varchar(64) DEFAULT NULL,
  `vendor_category_desc` text,
  PRIMARY KEY (`vendor_category_id`),
  KEY `idx_vendor_category_category_name` (`vendor_category_name`)
) ENGINE=MyISAM  DEFAULT CHARSET=latin1 COMMENT='The categories that vendors are assigned to' AUTO_INCREMENT=7 ;

--
-- Dumping data for table 'jos_vm_vendor_category'
--

INSERT INTO `jos_vm_vendor_category` VALUES
(6, '-default-', 'Default');

-- --------------------------------------------------------

--
-- Table structure for table`jos_vm_waiting_list`
--

CREATE TABLE `jos_vm_waiting_list` (
  `waiting_list_id` int(11) NOT NULL AUTO_INCREMENT,
  `product_id` int(11) NOT NULL DEFAULT '0',
  `user_id` int(11) NOT NULL DEFAULT '0',
  `notify_email` varchar(150) NOT NULL DEFAULT '',
  `notified` enum('0','1') DEFAULT '0',
  `notify_date` timestamp NOT NULL DEFAULT CURRENT_TIMESTAMP ON UPDATE CURRENT_TIMESTAMP,
  PRIMARY KEY (`waiting_list_id`),
  KEY `product_id` (`product_id`),
  KEY `notify_email` (`notify_email`)
) ENGINE=MyISAM DEFAULT CHARSET=latin1 COMMENT='Stores notifications, users waiting f. products out of stock' AUTO_INCREMENT=1 ;

-- --------------------------------------------------------

--
-- Table structure for table`jos_vm_zone_shipping`
--

CREATE TABLE `jos_vm_zone_shipping` (
  `zone_id` int(11) NOT NULL AUTO_INCREMENT,
  `zone_name` varchar(255) DEFAULT NULL,
  `zone_cost` decimal(10,2) DEFAULT NULL,
  `zone_limit` decimal(10,2) DEFAULT NULL,
  `zone_description` text NOT NULL,
  `zone_tax_rate` int(11) NOT NULL DEFAULT '0',
  PRIMARY KEY (`zone_id`)
) ENGINE=MyISAM  DEFAULT CHARSET=latin1 COMMENT='The Zones managed by the Zone Shipping Module' AUTO_INCREMENT=5 ;

--
-- Dumping data for table 'jos_vm_zone_shipping'
--

INSERT INTO `jos_vm_zone_shipping` VALUES
(1, 'Default', 6.00, 35.00, 'This is the default Shipping Zone. This is the zone information that all countries will use until you assign each individual country to a Zone.', 2),
(2, 'Zone 1', 1000.00, 10000.00, 'This is a zone example', 2),
(3, 'Zone 2', 2.00, 22.00, 'This is the second zone. You can use this for notes about this zone', 2),
(4, 'Zone 3', 11.00, 64.00, 'Another usefull thing might be details about this zone or special instructions.', 2);

-- --------------------------------------------------------

--
-- Table structure for table`jos_weblinks`
--

CREATE TABLE `jos_weblinks` (
  `id` int(11) unsigned NOT NULL AUTO_INCREMENT,
  `catid` int(11) NOT NULL DEFAULT '0',
  `sid` int(11) NOT NULL DEFAULT '0',
  `title` varchar(250) NOT NULL DEFAULT '',
  `alias` varchar(255) NOT NULL DEFAULT '',
  `url` varchar(250) NOT NULL DEFAULT '',
  `description` text NOT NULL,
  `date` datetime NOT NULL DEFAULT '0000-00-00 00:00:00',
  `hits` int(11) NOT NULL DEFAULT '0',
  `published` tinyint(1) NOT NULL DEFAULT '0',
  `checked_out` int(11) NOT NULL DEFAULT '0',
  `checked_out_time` datetime NOT NULL DEFAULT '0000-00-00 00:00:00',
  `ordering` int(11) NOT NULL DEFAULT '0',
  `archived` tinyint(1) NOT NULL DEFAULT '0',
  `approved` tinyint(1) NOT NULL DEFAULT '1',
  `params` text NOT NULL,
  PRIMARY KEY (`id`),
  KEY `catid` (`catid`,`published`,`archived`)
) ENGINE=MyISAM DEFAULT CHARSET=utf8 AUTO_INCREMENT=1 ;

-- --------------------------------------------------------

